{"id":858,"date":"2014-01-06T04:57:37","date_gmt":"2014-01-06T04:57:37","guid":{"rendered":"https:\/\/obcina.rogatec.si\/?page_id=858"},"modified":"2024-11-19T13:17:14","modified_gmt":"2024-11-19T12:17:14","slug":"obcinski-nagrajenci","status":"publish","type":"page","link":"https:\/\/obcina.rogatec.si\/o-obcini\/obcinski-nagrajenci\/","title":{"rendered":"Ob\u010dinski nagrajenci"},"content":{"rendered":"<p><strong>SEZNAM DOBITNIKOV PRIZNANJ OB\u010cINE ROGATEC V \u010cASU OD LETA 1995 &#8211; 2018<\/strong><\/p>\n<p><strong>LETO 1995<\/strong><br \/>\nPLAKETA OB\u010cINE ROGATEC: Podjetje EMKOR d.o.o., Rogatec<br \/>\nPRIZNANJE OB\u010cINE ROGATEC: g. Ivan KRKLEC<br \/>\nPRIZNANJE OB\u010cINE ROGATEC: g. Franc \u017dERDONER<br \/>\nDENARNA NAGRADA: Prostovoljno gasilsko dru\u0161tvo Rogatec<br \/>\nDENARNA NAGRADA: Malonogometni klub Dobovec<\/p>\n<p><strong>LETO 1996<\/strong><br \/>\nPLAKETA OB\u010cINE ROGATEC: g. Andrej GROBELNIK<br \/>\nPLAKETA OB\u010cINE ROGATEC: g. Jo\u017ee MASERA<br \/>\nPRIZNANJE OB\u010cINE ROGATEC: Dru\u0161tvo za napredek \u017eena Rogatec<br \/>\nDENARNA NAGRADA: Lutkovna skupina \u00bbPavliha\u00ab, Rogatec<br \/>\nDENARNA NAGRADA: Prostovoljno gasilsko dru\u0161tvo Dona\u010dka Gora<br \/>\nDENARNA NAGRADA: Nogometni klub Mons Claudius<\/p>\n<p><strong>LETO 1997<\/strong><br \/>\nPLAKETA Ob\u010dine Rogatec: g. Franci \u017dERAK<br \/>\nPRIZNANJE Ob\u010dine Rogatec: g. Alojz VRTNIK<br \/>\nPRIZNANJE Ob\u010dine Rogatec: g. Andrej POLAJ\u017dER<br \/>\nDENARNA NAGRADA: Folklorna skupina Rogatec<br \/>\nDENARNA NAGRADA: Prostovoljno gasilsko dru\u0161tvo Dobovec<\/p>\n<p><strong>LETO 1998<\/strong><br \/>\nPLAKETA Ob\u010dine Rogatec: g. Bla\u017e TEPE\u0160<br \/>\nPRIZNANJE Ob\u010dine Rogatec: Turisti\u010dno dru\u0161tvo Rogatec<br \/>\nDENARNA NAGRADA: Tambura\u0161ka skupina KD \u00bbAnton Stefanciosa\u00ab Rogatec<\/p>\n<p><strong>LETO 1999<\/strong><br \/>\nPLAKETA OB\u010cINE ROGATEC: GORENJE, d. d., Velenje<br \/>\nPRIZNANJE OB\u010cINE ROGATEC: vokalna skupina KVARTET ROGATEC<br \/>\nPRIZNANJE OB\u010cINE ROGATEC: glasbena skupina Mi2<br \/>\nDENARNA NAGRADA: LJUDSKE PEVKE, Rogatec<\/p>\n<p><strong>LETO 2000<\/strong><br \/>\nNaziv \u010cASTNI OB\u010cAN: pesnik g. Jo\u017ee \u0160MIT<br \/>\nPLAKETA OB\u010cINE ROGATEC: ga. Marija LEBI\u010c<br \/>\nPRIZNANJE OB\u010cINE ROGATEC: ga. Marija MIKOLI\u010c \u00bbVRTNARSTVO\u00ab, Rogatec<br \/>\nPRIZNANJE OB\u010cINE ROGATEC: g. Jo\u017ee NOVAK<br \/>\nDENARNA NAGRADA: Vinogradni\u0161ko dru\u0161tvo \u00bbGORCA\u00ab<\/p>\n<p><strong>LETO 2001<\/strong><br \/>\nNaziv \u010cASTNI OB\u010cAN: dr. Anton STRES<br \/>\nPLAKETA OB\u010cINE ROGATEC: Prostovoljno gasilsko dru\u0161tvo Rogatec<br \/>\nPRIZNANJE OB\u010cINE ROGATEC: ga. Anica KRU\u0160I\u010c<br \/>\nPRIZNANJE OB\u010cINE ROGATEC: g. Peter MARIN<br \/>\nDENARNA NAGRADA: Dru\u0161tvo \u017eena Dona\u010dka Gora<\/p>\n<p><strong>LETO 2002<\/strong><br \/>\nPLAKETA OB\u010cINE ROGATEC: Planinsko dru\u0161tvo \u00bbSloga\u00ab, Rogatec<br \/>\nPLAKETA OB\u010cINE ROGATEC: g. Franc KRAJNC, direktor Gorenjevega obrata Mekom v Rogatcu<br \/>\nPRIZNANJE OB\u010cINE ROGATEC: ga. Metka KODRI\u010c<br \/>\nPRIZNANJE OB\u010cINE ROGATEC: dru\u0161tvo Mladi forum, Rogatec<br \/>\nPRIZNANJE OB\u010cINE ROGATEC: g. Sre\u010dko KITAK<br \/>\nDENARNA NAGRADA: Dru\u0161tvo upokojencev Rogatec<\/p>\n<p><strong>LETO 2003<\/strong><br \/>\nPLAKETA OB\u010cINE ROGATEC: Slovenske \u017eeleznice, \u017delezni\u0161ka postaja Rogatec<br \/>\nPRIZNANJE OB\u010cINE ROGATEC: g. Zvonko VRA\u017dI\u0106<br \/>\nPRIZNANJE OB\u010cINE ROGATEC: ga. Ru\u017ea \u010cOBI\u0106<br \/>\nDENARNA NAGRADA: Lovska dru\u017eina Rogatec<br \/>\nDENARNA NAGRADA: Konjeni\u0161ki klub Strmol, Rogatec<\/p>\n<p><strong>LETO 2004<\/strong><br \/>\nPRIZNANJE OB\u010cINE ROGATEC: ga. Erna FERJANI\u010c FRIC<br \/>\nPRIZNANJE OB\u010cINE ROGATEC: ga. Zlata POLAJ\u017dER<br \/>\nDENARNA NAGRADA: Folklorna skupina KD \u00bbAnton Stefanciosa\u00ab Rogatec<br \/>\nDENARNA NAGRADA: PGD Dona\u010dka Gora<\/p>\n<p><strong>LETO 2005<\/strong><br \/>\nPLAKETA OB\u010cINE ROGATEC: ga. Anica LON\u010cAR, dr. med.<br \/>\nPRIZNANJE OB\u010cINE ROGATEC: mag. Fran\u010di\u0161ka \u0160KRABL MO\u010cNIK, dr.med.<br \/>\nPRIZNANJE OB\u010cINE ROGATEC: g. Anton BUK\u0160EK<br \/>\nDENARNA NAGRADA: PGD Dobovec<\/p>\n<p><strong>LETO 2006<\/strong><br \/>\nPLAKETA OB\u010cINE ROGATEC: mag. Josip KUNEJ<br \/>\nPRIZNANJE OB\u010cINE ROGATEC: g. Igor PRAH<br \/>\nPRIZNANJE OB\u010cINE ROGATEC: g. Jo\u017eef MORDEJ<br \/>\nDENARNA NAGRADA: PD Sloga Rogatec<\/p>\n<p><strong>LETO 2007<\/strong><br \/>\nPLAKETA OB\u010cINE ROGATEC: g. Jo\u017eef POLAJ\u017dER<br \/>\nPRIZNANJE OB\u010cINE ROGATEC: ga. Margareta KRIVEC<br \/>\nDENARNA NAGRADA: Tenis klub Rogatec<br \/>\n<strong>DENARNA NAGRADA: PGD Rogatec<\/strong><\/p>\n<p><strong>LETO 2008<\/strong><br \/>\nPLAKETA OB\u010cINE ROGATEC: g. Vlado PU\u0160AVER<br \/>\nPRIZNANJE OB\u010cINE ROGATEC: g. Branimir HERNAVS<br \/>\nDENARNA NAGRADA: Dru\u0161tvo mladih za napredek in razvoj Rogatca<\/p>\n<p><strong>LETO 2009<\/strong><br \/>\nPLAKETA OB\u010cINE ROGATEC: PETEK d.o.o.<br \/>\nPRIZNANJE OB\u010cINE ROGATEC: ga. Hilda OZVALDI\u010c<br \/>\nDENARNA NAGRADA: Ribi\u0161ko dru\u0161tvo Rogatec<\/p>\n<p><strong>LETO 2010<\/strong><br \/>\nPLAKETA OB\u010cINE ROGATEC: \u010cebelarsko dru\u0161tvo Rogatec<br \/>\nPLAKETA OB\u010cINE ROGATEC: g. Velimir NOVAK<br \/>\nPRIZNANJE OB\u010cINE ROGATEC: ga. Ivana PASARI\u010cEK<br \/>\nDENARNA NAGRADA: Dru\u0161tvo \u017eena ob\u010dine Rogatec<\/p>\n<p><strong>LETO 2011<\/strong><br \/>\nPLAKETA OB\u010cINE ROGATEC: g. Kristan KOTNIK<br \/>\nPRIZNANJE OB\u010cINE ROGATEC: ga. Polona MIKOLI\u010c<br \/>\nDENARNA NAGRADA: Dru\u0161tvo ro\u010dnih mo\u017enaristov Rogatec-Roga\u0161ka<\/p>\n<p><strong>LETO 2012<\/strong><br \/>\nPLAKETA OB\u010cINE ROGATEC: g. Pavel STRAJN<br \/>\nPRIZNANJE OB\u010cINE ROGATEC: KMN Dobovec (U18, U21)<br \/>\nDENARNA NAGRADA: Tenis klub Rogatec<\/p>\n<p><strong>LETO 2013<\/strong><br \/>\nPLAKETA OB\u010cINE ROGATEC: ga. Ru\u017ea \u010cOBI\u0106<br \/>\nPRIZNANJE OB\u010cINE ROGATEC: ga. Nata\u0161a NOVAK<br \/>\nDENARNA NAGRADA: Dru\u0161tvo kme\u010dkih \u017eena Sv. Rok<\/p>\n<p><strong>LETO 2014<\/strong><br \/>\nPLAKETA OB\u010cINE ROGATEC: g. Vincenc BELE<br \/>\nPRIZNANJE OB\u010cINE ROGATEC: ga. Marjeta BABI\u010c<br \/>\nDENARNA NAGRADA: \u0160portno dru\u0161tvo Gamsi \u017dahenberc<\/p>\n<p><strong>LETO 2015<\/strong><br \/>\nPLAKETA OB\u010cINE ROGATEC: g. Vladimir VEKI\u0106<br \/>\nPLAKETA OB\u010cINE ROGATEC: Klub malega nogometa Dobovec<br \/>\nPRIZNANJE OB\u010cINE ROGATEC: g. Ivan FIRER ml.<br \/>\nDENARNA NAGRADA: Prostovoljno gasilsko dru\u0161tvo Dona\u010dka Gora<\/p>\n<p><strong>LETO 2016<\/strong><br \/>\nPLAKETA OB\u010cINE ROGATEC: glasbena skupina Mi2<br \/>\nPLAKETA OB\u010cINE ROGATEC: ga. Margareta KRIVEC<br \/>\nPRIZNANJE OB\u010cINE ROGATEC: ga. Majda KRAMBERGER<br \/>\nDENARNA NAGRADA: Prostovoljno gasilsko dru\u0161tvo Dobovec pri Rogatcu<\/p>\n<p><strong>LETO 2017<\/strong><br \/>\nPLAKETA OB\u010cINE ROGATEC: Kulturno dru\u0161tvo Aplavz Rogatec<br \/>\nPLAKETA OB\u010cINE ROGATEC: Ivan Fer\u010dec s.p.<br \/>\nPRIZNANJE OB\u010cINE ROGATEC: Nad\u017eupnijska Karitas Rogatec<br \/>\nDENARNA NAGRADA: Ribi\u0161ko dru\u0161tvo Rogatec<\/p>\n<p><strong>LETO 2018<\/strong><br \/>\nPLAKETA OB\u010cINE ROGATEC: ga. Jo\u017eica BREZIN\u0160\u010cAK<br \/>\nPLAKETA OB\u010cINE ROGATEC: g. Zvonko VRA\u017dI\u0106<br \/>\nPRIZNANJE OB\u010cINE ROGATEC: Konjeni\u0161ki klub Strmol<br \/>\nDENARNA NAGRADA: Lovska dru\u017eina Rogatec<\/p>\n<p><strong>LETO 2019<\/strong><br \/>\nPLAKETA OB\u010cINE ROGATEC: g. Zvonimir Bla\u017eun \u2013 dru\u017einsko podjetje PUBY LAND d.o.o.<br \/>\nPRIZNANJE OB\u010cINE ROGATEC: Ansambel Venus<br \/>\nPRIZNANJE OB\u010cINE ROGATEC: g. Martin \u0160LAMBERGER<br \/>\nDENARNA NAGRADA: Me\u0161ani pevski zbor Kulturnega dru\u0161tva Anton Stefanciosa Rogatec<\/p>\n<p><strong>LETO 2020<\/strong><br \/>\nPLAKETA: JAGROS d.o.o.<br \/>\nPRIZNANJE OB\u010cINE ROGATEC: Civilna za\u0161\u010dita ob\u010dine Rogatec<br \/>\nDENARNA NAGRADA: \u010cebelarsko dru\u0161tvo Rogatec<\/p>\n<p><strong>LETO 2021<\/strong><br \/>\nPLAKETA: g. Marjan Jutri\u0161a in dru\u017einsko podjetje Marka d.o.o. Rogatec<br \/>\nPRIZNANJE OB\u010cINE ROGATEC: g. Alojz Grabrovec<br \/>\nDENARNA NAGRADA: Jadralno padalski klub Dona\u010dka gora<\/p>\n<p><strong>LETO 2022<\/strong><br \/>\nPLAKETA: podjetje GOL d.o.o.<br \/>\nPRIZNANJE OB\u010cINE ROGATEC: g. Yao Simon Koffi<br \/>\nDENARNA NAGRADA: Mladinsko dru\u0161tvo Rogatec<\/p>\n<p><strong>LETO 2023<\/strong><br \/>\nPLAKETA: g. Rok Mordej<br \/>\nPRIZNANJE OB\u010cINE ROGATEC: g. Harold Kri\u017eanec<br \/>\nDENARNA NAGRADA: Dru\u0161tvo likovnikov Rogatec<\/p>\n<p><strong>LETO 2024<\/strong><br \/>\nNaziv \u010cASTNI OB\u010cAN: g. Andrej Grobelnik, nad\u017eupnik Nad\u017eupnije Rogatec<br \/>\nPLAKETA: ga. Gordana Drimel, direktorica Doma upokojencev \u0160marje pri Jel\u0161ah<br \/>\nPRIZNANJE OB\u010cINE ROGATEC: g. Du\u0161an Vuk<br \/>\nDENARNA NAGRADA: Dru\u0161tvo upokojencev Rogatec<\/p>\n<p>&nbsp;<\/p>\n","protected":false},"excerpt":{"rendered":"<p>SEZNAM DOBITNIKOV PRIZNANJ OB\u010cINE ROGATEC V \u010cASU OD LETA 1995 &#8211; 2018 LETO 1995 PLAKETA OB\u010cINE ROGATEC: Podjetje EMKOR d.o.o., Rogatec PRIZNANJE OB\u010cINE ROGATEC: g. Ivan KRKLEC PRIZNANJE OB\u010cINE ROGATEC: g. Franc \u017dERDONER DENARNA NAGRADA: Prostovoljno gasilsko dru\u0161tvo Rogatec DENARNA NAGRADA: Malonogometni klub Dobovec LETO 1996 PLAKETA OB\u010cINE ROGATEC: g. Andrej GROBELNIK PLAKETA OB\u010cINE ROGATEC: [&hellip;]<\/p>\n","protected":false},"author":1,"featured_media":0,"parent":2,"menu_order":5,"comment_status":"closed","ping_status":"closed","template":"","meta":{"_uag_custom_page_level_css":"","footnotes":""},"class_list":["post-858","page","type-page","status-publish","hentry"],"yoast_head":"<!-- This site is optimized with the Yoast SEO plugin v27.2 - https:\/\/yoast.com\/product\/yoast-seo-wordpress\/ -->\n<title>Ob\u010dinski nagrajenci - Ob\u010dina Rogatec<\/title>\n<meta name=\"robots\" content=\"index, follow, max-snippet:-1, max-image-preview:large, max-video-preview:-1\" \/>\n<link rel=\"canonical\" href=\"https:\/\/obcina.rogatec.si\/o-obcini\/obcinski-nagrajenci\/\" \/>\n<meta property=\"og:locale\" content=\"sl_SI\" \/>\n<meta property=\"og:type\" content=\"article\" \/>\n<meta property=\"og:title\" content=\"Ob\u010dinski nagrajenci - Ob\u010dina Rogatec\" \/>\n<meta property=\"og:description\" content=\"SEZNAM DOBITNIKOV PRIZNANJ OB\u010cINE ROGATEC V \u010cASU OD LETA 1995 &#8211; 2018 LETO 1995 PLAKETA OB\u010cINE ROGATEC: Podjetje EMKOR d.o.o., Rogatec PRIZNANJE OB\u010cINE ROGATEC: g. Ivan KRKLEC PRIZNANJE OB\u010cINE ROGATEC: g. Franc \u017dERDONER DENARNA NAGRADA: Prostovoljno gasilsko dru\u0161tvo Rogatec DENARNA NAGRADA: Malonogometni klub Dobovec LETO 1996 PLAKETA OB\u010cINE ROGATEC: g. Andrej GROBELNIK PLAKETA OB\u010cINE ROGATEC: [&hellip;]\" \/>\n<meta property=\"og:url\" content=\"https:\/\/obcina.rogatec.si\/o-obcini\/obcinski-nagrajenci\/\" \/>\n<meta property=\"og:site_name\" content=\"Ob\u010dina Rogatec\" \/>\n<meta property=\"article:publisher\" content=\"https:\/\/www.facebook.com\/VisitRogatec\/\" \/>\n<meta property=\"article:modified_time\" content=\"2024-11-19T12:17:14+00:00\" \/>\n<meta property=\"og:image\" content=\"https:\/\/obcina.rogatec.si\/wp-content\/uploads\/2013\/10\/MUZEJ-NA-PROSTEM-ROGATEC.jpg\" \/>\n\t<meta property=\"og:image:width\" content=\"1900\" \/>\n\t<meta property=\"og:image:height\" content=\"1262\" \/>\n\t<meta property=\"og:image:type\" content=\"image\/jpeg\" \/>\n<meta name=\"twitter:card\" content=\"summary_large_image\" \/>\n<meta name=\"twitter:label1\" content=\"Est. reading time\" \/>\n\t<meta name=\"twitter:data1\" content=\"5 minut\" \/>\n<script type=\"application\/ld+json\" class=\"yoast-schema-graph\">{\"@context\":\"https:\/\/schema.org\",\"@graph\":[{\"@type\":\"WebPage\",\"@id\":\"https:\/\/obcina.rogatec.si\/o-obcini\/obcinski-nagrajenci\/\",\"url\":\"https:\/\/obcina.rogatec.si\/o-obcini\/obcinski-nagrajenci\/\",\"name\":\"Ob\u010dinski nagrajenci - Ob\u010dina Rogatec\",\"isPartOf\":{\"@id\":\"https:\/\/obcina.rogatec.si\/#website\"},\"datePublished\":\"2014-01-06T04:57:37+00:00\",\"dateModified\":\"2024-11-19T12:17:14+00:00\",\"breadcrumb\":{\"@id\":\"https:\/\/obcina.rogatec.si\/o-obcini\/obcinski-nagrajenci\/#breadcrumb\"},\"inLanguage\":\"sl-SI\",\"potentialAction\":[{\"@type\":\"ReadAction\",\"target\":[\"https:\/\/obcina.rogatec.si\/o-obcini\/obcinski-nagrajenci\/\"]}]},{\"@type\":\"BreadcrumbList\",\"@id\":\"https:\/\/obcina.rogatec.si\/o-obcini\/obcinski-nagrajenci\/#breadcrumb\",\"itemListElement\":[{\"@type\":\"ListItem\",\"position\":1,\"name\":\"Domov\",\"item\":\"https:\/\/obcina.rogatec.si\/\"},{\"@type\":\"ListItem\",\"position\":2,\"name\":\"O Ob\u010dini Rogatec\",\"item\":\"https:\/\/obcina.rogatec.si\/o-obcini\/\"},{\"@type\":\"ListItem\",\"position\":3,\"name\":\"Ob\u010dinski nagrajenci\"}]},{\"@type\":\"WebSite\",\"@id\":\"https:\/\/obcina.rogatec.si\/#website\",\"url\":\"https:\/\/obcina.rogatec.si\/\",\"name\":\"Ob\u010dina Rogatec\",\"description\":\"Uradni spletni portal Ob\u010dine Rogatec\",\"publisher\":{\"@id\":\"https:\/\/obcina.rogatec.si\/#organization\"},\"potentialAction\":[{\"@type\":\"SearchAction\",\"target\":{\"@type\":\"EntryPoint\",\"urlTemplate\":\"https:\/\/obcina.rogatec.si\/?s={search_term_string}\"},\"query-input\":{\"@type\":\"PropertyValueSpecification\",\"valueRequired\":true,\"valueName\":\"search_term_string\"}}],\"inLanguage\":\"sl-SI\"},{\"@type\":\"Organization\",\"@id\":\"https:\/\/obcina.rogatec.si\/#organization\",\"name\":\"Ob\u010dina Rogatec\",\"url\":\"https:\/\/obcina.rogatec.si\/\",\"logo\":{\"@type\":\"ImageObject\",\"inLanguage\":\"sl-SI\",\"@id\":\"https:\/\/obcina.rogatec.si\/#\/schema\/logo\/image\/\",\"url\":\"https:\/\/obcina.rogatec.si\/wp-content\/uploads\/2021\/01\/ObcinaRogatec_col.png\",\"contentUrl\":\"https:\/\/obcina.rogatec.si\/wp-content\/uploads\/2021\/01\/ObcinaRogatec_col.png\",\"width\":275,\"height\":100,\"caption\":\"Ob\u010dina Rogatec\"},\"image\":{\"@id\":\"https:\/\/obcina.rogatec.si\/#\/schema\/logo\/image\/\"},\"sameAs\":[\"https:\/\/www.facebook.com\/VisitRogatec\/\",\"https:\/\/www.instagram.com\/visitrogatec\/\",\"https:\/\/www.youtube.com\/channel\/UC0j4SRaLd9oSppR8hwVd5tw\"]}]}<\/script>\n<!-- \/ Yoast SEO plugin. -->","yoast_head_json":{"title":"Ob\u010dinski nagrajenci - Ob\u010dina Rogatec","robots":{"index":"index","follow":"follow","max-snippet":"max-snippet:-1","max-image-preview":"max-image-preview:large","max-video-preview":"max-video-preview:-1"},"canonical":"https:\/\/obcina.rogatec.si\/o-obcini\/obcinski-nagrajenci\/","og_locale":"sl_SI","og_type":"article","og_title":"Ob\u010dinski nagrajenci - Ob\u010dina Rogatec","og_description":"SEZNAM DOBITNIKOV PRIZNANJ OB\u010cINE ROGATEC V \u010cASU OD LETA 1995 &#8211; 2018 LETO 1995 PLAKETA OB\u010cINE ROGATEC: Podjetje EMKOR d.o.o., Rogatec PRIZNANJE OB\u010cINE ROGATEC: g. Ivan KRKLEC PRIZNANJE OB\u010cINE ROGATEC: g. Franc \u017dERDONER DENARNA NAGRADA: Prostovoljno gasilsko dru\u0161tvo Rogatec DENARNA NAGRADA: Malonogometni klub Dobovec LETO 1996 PLAKETA OB\u010cINE ROGATEC: g. Andrej GROBELNIK PLAKETA OB\u010cINE ROGATEC: [&hellip;]","og_url":"https:\/\/obcina.rogatec.si\/o-obcini\/obcinski-nagrajenci\/","og_site_name":"Ob\u010dina Rogatec","article_publisher":"https:\/\/www.facebook.com\/VisitRogatec\/","article_modified_time":"2024-11-19T12:17:14+00:00","og_image":[{"width":1900,"height":1262,"url":"https:\/\/obcina.rogatec.si\/wp-content\/uploads\/2013\/10\/MUZEJ-NA-PROSTEM-ROGATEC.jpg","type":"image\/jpeg"}],"twitter_card":"summary_large_image","twitter_misc":{"Est. reading time":"5 minut"},"schema":{"@context":"https:\/\/schema.org","@graph":[{"@type":"WebPage","@id":"https:\/\/obcina.rogatec.si\/o-obcini\/obcinski-nagrajenci\/","url":"https:\/\/obcina.rogatec.si\/o-obcini\/obcinski-nagrajenci\/","name":"Ob\u010dinski nagrajenci - Ob\u010dina Rogatec","isPartOf":{"@id":"https:\/\/obcina.rogatec.si\/#website"},"datePublished":"2014-01-06T04:57:37+00:00","dateModified":"2024-11-19T12:17:14+00:00","breadcrumb":{"@id":"https:\/\/obcina.rogatec.si\/o-obcini\/obcinski-nagrajenci\/#breadcrumb"},"inLanguage":"sl-SI","potentialAction":[{"@type":"ReadAction","target":["https:\/\/obcina.rogatec.si\/o-obcini\/obcinski-nagrajenci\/"]}]},{"@type":"BreadcrumbList","@id":"https:\/\/obcina.rogatec.si\/o-obcini\/obcinski-nagrajenci\/#breadcrumb","itemListElement":[{"@type":"ListItem","position":1,"name":"Domov","item":"https:\/\/obcina.rogatec.si\/"},{"@type":"ListItem","position":2,"name":"O Ob\u010dini Rogatec","item":"https:\/\/obcina.rogatec.si\/o-obcini\/"},{"@type":"ListItem","position":3,"name":"Ob\u010dinski nagrajenci"}]},{"@type":"WebSite","@id":"https:\/\/obcina.rogatec.si\/#website","url":"https:\/\/obcina.rogatec.si\/","name":"Ob\u010dina Rogatec","description":"Uradni spletni portal Ob\u010dine Rogatec","publisher":{"@id":"https:\/\/obcina.rogatec.si\/#organization"},"potentialAction":[{"@type":"SearchAction","target":{"@type":"EntryPoint","urlTemplate":"https:\/\/obcina.rogatec.si\/?s={search_term_string}"},"query-input":{"@type":"PropertyValueSpecification","valueRequired":true,"valueName":"search_term_string"}}],"inLanguage":"sl-SI"},{"@type":"Organization","@id":"https:\/\/obcina.rogatec.si\/#organization","name":"Ob\u010dina Rogatec","url":"https:\/\/obcina.rogatec.si\/","logo":{"@type":"ImageObject","inLanguage":"sl-SI","@id":"https:\/\/obcina.rogatec.si\/#\/schema\/logo\/image\/","url":"https:\/\/obcina.rogatec.si\/wp-content\/uploads\/2021\/01\/ObcinaRogatec_col.png","contentUrl":"https:\/\/obcina.rogatec.si\/wp-content\/uploads\/2021\/01\/ObcinaRogatec_col.png","width":275,"height":100,"caption":"Ob\u010dina Rogatec"},"image":{"@id":"https:\/\/obcina.rogatec.si\/#\/schema\/logo\/image\/"},"sameAs":["https:\/\/www.facebook.com\/VisitRogatec\/","https:\/\/www.instagram.com\/visitrogatec\/","https:\/\/www.youtube.com\/channel\/UC0j4SRaLd9oSppR8hwVd5tw"]}]}},"uagb_featured_image_src":{"full":false,"thumbnail":false,"medium":false,"medium_large":false,"large":false,"1536x1536":false,"2048x2048":false,"XXS":false,"XS":false,"S":false,"M":false,"L":false,"XL":false},"uagb_author_info":{"display_name":"Ob\u010dina Rogatec","author_link":"https:\/\/obcina.rogatec.si\/author\/vedran72\/"},"uagb_comment_info":0,"uagb_excerpt":"SEZNAM DOBITNIKOV PRIZNANJ OB\u010cINE ROGATEC V \u010cASU OD LETA 1995 &#8211; 2018 LETO 1995 PLAKETA OB\u010cINE ROGATEC: Podjetje EMKOR d.o.o., Rogatec PRIZNANJE OB\u010cINE ROGATEC: g. Ivan KRKLEC PRIZNANJE OB\u010cINE ROGATEC: g. Franc \u017dERDONER DENARNA NAGRADA: Prostovoljno gasilsko dru\u0161tvo Rogatec DENARNA NAGRADA: Malonogometni klub Dobovec LETO 1996 PLAKETA OB\u010cINE ROGATEC: g. Andrej GROBELNIK PLAKETA OB\u010cINE ROGATEC:&hellip;","_links":{"self":[{"href":"https:\/\/obcina.rogatec.si\/wp-json\/wp\/v2\/pages\/858","targetHints":{"allow":["GET"]}}],"collection":[{"href":"https:\/\/obcina.rogatec.si\/wp-json\/wp\/v2\/pages"}],"about":[{"href":"https:\/\/obcina.rogatec.si\/wp-json\/wp\/v2\/types\/page"}],"author":[{"embeddable":true,"href":"https:\/\/obcina.rogatec.si\/wp-json\/wp\/v2\/users\/1"}],"replies":[{"embeddable":true,"href":"https:\/\/obcina.rogatec.si\/wp-json\/wp\/v2\/comments?post=858"}],"version-history":[{"count":11,"href":"https:\/\/obcina.rogatec.si\/wp-json\/wp\/v2\/pages\/858\/revisions"}],"predecessor-version":[{"id":509893,"href":"https:\/\/obcina.rogatec.si\/wp-json\/wp\/v2\/pages\/858\/revisions\/509893"}],"up":[{"embeddable":true,"href":"https:\/\/obcina.rogatec.si\/wp-json\/wp\/v2\/pages\/2"}],"wp:attachment":[{"href":"https:\/\/obcina.rogatec.si\/wp-json\/wp\/v2\/media?parent=858"}],"curies":[{"name":"wp","href":"https:\/\/api.w.org\/{rel}","templated":true}]}}