{"id":838,"date":"2014-01-06T04:17:48","date_gmt":"2014-01-06T04:17:48","guid":{"rendered":"https:\/\/obcina.rogatec.si\/?page_id=838"},"modified":"2019-05-07T10:05:47","modified_gmt":"2019-05-07T08:05:47","slug":"turizem","status":"publish","type":"page","link":"https:\/\/obcina.rogatec.si\/gospodarstvo\/turizem\/","title":{"rendered":"Turizem"},"content":{"rendered":"<p>Nosilec turisti\u010dne ponudbe lokalnega obmo\u010dja Ob\u010dine Rogatec je Javni zavod za kulturo, turizem in razvoj Rogatec, ustanovljen s strani Ob\u010dine Rogatec. V okviru svojih dejavnosti zagotavlja tudi oblikovanje celovite turisti\u010dne ponudbe obmo\u010dja, informiranje obiskovalcev v okviru TIC-a in promocijo turisti\u010dne ponudbe celotnega obmo\u010dja ob\u010dine Rogatec.<\/p>\n<p>&nbsp;<\/p>\n<p><strong>Kontaktni podatki<\/strong>:<\/p>\n<p>Javni zavod Zavod za kulturo, turizem in razvoj Rogatec, Pot k ribniku 6, 3252 Rogatec<\/p>\n<p>Telefon: 03\/ 81 86 200<\/p>\n<p>Telefaks: 03\/ 81 86 206<\/p>\n<p>E-naslov: muzej.rogatec@siol.net<\/p>\n<p>&nbsp;<\/p>\n<p><a href=\"http:\/\/www.rogatec.net\/\"><b>Sprehod po poti dedi\u0161\u010dine ob\u010dine Rogatec<\/b><\/a><\/p>\n<p>Ob\u010dina Rogatec se nahaja v jugovzhodnem delu Slovenije. Le\u017ei na prehodu ju\u017enih obronkov vinorodnih Haloz v dolino zelenega Posotelja. Na tem majhnem podro\u010dju, stisnjenem med Dona\u010dko goro na severu in reko Sotlo na jugu, se skrivajo drobni, a redki in dragoceni biseri narave, kulturne ter zgodovinske dedi\u0161\u010dine. Tukaj so se \u017ee v preteklosti kri\u017eale pomembne prometne in trgovske poti. Prav ugodni legi na prehodu iz predalpskega v panonski svet gre zahvala, da se Rogatec s 700-letnimi tr\u0161kimi pravicami uvr\u0161\u010da med najstarej\u0161e trge na Slovenskem.<\/p>\n<p>Kot naselbina se omenja \u017ee v rimski dobi. Prete\u017eni del zgodovine pa je bil Rogatec cveto\u010de naselje raznih obrtnikov in trgovcev. Danes se ob\u010dina Rogatec zaradi naravnih zna\u010dilnosti, neokrnjene krajine in kulturno-umetni\u0161kih spomenikov usmerja v razvoj podjetni\u0161tva, turizma in storitvenih dejavnosti.\u010ce se najprej pomudimo v samem trgu Rogatec, hitro opazimo, da razgibana preteklost na poseben na\u010din odseva iz same arhitekture dobro ohranjenega starega tr\u0161kega jedra z Marijinim znamenjem na sredini trga.\u00a0O poseljenosti pokrajine \u017ee v rimski dobi pri\u010da kamniti relief krilatega zmaja, ki je vzidan v fasadi stanovanjske hi\u0161e v ju\u017enem delu trga.<\/p>\n<p>Svojevrstna posebnost so stari portali in stopnice, ki so bili izdelani v lo\u017eanskih kamnolomih in pri\u010dajo o cveto\u010dem obdobju kamnose\u0161ke obrti v Logu v 19. stoletju in 1. polovici 20. stoletja (kamniti brusi). Nad trgom se v svoji prav za\u0161\u010ditni\u0161ki podobi dviga nad\u017eupnijska baro\u010dna cerkev sv. Jerneja iz 1. polovice 18. stoletja, obdana z mogo\u010dnim kamnitim obzidjem in zaslu\u017ei posebno pozornost zaradi izjemnih fresk v notranjosti (baro\u010dna iluzionisti\u010dna poslikava J. F. Fromillerja), oltarjev (delo doma\u010dih rezbarjev \u0160tefana, Antona in Janeza Jurija Mersi; pri\u017enica in Antonov oltar J. Strauba iz Maribora) ter oltarnih slik (A. Lerchinger, V. Metzinger). Na hribu nad cerkvijo so \u0161e vidne razvaline srednjeve\u0161kega gradu iz konca 12. stoletja.\u00a0Po sprehajalni poti preko hriba ali pa iz trga po ozki ulici, mimo obnovljenega renesan\u010dno baro\u010dnega dvorca Strmol\u00a0iz 15. stoletja, pridemo do etnolo\u0161kega parka &#8211; Muzeja na prostem.\u00a0Na severu se iz mehke hribovite pokrajine, poseljene z manj\u0161imi kmetijami, vinogradi in prijaznimi ljudmi, gospodovalno dviguje Dona\u010dka gora (882 m), ki jo doma\u010dini radi imenujemo tudi \u00bb\u0161tajerski Triglav\u00ab, saj so z ju\u017ene strani \u017ee iz doline lepo vidni njeni trije vrhovi. Je del za\u0161\u010ditenega obmo\u010dja \u00bbKrajinskega parka Bo\u010d \u2013 Dona\u010dka gora\u00ab. Na njenem severnem pobo\u010dju se namre\u010d razteza za\u0161\u010diten del pragozda, na gori pa najdemo tudi rasti\u0161\u010da redkih rastlinskih posebnosti, t.j. hoppejev klin\u010dek in na svetu edinstven juvanov netresk. Na goro vodijo dobro vzdr\u017eevane planinske poti, na zahodnem sedlu pod vrhom pa si lahko oddahnemo v oskrbovanem planinskem domu.\u00a0Severno pobo\u010dje je posejano z ostanki kamnose\u0161kih delavnic, kjer so prej\u0161nje \u010dase klesali kamne za \u017ermlje.<\/p>\n<p>&nbsp;<\/p>\n<p><a href=\"https:\/\/obcina.rogatec.si\/wp-content\/uploads\/2019\/05\/Lokalni-program-kulture.pdf\">Lokalni program kulture<\/a><\/p>\n","protected":false},"excerpt":{"rendered":"<p>Nosilec turisti\u010dne ponudbe lokalnega obmo\u010dja Ob\u010dine Rogatec je Javni zavod za kulturo, turizem in razvoj Rogatec, ustanovljen s strani Ob\u010dine Rogatec. V okviru svojih dejavnosti zagotavlja tudi oblikovanje celovite turisti\u010dne ponudbe obmo\u010dja, informiranje obiskovalcev v okviru TIC-a in promocijo turisti\u010dne ponudbe celotnega obmo\u010dja ob\u010dine Rogatec. &nbsp; Kontaktni podatki: Javni zavod Zavod za kulturo, turizem in [&hellip;]<\/p>\n","protected":false},"author":1,"featured_media":0,"parent":177,"menu_order":1,"comment_status":"closed","ping_status":"closed","template":"","meta":{"_uag_custom_page_level_css":"","footnotes":""},"class_list":["post-838","page","type-page","status-publish","hentry"],"yoast_head":"<!-- This site is optimized with the Yoast SEO plugin v27.2 - https:\/\/yoast.com\/product\/yoast-seo-wordpress\/ -->\n<title>Turizem - Ob\u010dina Rogatec<\/title>\n<meta name=\"robots\" content=\"index, follow, max-snippet:-1, max-image-preview:large, max-video-preview:-1\" \/>\n<link rel=\"canonical\" href=\"https:\/\/obcina.rogatec.si\/gospodarstvo\/turizem\/\" \/>\n<meta property=\"og:locale\" content=\"sl_SI\" \/>\n<meta property=\"og:type\" content=\"article\" \/>\n<meta property=\"og:title\" content=\"Turizem - Ob\u010dina Rogatec\" \/>\n<meta property=\"og:description\" content=\"Nosilec turisti\u010dne ponudbe lokalnega obmo\u010dja Ob\u010dine Rogatec je Javni zavod za kulturo, turizem in razvoj Rogatec, ustanovljen s strani Ob\u010dine Rogatec. V okviru svojih dejavnosti zagotavlja tudi oblikovanje celovite turisti\u010dne ponudbe obmo\u010dja, informiranje obiskovalcev v okviru TIC-a in promocijo turisti\u010dne ponudbe celotnega obmo\u010dja ob\u010dine Rogatec. &nbsp; Kontaktni podatki: Javni zavod Zavod za kulturo, turizem in [&hellip;]\" \/>\n<meta property=\"og:url\" content=\"https:\/\/obcina.rogatec.si\/gospodarstvo\/turizem\/\" \/>\n<meta property=\"og:site_name\" content=\"Ob\u010dina Rogatec\" \/>\n<meta property=\"article:publisher\" content=\"https:\/\/www.facebook.com\/VisitRogatec\/\" \/>\n<meta property=\"article:modified_time\" content=\"2019-05-07T08:05:47+00:00\" \/>\n<meta property=\"og:image\" content=\"https:\/\/obcina.rogatec.si\/wp-content\/uploads\/2013\/10\/MUZEJ-NA-PROSTEM-ROGATEC.jpg\" \/>\n\t<meta property=\"og:image:width\" content=\"1900\" \/>\n\t<meta property=\"og:image:height\" content=\"1262\" \/>\n\t<meta property=\"og:image:type\" content=\"image\/jpeg\" \/>\n<meta name=\"twitter:card\" content=\"summary_large_image\" \/>\n<meta name=\"twitter:label1\" content=\"Est. reading time\" \/>\n\t<meta name=\"twitter:data1\" content=\"3 minute\" \/>\n<script type=\"application\/ld+json\" class=\"yoast-schema-graph\">{\"@context\":\"https:\/\/schema.org\",\"@graph\":[{\"@type\":\"WebPage\",\"@id\":\"https:\/\/obcina.rogatec.si\/gospodarstvo\/turizem\/\",\"url\":\"https:\/\/obcina.rogatec.si\/gospodarstvo\/turizem\/\",\"name\":\"Turizem - Ob\u010dina Rogatec\",\"isPartOf\":{\"@id\":\"https:\/\/obcina.rogatec.si\/#website\"},\"datePublished\":\"2014-01-06T04:17:48+00:00\",\"dateModified\":\"2019-05-07T08:05:47+00:00\",\"breadcrumb\":{\"@id\":\"https:\/\/obcina.rogatec.si\/gospodarstvo\/turizem\/#breadcrumb\"},\"inLanguage\":\"sl-SI\",\"potentialAction\":[{\"@type\":\"ReadAction\",\"target\":[\"https:\/\/obcina.rogatec.si\/gospodarstvo\/turizem\/\"]}]},{\"@type\":\"BreadcrumbList\",\"@id\":\"https:\/\/obcina.rogatec.si\/gospodarstvo\/turizem\/#breadcrumb\",\"itemListElement\":[{\"@type\":\"ListItem\",\"position\":1,\"name\":\"Domov\",\"item\":\"https:\/\/obcina.rogatec.si\/\"},{\"@type\":\"ListItem\",\"position\":2,\"name\":\"Gospodarstvo\",\"item\":\"https:\/\/obcina.rogatec.si\/gospodarstvo\/\"},{\"@type\":\"ListItem\",\"position\":3,\"name\":\"Turizem\"}]},{\"@type\":\"WebSite\",\"@id\":\"https:\/\/obcina.rogatec.si\/#website\",\"url\":\"https:\/\/obcina.rogatec.si\/\",\"name\":\"Ob\u010dina Rogatec\",\"description\":\"Uradni spletni portal Ob\u010dine Rogatec\",\"publisher\":{\"@id\":\"https:\/\/obcina.rogatec.si\/#organization\"},\"potentialAction\":[{\"@type\":\"SearchAction\",\"target\":{\"@type\":\"EntryPoint\",\"urlTemplate\":\"https:\/\/obcina.rogatec.si\/?s={search_term_string}\"},\"query-input\":{\"@type\":\"PropertyValueSpecification\",\"valueRequired\":true,\"valueName\":\"search_term_string\"}}],\"inLanguage\":\"sl-SI\"},{\"@type\":\"Organization\",\"@id\":\"https:\/\/obcina.rogatec.si\/#organization\",\"name\":\"Ob\u010dina Rogatec\",\"url\":\"https:\/\/obcina.rogatec.si\/\",\"logo\":{\"@type\":\"ImageObject\",\"inLanguage\":\"sl-SI\",\"@id\":\"https:\/\/obcina.rogatec.si\/#\/schema\/logo\/image\/\",\"url\":\"https:\/\/obcina.rogatec.si\/wp-content\/uploads\/2021\/01\/ObcinaRogatec_col.png\",\"contentUrl\":\"https:\/\/obcina.rogatec.si\/wp-content\/uploads\/2021\/01\/ObcinaRogatec_col.png\",\"width\":275,\"height\":100,\"caption\":\"Ob\u010dina Rogatec\"},\"image\":{\"@id\":\"https:\/\/obcina.rogatec.si\/#\/schema\/logo\/image\/\"},\"sameAs\":[\"https:\/\/www.facebook.com\/VisitRogatec\/\",\"https:\/\/www.instagram.com\/visitrogatec\/\",\"https:\/\/www.youtube.com\/channel\/UC0j4SRaLd9oSppR8hwVd5tw\"]}]}<\/script>\n<!-- \/ Yoast SEO plugin. -->","yoast_head_json":{"title":"Turizem - Ob\u010dina Rogatec","robots":{"index":"index","follow":"follow","max-snippet":"max-snippet:-1","max-image-preview":"max-image-preview:large","max-video-preview":"max-video-preview:-1"},"canonical":"https:\/\/obcina.rogatec.si\/gospodarstvo\/turizem\/","og_locale":"sl_SI","og_type":"article","og_title":"Turizem - Ob\u010dina Rogatec","og_description":"Nosilec turisti\u010dne ponudbe lokalnega obmo\u010dja Ob\u010dine Rogatec je Javni zavod za kulturo, turizem in razvoj Rogatec, ustanovljen s strani Ob\u010dine Rogatec. V okviru svojih dejavnosti zagotavlja tudi oblikovanje celovite turisti\u010dne ponudbe obmo\u010dja, informiranje obiskovalcev v okviru TIC-a in promocijo turisti\u010dne ponudbe celotnega obmo\u010dja ob\u010dine Rogatec. &nbsp; Kontaktni podatki: Javni zavod Zavod za kulturo, turizem in [&hellip;]","og_url":"https:\/\/obcina.rogatec.si\/gospodarstvo\/turizem\/","og_site_name":"Ob\u010dina Rogatec","article_publisher":"https:\/\/www.facebook.com\/VisitRogatec\/","article_modified_time":"2019-05-07T08:05:47+00:00","og_image":[{"width":1900,"height":1262,"url":"https:\/\/obcina.rogatec.si\/wp-content\/uploads\/2013\/10\/MUZEJ-NA-PROSTEM-ROGATEC.jpg","type":"image\/jpeg"}],"twitter_card":"summary_large_image","twitter_misc":{"Est. reading time":"3 minute"},"schema":{"@context":"https:\/\/schema.org","@graph":[{"@type":"WebPage","@id":"https:\/\/obcina.rogatec.si\/gospodarstvo\/turizem\/","url":"https:\/\/obcina.rogatec.si\/gospodarstvo\/turizem\/","name":"Turizem - Ob\u010dina Rogatec","isPartOf":{"@id":"https:\/\/obcina.rogatec.si\/#website"},"datePublished":"2014-01-06T04:17:48+00:00","dateModified":"2019-05-07T08:05:47+00:00","breadcrumb":{"@id":"https:\/\/obcina.rogatec.si\/gospodarstvo\/turizem\/#breadcrumb"},"inLanguage":"sl-SI","potentialAction":[{"@type":"ReadAction","target":["https:\/\/obcina.rogatec.si\/gospodarstvo\/turizem\/"]}]},{"@type":"BreadcrumbList","@id":"https:\/\/obcina.rogatec.si\/gospodarstvo\/turizem\/#breadcrumb","itemListElement":[{"@type":"ListItem","position":1,"name":"Domov","item":"https:\/\/obcina.rogatec.si\/"},{"@type":"ListItem","position":2,"name":"Gospodarstvo","item":"https:\/\/obcina.rogatec.si\/gospodarstvo\/"},{"@type":"ListItem","position":3,"name":"Turizem"}]},{"@type":"WebSite","@id":"https:\/\/obcina.rogatec.si\/#website","url":"https:\/\/obcina.rogatec.si\/","name":"Ob\u010dina Rogatec","description":"Uradni spletni portal Ob\u010dine Rogatec","publisher":{"@id":"https:\/\/obcina.rogatec.si\/#organization"},"potentialAction":[{"@type":"SearchAction","target":{"@type":"EntryPoint","urlTemplate":"https:\/\/obcina.rogatec.si\/?s={search_term_string}"},"query-input":{"@type":"PropertyValueSpecification","valueRequired":true,"valueName":"search_term_string"}}],"inLanguage":"sl-SI"},{"@type":"Organization","@id":"https:\/\/obcina.rogatec.si\/#organization","name":"Ob\u010dina Rogatec","url":"https:\/\/obcina.rogatec.si\/","logo":{"@type":"ImageObject","inLanguage":"sl-SI","@id":"https:\/\/obcina.rogatec.si\/#\/schema\/logo\/image\/","url":"https:\/\/obcina.rogatec.si\/wp-content\/uploads\/2021\/01\/ObcinaRogatec_col.png","contentUrl":"https:\/\/obcina.rogatec.si\/wp-content\/uploads\/2021\/01\/ObcinaRogatec_col.png","width":275,"height":100,"caption":"Ob\u010dina Rogatec"},"image":{"@id":"https:\/\/obcina.rogatec.si\/#\/schema\/logo\/image\/"},"sameAs":["https:\/\/www.facebook.com\/VisitRogatec\/","https:\/\/www.instagram.com\/visitrogatec\/","https:\/\/www.youtube.com\/channel\/UC0j4SRaLd9oSppR8hwVd5tw"]}]}},"uagb_featured_image_src":{"full":false,"thumbnail":false,"medium":false,"medium_large":false,"large":false,"1536x1536":false,"2048x2048":false,"XXS":false,"XS":false,"S":false,"M":false,"L":false,"XL":false},"uagb_author_info":{"display_name":"Ob\u010dina Rogatec","author_link":"https:\/\/obcina.rogatec.si\/author\/vedran72\/"},"uagb_comment_info":0,"uagb_excerpt":"Nosilec turisti\u010dne ponudbe lokalnega obmo\u010dja Ob\u010dine Rogatec je Javni zavod za kulturo, turizem in razvoj Rogatec, ustanovljen s strani Ob\u010dine Rogatec. V okviru svojih dejavnosti zagotavlja tudi oblikovanje celovite turisti\u010dne ponudbe obmo\u010dja, informiranje obiskovalcev v okviru TIC-a in promocijo turisti\u010dne ponudbe celotnega obmo\u010dja ob\u010dine Rogatec. &nbsp; Kontaktni podatki: Javni zavod Zavod za kulturo, turizem in&hellip;","_links":{"self":[{"href":"https:\/\/obcina.rogatec.si\/wp-json\/wp\/v2\/pages\/838","targetHints":{"allow":["GET"]}}],"collection":[{"href":"https:\/\/obcina.rogatec.si\/wp-json\/wp\/v2\/pages"}],"about":[{"href":"https:\/\/obcina.rogatec.si\/wp-json\/wp\/v2\/types\/page"}],"author":[{"embeddable":true,"href":"https:\/\/obcina.rogatec.si\/wp-json\/wp\/v2\/users\/1"}],"replies":[{"embeddable":true,"href":"https:\/\/obcina.rogatec.si\/wp-json\/wp\/v2\/comments?post=838"}],"version-history":[{"count":6,"href":"https:\/\/obcina.rogatec.si\/wp-json\/wp\/v2\/pages\/838\/revisions"}],"predecessor-version":[{"id":504097,"href":"https:\/\/obcina.rogatec.si\/wp-json\/wp\/v2\/pages\/838\/revisions\/504097"}],"up":[{"embeddable":true,"href":"https:\/\/obcina.rogatec.si\/wp-json\/wp\/v2\/pages\/177"}],"wp:attachment":[{"href":"https:\/\/obcina.rogatec.si\/wp-json\/wp\/v2\/media?parent=838"}],"curies":[{"name":"wp","href":"https:\/\/api.w.org\/{rel}","templated":true}]}}