{"id":510484,"date":"2025-12-17T09:37:03","date_gmt":"2025-12-17T08:37:03","guid":{"rendered":"https:\/\/obcina.rogatec.si\/?page_id=510484"},"modified":"2025-12-17T09:37:03","modified_gmt":"2025-12-17T08:37:03","slug":"videonadzor-zunanjih-jaslic","status":"publish","type":"page","link":"https:\/\/obcina.rogatec.si\/politika-varstva-osebnih-podatkov\/videonadzor-zunanjih-jaslic\/","title":{"rendered":"Videonadzor zunanjih jaslic"},"content":{"rendered":"<p>OBVESTILO POSAMEZNIKOM PO 76. \u010cLENU ZAKONA O VARSTVU OSEBNIH PODATKOV (ZVOP-2) v povezavi s 13. \u010dlenom GDPR \u2013 izvajanje videonadzora na javni povr\u0161ini:<br \/>\nZUNANJE JASLICE NA OBMO\u010cJU ROGATCA<br \/>\n(Trg Rogatec &#8211; Slom\u0161kova ulica &#8211; Obrtni\u0161ka ulica)<\/p>\n<p><strong>1. Upravljavec zbirke osebnih podatkov:<\/strong><br \/>\nOb\u010dina Rogatec, Pot k ribniku 4, 3252 Rogatec, tel.: 03\/812 10 00, e-po\u0161ta: obcina@rogatec.si<\/p>\n<p><strong>2. Kontakt poobla\u0161\u010dene osebe za varstvo osebnih podatkov (ang. DPO):<\/strong><br \/>\nIntelektum Maribor, g. Denis Bala\u017ei\u010d, univ. dipl. prav., e-po\u0161ta: info@intelektum.eu, telefon: 02\/ 620 98 40.<\/p>\n<p><strong>3. Namen obdelave osebnih podatkov:<\/strong><br \/>\nZavarovanje premo\u017eenja in varnost ljudi. Videonadzor je uveden zaradi pove\u010danja kriminala (nevarnost za ljudi) in o\u0161kodovanja javnega premo\u017eenja. S posnetki se odkrivajo storilci kaznivih dejanj.<\/p>\n<p><strong>4. Vrste osebnih podatkov, ki se obdelujejo:<\/strong><br \/>\nPosnetek (slika) posameznika, datum in \u010das vstopa in izstopa v in iz nadzorovanega obmo\u010dja, \u010das zadr\u017eevanja na nadzorovanem obmo\u010dju.<\/p>\n<p><strong>5. Pravna podlaga za obdelavo osebnih podatkov:<br \/>\n<\/strong>6.1.e \u010dlen GDPR, 76. in 80. \u010dlen ZVOP-2<\/p>\n<p><strong>6. Uporabniki ali kategorije uporabnikov osebnih podatkov, \u010de obstajajo:<\/strong><br \/>\nUpravljavec osebnih podatkov ne bo posredoval tretjim osebam, razen (\u010de bo to potrebno):<br \/>\n&#8211; pristojnim organom zaradi izpolnitve zakonskih obveznosti (policija, sodi\u0161\u010de\u2026),<br \/>\n&#8211; pogodbenim obdelovalcem, ki vzdr\u017eujejo videonadzorni sistem<br \/>\n&#8211; drugim subjektom zaradi izvajanja zakona ali pogodbe.<\/p>\n<p><strong>7. Informacije o prenosih osebnih podatkov v tretjo dr\u017eavo ali mednarodno organizacijo:<\/strong><br \/>\nUpravljavec osebnih podatkov ne bo prena\u0161al v tretje dr\u017eave ali v mednarodno organizacijo.<\/p>\n<p><strong>8. Obdobje hrambe osebnih podatkov ali, kadar to ni mogo\u010de, merila, ki se uporabijo za dolo\u010ditev tega obdobja:<\/strong><br \/>\n30 dni, potem se avtomati\u010dno bri\u0161ejo<\/p>\n<p><strong>9. Informacije o obstoju pravic posameznika, da lahko zahteva dostop do osebnih podatkov in popravek ali izbris osebnih podatkov ali omejitev, ali obstoj pravice do ugovora obdelavi in pravice do prenosljivosti podatkov:<\/strong><br \/>\nPosameznik ima pravico, da od upravljavca zahteva:<br \/>\n&#8211; dostop do osebnih podatkov, skladno s 15. \u010dlenom Splo\u0161ne uredbe o varstvu podatkov (EU) 2016\/679 (GDPR);<br \/>\n&#8211; popravek osebnih podatkov, skladno s 16. \u010dlenom Splo\u0161ne uredbe o varstvu podatkov (EU) 2016\/679 (GDPR);<br \/>\n&#8211; izbris osebnih podatkov (pravica do pozabe), kadar so izpolnjene predpostavke iz 17. \u010dlena Splo\u0161ne uredbe o varstvu podatkov (EU) 2016\/679 (GDPR) in<br \/>\n&#8211; omejitev obdelave, kadar so izpolnjene predpostavke iz 18. \u010dlenu Splo\u0161ne uredbe o varstvu podatkov (EU) 2016\/679 (GDPR).<\/p>\n<p><strong>10. Avtomatizirana obdelava:<\/strong><br \/>\nAvtomatizirana obdelava ne poteka.<\/p>\n<p><strong>11. Neobi\u010dajne nadaljnje obdelave:<\/strong><br \/>\nSlika v \u017eivo se ne izvaja.<\/p>\n<p><strong>12. Informacija o pravici do vlo\u017eitve prito\u017ebe pri nadzornem organu:<\/strong><br \/>\nPrito\u017ebo lahko podate Informacijskemu poobla\u0161\u010dencu, Dunajska 22, 1000 Ljubljana, e-po\u0161ta: <a href=\"mailto:gp.ip@ip-rs.si\">gp.ip@ip-rs.si<\/a> telefon: 01\/2309730, spletna stran: <a href=\"https:\/\/www.ip-rs.si\/\" target=\"_blank\" rel=\"noopener\">www.ip-rs.si<\/a>.<\/p>\n<p>Dokument v PDF formatu: <a href=\"https:\/\/obcina.rogatec.si\/wp-content\/uploads\/2025\/12\/Obvestilo-posameznikom-VIDEONADZOR-ZUNANJE-JASLICE.pdf\" target=\"_blank\" rel=\"noopener\">Obvestilo posameznikom &#8211; VIDEONADZOR ZUNANJE JASLICE<\/a><\/p>\n","protected":false},"excerpt":{"rendered":"<p>OBVESTILO POSAMEZNIKOM PO 76. \u010cLENU ZAKONA O VARSTVU OSEBNIH PODATKOV (ZVOP-2) v povezavi s 13. \u010dlenom GDPR \u2013 izvajanje videonadzora na javni povr\u0161ini: ZUNANJE JASLICE NA OBMO\u010cJU ROGATCA (Trg Rogatec &#8211; Slom\u0161kova ulica &#8211; Obrtni\u0161ka ulica) 1. Upravljavec zbirke osebnih podatkov: Ob\u010dina Rogatec, Pot k ribniku 4, 3252 Rogatec, tel.: 03\/812 10 00, e-po\u0161ta: obcina@rogatec.si [&hellip;]<\/p>\n","protected":false},"author":1,"featured_media":0,"parent":503354,"menu_order":0,"comment_status":"closed","ping_status":"closed","template":"","meta":{"_uag_custom_page_level_css":"","footnotes":""},"class_list":["post-510484","page","type-page","status-publish","hentry"],"yoast_head":"<!-- This site is optimized with the Yoast SEO plugin v27.2 - https:\/\/yoast.com\/product\/yoast-seo-wordpress\/ -->\n<title>Videonadzor zunanjih jaslic - Ob\u010dina Rogatec<\/title>\n<meta name=\"robots\" content=\"index, follow, max-snippet:-1, max-image-preview:large, max-video-preview:-1\" \/>\n<link rel=\"canonical\" href=\"https:\/\/obcina.rogatec.si\/politika-varstva-osebnih-podatkov\/videonadzor-zunanjih-jaslic\/\" \/>\n<meta property=\"og:locale\" content=\"sl_SI\" \/>\n<meta property=\"og:type\" content=\"article\" \/>\n<meta property=\"og:title\" content=\"Videonadzor zunanjih jaslic - Ob\u010dina Rogatec\" \/>\n<meta property=\"og:description\" content=\"OBVESTILO POSAMEZNIKOM PO 76. \u010cLENU ZAKONA O VARSTVU OSEBNIH PODATKOV (ZVOP-2) v povezavi s 13. \u010dlenom GDPR \u2013 izvajanje videonadzora na javni povr\u0161ini: ZUNANJE JASLICE NA OBMO\u010cJU ROGATCA (Trg Rogatec &#8211; Slom\u0161kova ulica &#8211; Obrtni\u0161ka ulica) 1. Upravljavec zbirke osebnih podatkov: Ob\u010dina Rogatec, Pot k ribniku 4, 3252 Rogatec, tel.: 03\/812 10 00, e-po\u0161ta: obcina@rogatec.si [&hellip;]\" \/>\n<meta property=\"og:url\" content=\"https:\/\/obcina.rogatec.si\/politika-varstva-osebnih-podatkov\/videonadzor-zunanjih-jaslic\/\" \/>\n<meta property=\"og:site_name\" content=\"Ob\u010dina Rogatec\" \/>\n<meta property=\"article:publisher\" content=\"https:\/\/www.facebook.com\/VisitRogatec\/\" \/>\n<meta property=\"og:image\" content=\"https:\/\/obcina.rogatec.si\/wp-content\/uploads\/2013\/10\/MUZEJ-NA-PROSTEM-ROGATEC.jpg\" \/>\n\t<meta property=\"og:image:width\" content=\"1900\" \/>\n\t<meta property=\"og:image:height\" content=\"1262\" \/>\n\t<meta property=\"og:image:type\" content=\"image\/jpeg\" \/>\n<meta name=\"twitter:card\" content=\"summary_large_image\" \/>\n<meta name=\"twitter:label1\" content=\"Est. reading time\" \/>\n\t<meta name=\"twitter:data1\" content=\"3 minute\" \/>\n<script type=\"application\/ld+json\" class=\"yoast-schema-graph\">{\"@context\":\"https:\/\/schema.org\",\"@graph\":[{\"@type\":\"WebPage\",\"@id\":\"https:\/\/obcina.rogatec.si\/politika-varstva-osebnih-podatkov\/videonadzor-zunanjih-jaslic\/\",\"url\":\"https:\/\/obcina.rogatec.si\/politika-varstva-osebnih-podatkov\/videonadzor-zunanjih-jaslic\/\",\"name\":\"Videonadzor zunanjih jaslic - Ob\u010dina Rogatec\",\"isPartOf\":{\"@id\":\"https:\/\/obcina.rogatec.si\/#website\"},\"datePublished\":\"2025-12-17T08:37:03+00:00\",\"breadcrumb\":{\"@id\":\"https:\/\/obcina.rogatec.si\/politika-varstva-osebnih-podatkov\/videonadzor-zunanjih-jaslic\/#breadcrumb\"},\"inLanguage\":\"sl-SI\",\"potentialAction\":[{\"@type\":\"ReadAction\",\"target\":[\"https:\/\/obcina.rogatec.si\/politika-varstva-osebnih-podatkov\/videonadzor-zunanjih-jaslic\/\"]}]},{\"@type\":\"BreadcrumbList\",\"@id\":\"https:\/\/obcina.rogatec.si\/politika-varstva-osebnih-podatkov\/videonadzor-zunanjih-jaslic\/#breadcrumb\",\"itemListElement\":[{\"@type\":\"ListItem\",\"position\":1,\"name\":\"Domov\",\"item\":\"https:\/\/obcina.rogatec.si\/\"},{\"@type\":\"ListItem\",\"position\":2,\"name\":\"Varstvo osebnih podatkov\",\"item\":\"https:\/\/obcina.rogatec.si\/politika-varstva-osebnih-podatkov\/\"},{\"@type\":\"ListItem\",\"position\":3,\"name\":\"Videonadzor zunanjih jaslic\"}]},{\"@type\":\"WebSite\",\"@id\":\"https:\/\/obcina.rogatec.si\/#website\",\"url\":\"https:\/\/obcina.rogatec.si\/\",\"name\":\"Ob\u010dina Rogatec\",\"description\":\"Uradni spletni portal Ob\u010dine Rogatec\",\"publisher\":{\"@id\":\"https:\/\/obcina.rogatec.si\/#organization\"},\"potentialAction\":[{\"@type\":\"SearchAction\",\"target\":{\"@type\":\"EntryPoint\",\"urlTemplate\":\"https:\/\/obcina.rogatec.si\/?s={search_term_string}\"},\"query-input\":{\"@type\":\"PropertyValueSpecification\",\"valueRequired\":true,\"valueName\":\"search_term_string\"}}],\"inLanguage\":\"sl-SI\"},{\"@type\":\"Organization\",\"@id\":\"https:\/\/obcina.rogatec.si\/#organization\",\"name\":\"Ob\u010dina Rogatec\",\"url\":\"https:\/\/obcina.rogatec.si\/\",\"logo\":{\"@type\":\"ImageObject\",\"inLanguage\":\"sl-SI\",\"@id\":\"https:\/\/obcina.rogatec.si\/#\/schema\/logo\/image\/\",\"url\":\"https:\/\/obcina.rogatec.si\/wp-content\/uploads\/2021\/01\/ObcinaRogatec_col.png\",\"contentUrl\":\"https:\/\/obcina.rogatec.si\/wp-content\/uploads\/2021\/01\/ObcinaRogatec_col.png\",\"width\":275,\"height\":100,\"caption\":\"Ob\u010dina Rogatec\"},\"image\":{\"@id\":\"https:\/\/obcina.rogatec.si\/#\/schema\/logo\/image\/\"},\"sameAs\":[\"https:\/\/www.facebook.com\/VisitRogatec\/\",\"https:\/\/www.instagram.com\/visitrogatec\/\",\"https:\/\/www.youtube.com\/channel\/UC0j4SRaLd9oSppR8hwVd5tw\"]}]}<\/script>\n<!-- \/ Yoast SEO plugin. -->","yoast_head_json":{"title":"Videonadzor zunanjih jaslic - Ob\u010dina Rogatec","robots":{"index":"index","follow":"follow","max-snippet":"max-snippet:-1","max-image-preview":"max-image-preview:large","max-video-preview":"max-video-preview:-1"},"canonical":"https:\/\/obcina.rogatec.si\/politika-varstva-osebnih-podatkov\/videonadzor-zunanjih-jaslic\/","og_locale":"sl_SI","og_type":"article","og_title":"Videonadzor zunanjih jaslic - Ob\u010dina Rogatec","og_description":"OBVESTILO POSAMEZNIKOM PO 76. \u010cLENU ZAKONA O VARSTVU OSEBNIH PODATKOV (ZVOP-2) v povezavi s 13. \u010dlenom GDPR \u2013 izvajanje videonadzora na javni povr\u0161ini: ZUNANJE JASLICE NA OBMO\u010cJU ROGATCA (Trg Rogatec &#8211; Slom\u0161kova ulica &#8211; Obrtni\u0161ka ulica) 1. Upravljavec zbirke osebnih podatkov: Ob\u010dina Rogatec, Pot k ribniku 4, 3252 Rogatec, tel.: 03\/812 10 00, e-po\u0161ta: obcina@rogatec.si [&hellip;]","og_url":"https:\/\/obcina.rogatec.si\/politika-varstva-osebnih-podatkov\/videonadzor-zunanjih-jaslic\/","og_site_name":"Ob\u010dina Rogatec","article_publisher":"https:\/\/www.facebook.com\/VisitRogatec\/","og_image":[{"width":1900,"height":1262,"url":"https:\/\/obcina.rogatec.si\/wp-content\/uploads\/2013\/10\/MUZEJ-NA-PROSTEM-ROGATEC.jpg","type":"image\/jpeg"}],"twitter_card":"summary_large_image","twitter_misc":{"Est. reading time":"3 minute"},"schema":{"@context":"https:\/\/schema.org","@graph":[{"@type":"WebPage","@id":"https:\/\/obcina.rogatec.si\/politika-varstva-osebnih-podatkov\/videonadzor-zunanjih-jaslic\/","url":"https:\/\/obcina.rogatec.si\/politika-varstva-osebnih-podatkov\/videonadzor-zunanjih-jaslic\/","name":"Videonadzor zunanjih jaslic - Ob\u010dina Rogatec","isPartOf":{"@id":"https:\/\/obcina.rogatec.si\/#website"},"datePublished":"2025-12-17T08:37:03+00:00","breadcrumb":{"@id":"https:\/\/obcina.rogatec.si\/politika-varstva-osebnih-podatkov\/videonadzor-zunanjih-jaslic\/#breadcrumb"},"inLanguage":"sl-SI","potentialAction":[{"@type":"ReadAction","target":["https:\/\/obcina.rogatec.si\/politika-varstva-osebnih-podatkov\/videonadzor-zunanjih-jaslic\/"]}]},{"@type":"BreadcrumbList","@id":"https:\/\/obcina.rogatec.si\/politika-varstva-osebnih-podatkov\/videonadzor-zunanjih-jaslic\/#breadcrumb","itemListElement":[{"@type":"ListItem","position":1,"name":"Domov","item":"https:\/\/obcina.rogatec.si\/"},{"@type":"ListItem","position":2,"name":"Varstvo osebnih podatkov","item":"https:\/\/obcina.rogatec.si\/politika-varstva-osebnih-podatkov\/"},{"@type":"ListItem","position":3,"name":"Videonadzor zunanjih jaslic"}]},{"@type":"WebSite","@id":"https:\/\/obcina.rogatec.si\/#website","url":"https:\/\/obcina.rogatec.si\/","name":"Ob\u010dina Rogatec","description":"Uradni spletni portal Ob\u010dine Rogatec","publisher":{"@id":"https:\/\/obcina.rogatec.si\/#organization"},"potentialAction":[{"@type":"SearchAction","target":{"@type":"EntryPoint","urlTemplate":"https:\/\/obcina.rogatec.si\/?s={search_term_string}"},"query-input":{"@type":"PropertyValueSpecification","valueRequired":true,"valueName":"search_term_string"}}],"inLanguage":"sl-SI"},{"@type":"Organization","@id":"https:\/\/obcina.rogatec.si\/#organization","name":"Ob\u010dina Rogatec","url":"https:\/\/obcina.rogatec.si\/","logo":{"@type":"ImageObject","inLanguage":"sl-SI","@id":"https:\/\/obcina.rogatec.si\/#\/schema\/logo\/image\/","url":"https:\/\/obcina.rogatec.si\/wp-content\/uploads\/2021\/01\/ObcinaRogatec_col.png","contentUrl":"https:\/\/obcina.rogatec.si\/wp-content\/uploads\/2021\/01\/ObcinaRogatec_col.png","width":275,"height":100,"caption":"Ob\u010dina Rogatec"},"image":{"@id":"https:\/\/obcina.rogatec.si\/#\/schema\/logo\/image\/"},"sameAs":["https:\/\/www.facebook.com\/VisitRogatec\/","https:\/\/www.instagram.com\/visitrogatec\/","https:\/\/www.youtube.com\/channel\/UC0j4SRaLd9oSppR8hwVd5tw"]}]}},"uagb_featured_image_src":{"full":false,"thumbnail":false,"medium":false,"medium_large":false,"large":false,"1536x1536":false,"2048x2048":false,"XXS":false,"XS":false,"S":false,"M":false,"L":false,"XL":false},"uagb_author_info":{"display_name":"Ob\u010dina Rogatec","author_link":"https:\/\/obcina.rogatec.si\/author\/vedran72\/"},"uagb_comment_info":0,"uagb_excerpt":"OBVESTILO POSAMEZNIKOM PO 76. \u010cLENU ZAKONA O VARSTVU OSEBNIH PODATKOV (ZVOP-2) v povezavi s 13. \u010dlenom GDPR \u2013 izvajanje videonadzora na javni povr\u0161ini: ZUNANJE JASLICE NA OBMO\u010cJU ROGATCA (Trg Rogatec &#8211; Slom\u0161kova ulica &#8211; Obrtni\u0161ka ulica) 1. Upravljavec zbirke osebnih podatkov: Ob\u010dina Rogatec, Pot k ribniku 4, 3252 Rogatec, tel.: 03\/812 10 00, e-po\u0161ta: obcina@rogatec.si&hellip;","_links":{"self":[{"href":"https:\/\/obcina.rogatec.si\/wp-json\/wp\/v2\/pages\/510484","targetHints":{"allow":["GET"]}}],"collection":[{"href":"https:\/\/obcina.rogatec.si\/wp-json\/wp\/v2\/pages"}],"about":[{"href":"https:\/\/obcina.rogatec.si\/wp-json\/wp\/v2\/types\/page"}],"author":[{"embeddable":true,"href":"https:\/\/obcina.rogatec.si\/wp-json\/wp\/v2\/users\/1"}],"replies":[{"embeddable":true,"href":"https:\/\/obcina.rogatec.si\/wp-json\/wp\/v2\/comments?post=510484"}],"version-history":[{"count":1,"href":"https:\/\/obcina.rogatec.si\/wp-json\/wp\/v2\/pages\/510484\/revisions"}],"predecessor-version":[{"id":510485,"href":"https:\/\/obcina.rogatec.si\/wp-json\/wp\/v2\/pages\/510484\/revisions\/510485"}],"up":[{"embeddable":true,"href":"https:\/\/obcina.rogatec.si\/wp-json\/wp\/v2\/pages\/503354"}],"wp:attachment":[{"href":"https:\/\/obcina.rogatec.si\/wp-json\/wp\/v2\/media?parent=510484"}],"curies":[{"name":"wp","href":"https:\/\/api.w.org\/{rel}","templated":true}]}}