{"id":509502,"date":"2024-04-16T08:37:32","date_gmt":"2024-04-16T06:37:32","guid":{"rendered":"https:\/\/obcina.rogatec.si\/?page_id=509502"},"modified":"2024-04-16T08:56:00","modified_gmt":"2024-04-16T06:56:00","slug":"projekti-v-letu-2023","status":"publish","type":"page","link":"https:\/\/obcina.rogatec.si\/projekti-v-letu-2023\/","title":{"rendered":"PROJEKTI V LETU 2023"},"content":{"rendered":"\n<p><strong>Rogatec, september 2023<\/strong><\/p>\n\n\n\n<h2 class=\"wp-block-heading\">VRTEC ROGATEC<\/h2>\n\n\n\n<p>Novembra lanskega leta je Ob\u010dina Rogatec predala svojemu namenu 6-oddel\u010dni skoraj ni\u010d-energijski vrtec v Rogatcu. Leseni objekt, z minimalno porabo energentov, predstavlja pomembno pridobitev za najmlaj\u0161e generacije. Novozgrajeni vrtec Rogatec je primer dobre prakse lesene gradnje javnih objektov za izvajanje pred\u0161olske vzgoje in izobra\u017eevanja ter primer sodobnega pristopa k oblikovanju prostorov za izvajanje vzgojno-izobra\u017eevalnih procesov. Prav Novozgrajeni objekt predstavlja, zraven zgrajene \u0161portne infrastrukture zaklju\u010deno celoto kompleksa na obmo\u010dju ureditvenega na\u010drta O\u0160 Rogatec. V leto\u0161njem letu so bile odpravljene nepravilnosti, dokon\u010dna primopredaja objekta in zaklju\u010deno financiranje del izvajalcem.<\/p>\n\n\n\n<figure class=\"wp-block-image size-full\"><img loading=\"lazy\" decoding=\"async\" width=\"454\" height=\"302\" src=\"https:\/\/obcina.rogatec.si\/wp-content\/uploads\/2024\/04\/vrtec.jpg\" alt=\"\" class=\"wp-image-509503\" srcset=\"https:\/\/obcina.rogatec.si\/wp-content\/uploads\/2024\/04\/vrtec.jpg 454w, https:\/\/obcina.rogatec.si\/wp-content\/uploads\/2024\/04\/vrtec-300x200.jpg 300w, https:\/\/obcina.rogatec.si\/wp-content\/uploads\/2024\/04\/vrtec-450x300.jpg 450w\" sizes=\"auto, (max-width: 454px) 100vw, 454px\" \/><\/figure>\n\n\n\n<hr class=\"wp-block-separator has-alpha-channel-opacity is-style-default\"\/>\n\n\n\n<h2 class=\"wp-block-heading\">DOM UPOKOJENCEV<\/h2>\n\n\n\n<p>Od junija lanskega leta se na obmo\u010dju Hofmanove ulice v Rogatcu gradi dislocirana enota Doma upokojencev \u0160marje pri Jel\u0161ah. Izgradnja objekta je v zaklju\u010dni fazi in se bo do konca leta tudi predala svojemu namenu. Enota doma starej\u0161ih bo namenjena 35 oskrbovancem in s tem bo lahko marsikateri na\u0161 ob\u010dan, ki bo \u017eelel v dom, svojo starost pre\u017eivel v doma\u010dem kraju. Projekt, ki se izvaja, je rezultat dobrega sodelovanja, v preteklih letih, odgovornih s strani Ministrstva za delo, dru\u017eino in socialne zadeve, Doma upokojencev \u0160marje pri Jel\u0161ah in Ob\u010dine Rogatec. Projekt se financira&nbsp; z evropskimi sredstvi.<\/p>\n\n\n\n<figure class=\"wp-block-image size-full\"><img loading=\"lazy\" decoding=\"async\" width=\"314\" height=\"209\" src=\"https:\/\/obcina.rogatec.si\/wp-content\/uploads\/2024\/04\/dom-upokojencev.jpg\" alt=\"\" class=\"wp-image-509504\" srcset=\"https:\/\/obcina.rogatec.si\/wp-content\/uploads\/2024\/04\/dom-upokojencev.jpg 314w, https:\/\/obcina.rogatec.si\/wp-content\/uploads\/2024\/04\/dom-upokojencev-300x200.jpg 300w\" sizes=\"auto, (max-width: 314px) 100vw, 314px\" \/><\/figure>\n\n\n\n<hr class=\"wp-block-separator has-alpha-channel-opacity is-style-default\"\/>\n\n\n\n<h2 class=\"wp-block-heading\">PRIZIDEK GASILSKI DOM DONA\u010cKA GORA<\/h2>\n\n\n\n<p>Ob\u010dina Rogatec je pri\u010dela z izgradnjo prizidka va\u0161ko-gasilskega doma Dona\u010dka Gora. Pridobila se bo dodatna gara\u017ea za potrebe gasilcev, prav tako se bo pove\u010dala obstoje\u010da dvorana, ki je namenjena za razli\u010dne prireditve in slovesnosti. Preuredili se bodo sanitarni prostori, kuhinja in sejna soba.&nbsp;<\/p>\n\n\n\n<figure class=\"wp-block-image size-full\"><img loading=\"lazy\" decoding=\"async\" width=\"323\" height=\"215\" src=\"https:\/\/obcina.rogatec.si\/wp-content\/uploads\/2024\/04\/prizidel-gasilski.jpg\" alt=\"\" class=\"wp-image-509505\" srcset=\"https:\/\/obcina.rogatec.si\/wp-content\/uploads\/2024\/04\/prizidel-gasilski.jpg 323w, https:\/\/obcina.rogatec.si\/wp-content\/uploads\/2024\/04\/prizidel-gasilski-300x200.jpg 300w\" sizes=\"auto, (max-width: 323px) 100vw, 323px\" \/><\/figure>\n\n\n\n<hr class=\"wp-block-separator has-alpha-channel-opacity is-style-default\"\/>\n\n\n\n<h2 class=\"wp-block-heading\">DR\u017dAVNE KOLESARSKE POVEZAVE<\/h2>\n\n\n\n<p>V mesecu avgustu preteklega leta se je pri\u010delo z izgradnjo daljinskih kolesarskih povezav na obmo\u010dju ob\u010din \u0160entjur, \u0160marje pri Jel\u0161ah, Roga\u0161ka Slatina in Rogatec.<\/p>\n\n\n\n<p>Na obmo\u010dju ob\u010dine Rogatec se gradi&nbsp; kolesarska povezava Brezovec-Rogatec-Muzej na prostem-stanovanjsko obmo\u010dje S5, v dol\u017eini cca 3.550 m, od tega bo 550 m potekalo po obstoje\u010dem vozi\u0161\u010du, po principu \u00bbsharrow. Dolo\u010deni odseki so \u017ee v zaklju\u010dni fazi, kar pomeni, da so asfaltirani in izvedena javna razsvetljava. Pripravljene so tudi lokacije za po\u010divali\u0161\u010da za kolesarje, ki se dobo opremila \u0161e s klopmi, pitniki vode in enoto za servis koles. Zaklju\u010den projekt bo predstavljal velik korak k trajnostni mobilnosti na obmo\u010dju na\u0161e ob\u010dine.<\/p>\n\n\n\n<figure class=\"wp-block-image size-full\"><img loading=\"lazy\" decoding=\"async\" width=\"336\" height=\"224\" src=\"https:\/\/obcina.rogatec.si\/wp-content\/uploads\/2024\/04\/kolesarske.jpg\" alt=\"\" class=\"wp-image-509506\" srcset=\"https:\/\/obcina.rogatec.si\/wp-content\/uploads\/2024\/04\/kolesarske.jpg 336w, https:\/\/obcina.rogatec.si\/wp-content\/uploads\/2024\/04\/kolesarske-300x200.jpg 300w\" sizes=\"auto, (max-width: 336px) 100vw, 336px\" \/><\/figure>\n\n\n\n<hr class=\"wp-block-separator has-alpha-channel-opacity is-style-default\"\/>\n\n\n\n<h2 class=\"wp-block-heading\">AKTIVNOSTI OB\u010cINE ROGATEC V LETU 2023 NA PODRO\u010cJU UREJANJA INFRASTRUKTURE \u0160IROKOPASOVNEGA OPTI\u010cNEGA OMRE\u017dJA IN KVALITETNEGA MOBILNEGA SIGNALA NA OBMO\u010cJU CELOTNE OB\u010cINE<\/h2>\n\n\n\n<figure class=\"wp-block-image size-full\"><img loading=\"lazy\" decoding=\"async\" width=\"284\" height=\"126\" src=\"https:\/\/obcina.rogatec.si\/wp-content\/uploads\/2024\/04\/rune.png\" alt=\"\" class=\"wp-image-509507\"\/><\/figure>\n\n\n\n<p>V okviru projekta RUNE se v Ob\u010dini Rogatec gradi \u0161irokopasovna opti\u010dna infrastruktura, kar bo prebivalcem omogo\u010dilo hitrosti interneta preko 1 Gbps. Dela na omre\u017eju RUNE potekajo po celotni ob\u010dini, vklju\u010dno z omre\u017ejem med naselji in povezavo do uporabnikov. Do zdaj je bilo zgrajenih pribli\u017eno 25 km omre\u017eja. Prvi uporabniki naj bi bili priklju\u010deni na omre\u017eje \u017ee septembra 2023. S tem se Rogatec uvr\u0161\u010da med ob\u010dine, ki postavljajo visoke standarde povezljivosti in tehnolo\u0161kega napredka.<\/p>\n\n\n\n<p>Ob\u010dina Rogatec se aktivno ukvarja z izbolj\u0161anjem mobilnega signala na svojem obmo\u010dju. Nedavne meritve Agencije za komunikacijska omre\u017eja ka\u017eejo slabo kakovost \u0161irokopasovne storitve mobilnih omre\u017eij v ob\u010dini, \u0161e posebej na obmejnih podro\u010djih. Mobilni operaterji so se odzvali na te te\u017eave in izvedli lastne meritve. Konkretno Telemach je \u017ee sprejel ukrepe za izbolj\u0161anje signala z namestitvijo dveh novih mobilnih oddajnikov \u2013 eden pri parkiri\u0161\u010du za tovorna vozila, drugi pa pri Svetem Roku v Dobovcu. Pri\u010dakuje se, da se bodo pridru\u017eili tudi drugi operaterji, ki nudijo storitve na obmo\u010dju na\u0161e ob\u010dine, Telekom Slovenije in A1, ter izbolj\u0161ali pokritost za svoje uporabnike. Skupna prizadevanja Ob\u010dine in operaterjev ka\u017eejo na pozitiven napredek k visokokakovostni mobilni komunikaciji v ob\u010dini Rogatec.<\/p>\n\n\n\n<hr class=\"wp-block-separator has-alpha-channel-opacity is-style-default\"\/>\n\n\n\n<h2 class=\"wp-block-heading\">CRO-SI-SAFE<\/h2>\n\n\n\n<p>V sklopu projekta \u00bbCRO-SI-SAFE\u00ab, ki je sofinanciran preko&nbsp; javnega razpisa Interreg V\u2013A Slovenija \u2013 Hrva\u0161ka, je Ob\u010dina Rogatec, skupaj s partnerji, prispevala k izbolj\u0161anju sodelovanja&nbsp; nujnih slu\u017eb Krapinsko-zagorske \u017eupanije in Savinjske regije in pove\u010dala raven znanja in kompetenc re\u0161evalnih slu\u017eb ob naravnih in drugih nesre\u010dah.<\/p>\n\n\n\n<p>Ob\u010dina Rogatec je nabavila opremo za hitre intervencije, terensko vozilo Ford ranger,&nbsp; ter opremo za re\u0161evanje, delovno platformo, vi\u0161ine 16 m, za re\u0161evanje na vi\u0161ini, katera je dana v souporabo gasilcem. Kupila je tudi \u0161otor, velikosti 40&#215;10 m. Izdelala je VR aplikacijo &#8211; edukativne igre o nesre\u010dah (po\u017ear, poplava, potres), z namenom bolj\u0161e priprave na odziv med nesre\u010do in po njej.<\/p>\n\n\n\n<p>Z nabavljeno opremo upravlja civilna za\u0161\u010dita in gasilska dru\u0161tva v ob\u010dini Rogatec, z VR o\u010dali pa Zavod za kulturo, turizem in razvoj Rogatec in jih je mo\u017eno poizkusiti&nbsp; v t.i. do\u017eivljajski sobi na dvorcu Strmol.<\/p>\n\n\n\n<figure class=\"wp-block-gallery has-nested-images columns-default is-cropped wp-block-gallery-1 is-layout-flex wp-block-gallery-is-layout-flex\">\n<figure class=\"wp-block-image size-large\"><img loading=\"lazy\" decoding=\"async\" width=\"767\" height=\"575\" data-id=\"509512\" src=\"https:\/\/obcina.rogatec.si\/wp-content\/uploads\/2024\/04\/cro-si-safe-01.jpg\" alt=\"\" class=\"wp-image-509512\" srcset=\"https:\/\/obcina.rogatec.si\/wp-content\/uploads\/2024\/04\/cro-si-safe-01.jpg 767w, https:\/\/obcina.rogatec.si\/wp-content\/uploads\/2024\/04\/cro-si-safe-01-300x225.jpg 300w\" sizes=\"auto, (max-width: 767px) 100vw, 767px\" \/><\/figure>\n\n\n\n<figure class=\"wp-block-image size-large\"><img loading=\"lazy\" decoding=\"async\" width=\"774\" height=\"581\" data-id=\"509511\" src=\"https:\/\/obcina.rogatec.si\/wp-content\/uploads\/2024\/04\/cro-si-safe-02.jpg\" alt=\"\" class=\"wp-image-509511\" srcset=\"https:\/\/obcina.rogatec.si\/wp-content\/uploads\/2024\/04\/cro-si-safe-02.jpg 774w, https:\/\/obcina.rogatec.si\/wp-content\/uploads\/2024\/04\/cro-si-safe-02-300x225.jpg 300w, https:\/\/obcina.rogatec.si\/wp-content\/uploads\/2024\/04\/cro-si-safe-02-768x576.jpg 768w\" sizes=\"auto, (max-width: 774px) 100vw, 774px\" \/><\/figure>\n\n\n\n<figure class=\"wp-block-image size-large\"><img loading=\"lazy\" decoding=\"async\" width=\"781\" height=\"614\" data-id=\"509513\" src=\"https:\/\/obcina.rogatec.si\/wp-content\/uploads\/2024\/04\/cro-si-safe-03.jpg\" alt=\"\" class=\"wp-image-509513\" srcset=\"https:\/\/obcina.rogatec.si\/wp-content\/uploads\/2024\/04\/cro-si-safe-03.jpg 781w, https:\/\/obcina.rogatec.si\/wp-content\/uploads\/2024\/04\/cro-si-safe-03-300x236.jpg 300w, https:\/\/obcina.rogatec.si\/wp-content\/uploads\/2024\/04\/cro-si-safe-03-768x604.jpg 768w\" sizes=\"auto, (max-width: 781px) 100vw, 781px\" \/><\/figure>\n\n\n\n<figure class=\"wp-block-image size-large\"><img loading=\"lazy\" decoding=\"async\" width=\"783\" height=\"587\" data-id=\"509510\" src=\"https:\/\/obcina.rogatec.si\/wp-content\/uploads\/2024\/04\/cro-si-safe-04.jpg\" alt=\"\" class=\"wp-image-509510\" srcset=\"https:\/\/obcina.rogatec.si\/wp-content\/uploads\/2024\/04\/cro-si-safe-04.jpg 783w, https:\/\/obcina.rogatec.si\/wp-content\/uploads\/2024\/04\/cro-si-safe-04-300x225.jpg 300w, https:\/\/obcina.rogatec.si\/wp-content\/uploads\/2024\/04\/cro-si-safe-04-768x576.jpg 768w\" sizes=\"auto, (max-width: 783px) 100vw, 783px\" \/><\/figure>\n<\/figure>\n","protected":false},"excerpt":{"rendered":"<p>Rogatec, september 2023 VRTEC ROGATEC Novembra lanskega leta je Ob\u010dina Rogatec predala svojemu namenu 6-oddel\u010dni skoraj ni\u010d-energijski vrtec v Rogatcu. Leseni objekt, z minimalno porabo energentov, predstavlja pomembno pridobitev za najmlaj\u0161e generacije. Novozgrajeni vrtec Rogatec je primer dobre prakse lesene gradnje javnih objektov za izvajanje pred\u0161olske vzgoje in izobra\u017eevanja ter primer sodobnega pristopa k oblikovanju [&hellip;]<\/p>\n","protected":false},"author":1,"featured_media":0,"parent":0,"menu_order":0,"comment_status":"closed","ping_status":"closed","template":"","meta":{"_uag_custom_page_level_css":"","footnotes":""},"class_list":["post-509502","page","type-page","status-publish","hentry"],"yoast_head":"<!-- This site is optimized with the Yoast SEO plugin v27.2 - https:\/\/yoast.com\/product\/yoast-seo-wordpress\/ -->\n<title>PROJEKTI V LETU 2023 - Ob\u010dina Rogatec<\/title>\n<meta name=\"robots\" content=\"index, follow, max-snippet:-1, max-image-preview:large, max-video-preview:-1\" \/>\n<link rel=\"canonical\" href=\"https:\/\/obcina.rogatec.si\/projekti-v-letu-2023\/\" \/>\n<meta property=\"og:locale\" content=\"sl_SI\" \/>\n<meta property=\"og:type\" content=\"article\" \/>\n<meta property=\"og:title\" content=\"PROJEKTI V LETU 2023 - Ob\u010dina Rogatec\" \/>\n<meta property=\"og:description\" content=\"Rogatec, september 2023 VRTEC ROGATEC Novembra lanskega leta je Ob\u010dina Rogatec predala svojemu namenu 6-oddel\u010dni skoraj ni\u010d-energijski vrtec v Rogatcu. Leseni objekt, z minimalno porabo energentov, predstavlja pomembno pridobitev za najmlaj\u0161e generacije. Novozgrajeni vrtec Rogatec je primer dobre prakse lesene gradnje javnih objektov za izvajanje pred\u0161olske vzgoje in izobra\u017eevanja ter primer sodobnega pristopa k oblikovanju [&hellip;]\" \/>\n<meta property=\"og:url\" content=\"https:\/\/obcina.rogatec.si\/projekti-v-letu-2023\/\" \/>\n<meta property=\"og:site_name\" content=\"Ob\u010dina Rogatec\" \/>\n<meta property=\"article:publisher\" content=\"https:\/\/www.facebook.com\/VisitRogatec\/\" \/>\n<meta property=\"article:modified_time\" content=\"2024-04-16T06:56:00+00:00\" \/>\n<meta property=\"og:image\" content=\"https:\/\/obcina.rogatec.si\/wp-content\/uploads\/2024\/04\/vrtec.jpg\" \/>\n<meta name=\"twitter:card\" content=\"summary_large_image\" \/>\n<meta name=\"twitter:label1\" content=\"Est. reading time\" \/>\n\t<meta name=\"twitter:data1\" content=\"6 minut\" \/>\n<script type=\"application\/ld+json\" class=\"yoast-schema-graph\">{\"@context\":\"https:\/\/schema.org\",\"@graph\":[{\"@type\":\"WebPage\",\"@id\":\"https:\/\/obcina.rogatec.si\/projekti-v-letu-2023\/\",\"url\":\"https:\/\/obcina.rogatec.si\/projekti-v-letu-2023\/\",\"name\":\"PROJEKTI V LETU 2023 - Ob\u010dina Rogatec\",\"isPartOf\":{\"@id\":\"https:\/\/obcina.rogatec.si\/#website\"},\"primaryImageOfPage\":{\"@id\":\"https:\/\/obcina.rogatec.si\/projekti-v-letu-2023\/#primaryimage\"},\"image\":{\"@id\":\"https:\/\/obcina.rogatec.si\/projekti-v-letu-2023\/#primaryimage\"},\"thumbnailUrl\":\"https:\/\/obcina.rogatec.si\/wp-content\/uploads\/2024\/04\/vrtec.jpg\",\"datePublished\":\"2024-04-16T06:37:32+00:00\",\"dateModified\":\"2024-04-16T06:56:00+00:00\",\"breadcrumb\":{\"@id\":\"https:\/\/obcina.rogatec.si\/projekti-v-letu-2023\/#breadcrumb\"},\"inLanguage\":\"sl-SI\",\"potentialAction\":[{\"@type\":\"ReadAction\",\"target\":[\"https:\/\/obcina.rogatec.si\/projekti-v-letu-2023\/\"]}]},{\"@type\":\"ImageObject\",\"inLanguage\":\"sl-SI\",\"@id\":\"https:\/\/obcina.rogatec.si\/projekti-v-letu-2023\/#primaryimage\",\"url\":\"https:\/\/obcina.rogatec.si\/wp-content\/uploads\/2024\/04\/vrtec.jpg\",\"contentUrl\":\"https:\/\/obcina.rogatec.si\/wp-content\/uploads\/2024\/04\/vrtec.jpg\",\"width\":454,\"height\":302},{\"@type\":\"BreadcrumbList\",\"@id\":\"https:\/\/obcina.rogatec.si\/projekti-v-letu-2023\/#breadcrumb\",\"itemListElement\":[{\"@type\":\"ListItem\",\"position\":1,\"name\":\"Domov\",\"item\":\"https:\/\/obcina.rogatec.si\/\"},{\"@type\":\"ListItem\",\"position\":2,\"name\":\"PROJEKTI V LETU 2023\"}]},{\"@type\":\"WebSite\",\"@id\":\"https:\/\/obcina.rogatec.si\/#website\",\"url\":\"https:\/\/obcina.rogatec.si\/\",\"name\":\"Ob\u010dina Rogatec\",\"description\":\"Uradni spletni portal Ob\u010dine Rogatec\",\"publisher\":{\"@id\":\"https:\/\/obcina.rogatec.si\/#organization\"},\"potentialAction\":[{\"@type\":\"SearchAction\",\"target\":{\"@type\":\"EntryPoint\",\"urlTemplate\":\"https:\/\/obcina.rogatec.si\/?s={search_term_string}\"},\"query-input\":{\"@type\":\"PropertyValueSpecification\",\"valueRequired\":true,\"valueName\":\"search_term_string\"}}],\"inLanguage\":\"sl-SI\"},{\"@type\":\"Organization\",\"@id\":\"https:\/\/obcina.rogatec.si\/#organization\",\"name\":\"Ob\u010dina Rogatec\",\"url\":\"https:\/\/obcina.rogatec.si\/\",\"logo\":{\"@type\":\"ImageObject\",\"inLanguage\":\"sl-SI\",\"@id\":\"https:\/\/obcina.rogatec.si\/#\/schema\/logo\/image\/\",\"url\":\"https:\/\/obcina.rogatec.si\/wp-content\/uploads\/2021\/01\/ObcinaRogatec_col.png\",\"contentUrl\":\"https:\/\/obcina.rogatec.si\/wp-content\/uploads\/2021\/01\/ObcinaRogatec_col.png\",\"width\":275,\"height\":100,\"caption\":\"Ob\u010dina Rogatec\"},\"image\":{\"@id\":\"https:\/\/obcina.rogatec.si\/#\/schema\/logo\/image\/\"},\"sameAs\":[\"https:\/\/www.facebook.com\/VisitRogatec\/\",\"https:\/\/www.instagram.com\/visitrogatec\/\",\"https:\/\/www.youtube.com\/channel\/UC0j4SRaLd9oSppR8hwVd5tw\"]}]}<\/script>\n<!-- \/ Yoast SEO plugin. -->","yoast_head_json":{"title":"PROJEKTI V LETU 2023 - Ob\u010dina Rogatec","robots":{"index":"index","follow":"follow","max-snippet":"max-snippet:-1","max-image-preview":"max-image-preview:large","max-video-preview":"max-video-preview:-1"},"canonical":"https:\/\/obcina.rogatec.si\/projekti-v-letu-2023\/","og_locale":"sl_SI","og_type":"article","og_title":"PROJEKTI V LETU 2023 - Ob\u010dina Rogatec","og_description":"Rogatec, september 2023 VRTEC ROGATEC Novembra lanskega leta je Ob\u010dina Rogatec predala svojemu namenu 6-oddel\u010dni skoraj ni\u010d-energijski vrtec v Rogatcu. Leseni objekt, z minimalno porabo energentov, predstavlja pomembno pridobitev za najmlaj\u0161e generacije. Novozgrajeni vrtec Rogatec je primer dobre prakse lesene gradnje javnih objektov za izvajanje pred\u0161olske vzgoje in izobra\u017eevanja ter primer sodobnega pristopa k oblikovanju [&hellip;]","og_url":"https:\/\/obcina.rogatec.si\/projekti-v-letu-2023\/","og_site_name":"Ob\u010dina Rogatec","article_publisher":"https:\/\/www.facebook.com\/VisitRogatec\/","article_modified_time":"2024-04-16T06:56:00+00:00","og_image":[{"url":"https:\/\/obcina.rogatec.si\/wp-content\/uploads\/2024\/04\/vrtec.jpg","type":"","width":"","height":""}],"twitter_card":"summary_large_image","twitter_misc":{"Est. reading time":"6 minut"},"schema":{"@context":"https:\/\/schema.org","@graph":[{"@type":"WebPage","@id":"https:\/\/obcina.rogatec.si\/projekti-v-letu-2023\/","url":"https:\/\/obcina.rogatec.si\/projekti-v-letu-2023\/","name":"PROJEKTI V LETU 2023 - Ob\u010dina Rogatec","isPartOf":{"@id":"https:\/\/obcina.rogatec.si\/#website"},"primaryImageOfPage":{"@id":"https:\/\/obcina.rogatec.si\/projekti-v-letu-2023\/#primaryimage"},"image":{"@id":"https:\/\/obcina.rogatec.si\/projekti-v-letu-2023\/#primaryimage"},"thumbnailUrl":"https:\/\/obcina.rogatec.si\/wp-content\/uploads\/2024\/04\/vrtec.jpg","datePublished":"2024-04-16T06:37:32+00:00","dateModified":"2024-04-16T06:56:00+00:00","breadcrumb":{"@id":"https:\/\/obcina.rogatec.si\/projekti-v-letu-2023\/#breadcrumb"},"inLanguage":"sl-SI","potentialAction":[{"@type":"ReadAction","target":["https:\/\/obcina.rogatec.si\/projekti-v-letu-2023\/"]}]},{"@type":"ImageObject","inLanguage":"sl-SI","@id":"https:\/\/obcina.rogatec.si\/projekti-v-letu-2023\/#primaryimage","url":"https:\/\/obcina.rogatec.si\/wp-content\/uploads\/2024\/04\/vrtec.jpg","contentUrl":"https:\/\/obcina.rogatec.si\/wp-content\/uploads\/2024\/04\/vrtec.jpg","width":454,"height":302},{"@type":"BreadcrumbList","@id":"https:\/\/obcina.rogatec.si\/projekti-v-letu-2023\/#breadcrumb","itemListElement":[{"@type":"ListItem","position":1,"name":"Domov","item":"https:\/\/obcina.rogatec.si\/"},{"@type":"ListItem","position":2,"name":"PROJEKTI V LETU 2023"}]},{"@type":"WebSite","@id":"https:\/\/obcina.rogatec.si\/#website","url":"https:\/\/obcina.rogatec.si\/","name":"Ob\u010dina Rogatec","description":"Uradni spletni portal Ob\u010dine Rogatec","publisher":{"@id":"https:\/\/obcina.rogatec.si\/#organization"},"potentialAction":[{"@type":"SearchAction","target":{"@type":"EntryPoint","urlTemplate":"https:\/\/obcina.rogatec.si\/?s={search_term_string}"},"query-input":{"@type":"PropertyValueSpecification","valueRequired":true,"valueName":"search_term_string"}}],"inLanguage":"sl-SI"},{"@type":"Organization","@id":"https:\/\/obcina.rogatec.si\/#organization","name":"Ob\u010dina Rogatec","url":"https:\/\/obcina.rogatec.si\/","logo":{"@type":"ImageObject","inLanguage":"sl-SI","@id":"https:\/\/obcina.rogatec.si\/#\/schema\/logo\/image\/","url":"https:\/\/obcina.rogatec.si\/wp-content\/uploads\/2021\/01\/ObcinaRogatec_col.png","contentUrl":"https:\/\/obcina.rogatec.si\/wp-content\/uploads\/2021\/01\/ObcinaRogatec_col.png","width":275,"height":100,"caption":"Ob\u010dina Rogatec"},"image":{"@id":"https:\/\/obcina.rogatec.si\/#\/schema\/logo\/image\/"},"sameAs":["https:\/\/www.facebook.com\/VisitRogatec\/","https:\/\/www.instagram.com\/visitrogatec\/","https:\/\/www.youtube.com\/channel\/UC0j4SRaLd9oSppR8hwVd5tw"]}]}},"uagb_featured_image_src":{"full":false,"thumbnail":false,"medium":false,"medium_large":false,"large":false,"1536x1536":false,"2048x2048":false,"XXS":false,"XS":false,"S":false,"M":false,"L":false,"XL":false},"uagb_author_info":{"display_name":"Ob\u010dina Rogatec","author_link":"https:\/\/obcina.rogatec.si\/author\/vedran72\/"},"uagb_comment_info":0,"uagb_excerpt":"Rogatec, september 2023 VRTEC ROGATEC Novembra lanskega leta je Ob\u010dina Rogatec predala svojemu namenu 6-oddel\u010dni skoraj ni\u010d-energijski vrtec v Rogatcu. Leseni objekt, z minimalno porabo energentov, predstavlja pomembno pridobitev za najmlaj\u0161e generacije. Novozgrajeni vrtec Rogatec je primer dobre prakse lesene gradnje javnih objektov za izvajanje pred\u0161olske vzgoje in izobra\u017eevanja ter primer sodobnega pristopa k oblikovanju&hellip;","_links":{"self":[{"href":"https:\/\/obcina.rogatec.si\/wp-json\/wp\/v2\/pages\/509502","targetHints":{"allow":["GET"]}}],"collection":[{"href":"https:\/\/obcina.rogatec.si\/wp-json\/wp\/v2\/pages"}],"about":[{"href":"https:\/\/obcina.rogatec.si\/wp-json\/wp\/v2\/types\/page"}],"author":[{"embeddable":true,"href":"https:\/\/obcina.rogatec.si\/wp-json\/wp\/v2\/users\/1"}],"replies":[{"embeddable":true,"href":"https:\/\/obcina.rogatec.si\/wp-json\/wp\/v2\/comments?post=509502"}],"version-history":[{"count":2,"href":"https:\/\/obcina.rogatec.si\/wp-json\/wp\/v2\/pages\/509502\/revisions"}],"predecessor-version":[{"id":509517,"href":"https:\/\/obcina.rogatec.si\/wp-json\/wp\/v2\/pages\/509502\/revisions\/509517"}],"wp:attachment":[{"href":"https:\/\/obcina.rogatec.si\/wp-json\/wp\/v2\/media?parent=509502"}],"curies":[{"name":"wp","href":"https:\/\/api.w.org\/{rel}","templated":true}]}}