{"id":509068,"date":"2022-09-20T08:49:00","date_gmt":"2022-09-20T06:49:00","guid":{"rendered":"https:\/\/obcina.rogatec.si\/?page_id=509068"},"modified":"2023-09-20T09:32:33","modified_gmt":"2023-09-20T07:32:33","slug":"projekti-v-letu-2022","status":"publish","type":"page","link":"https:\/\/obcina.rogatec.si\/projekti-v-letu-2022\/","title":{"rendered":"PROJEKTI V LETU 2022"},"content":{"rendered":"\n<p><strong>Rogatec, september 2022<\/strong><\/p>\n\n\n\n<h2 class=\"wp-block-heading\">DOM STAREJ\u0160IH ROGATEC<\/h2>\n\n\n\n<p>V aprilu leto\u0161njega leta je bila podpisana gradbena pogodba za izvedbo del objekta dislocirane enote doma upokojencev v Rogatcu. Izgradnja doma starej\u0161ih na Hofmanovi ulici se je pri\u010dela v mesecu juniju, dela morajo biti zaklju\u010dena do konca poletja 2023.<\/p>\n\n\n\n<p>V postopku javnega naro\u010danja je Dom upokojencev \u0160marje pri Jel\u0161ah izbral ekonomsko najugodnej\u0161ega izvajalca del, Lesnino MG oprema, Ljubljana. S pogodbo je izvajalec prevzel v izvedbo projektiranje, gradbena, obrtni\u0161ka, zaklju\u010dna in instalacijska dela, dobavo in monta\u017eo opreme in izvedbo zunanje ureditve ter ostale storitve za namene graditve dislocirane enote Rogatec. Pogodbena vrednost zna\u0161a 3.325.737 EUR. Dom upokojencev \u0160marje pri Jel\u0161ah je uspe\u0161no kandidiral na javnem razpisu&nbsp; REACT-EU, Ministrstva za delo, dru\u017eino, socialne zadeve in enake mo\u017enosti in ve\u010dina finan\u010dnih sredstev bo zagotovljena s strani Evropskega sklada za regionalni razvoj.<\/p>\n\n\n\n<p>Pred tem je Ob\u010dina Rogatec, v dogovoru z Domom upokojencev \u0160marje pri Jel\u0161ah in Ministrstvom za delo, dru\u017eino, socialne zadeve in enake mo\u017enosti izvedla vse potrebne aktivnosti (na osnovi projektne dokumentacije pridobila gradbeno dovoljenje in zagotovila zemlji\u0161\u010de), kot pogoj za sofinanciranje projekta.<\/p>\n\n\n\n<p>Enota doma starej\u0161ih v Rogatcu bo namenjena za 35 oskrbovancev in s tem bo lahko marsikateri na\u0161 ob\u010dan, ki bo \u017eelel v dom, stojo starost pre\u017eivel v doma\u010dem kraju.<\/p>\n\n\n\n<figure class=\"wp-block-image size-full\"><img loading=\"lazy\" decoding=\"async\" width=\"960\" height=\"365\" src=\"https:\/\/obcina.rogatec.si\/wp-content\/uploads\/2023\/09\/OR01_domstarejsih.jpg\" alt=\"\" class=\"wp-image-509070\" srcset=\"https:\/\/obcina.rogatec.si\/wp-content\/uploads\/2023\/09\/OR01_domstarejsih.jpg 960w, https:\/\/obcina.rogatec.si\/wp-content\/uploads\/2023\/09\/OR01_domstarejsih-300x114.jpg 300w, https:\/\/obcina.rogatec.si\/wp-content\/uploads\/2023\/09\/OR01_domstarejsih-768x292.jpg 768w\" sizes=\"auto, (max-width: 960px) 100vw, 960px\" \/><\/figure>\n\n\n\n<figure class=\"wp-block-image size-full\"><img loading=\"lazy\" decoding=\"async\" width=\"605\" height=\"403\" src=\"https:\/\/obcina.rogatec.si\/wp-content\/uploads\/2023\/09\/OR02_domstarejsih.jpg\" alt=\"\" class=\"wp-image-509071\" srcset=\"https:\/\/obcina.rogatec.si\/wp-content\/uploads\/2023\/09\/OR02_domstarejsih.jpg 605w, https:\/\/obcina.rogatec.si\/wp-content\/uploads\/2023\/09\/OR02_domstarejsih-300x200.jpg 300w, https:\/\/obcina.rogatec.si\/wp-content\/uploads\/2023\/09\/OR02_domstarejsih-450x300.jpg 450w\" sizes=\"auto, (max-width: 605px) 100vw, 605px\" \/><\/figure>\n\n\n\n<div style=\"height:30px\" aria-hidden=\"true\" class=\"wp-block-spacer\"><\/div>\n\n\n\n<hr class=\"wp-block-separator has-alpha-channel-opacity is-style-wide\"\/>\n\n\n\n<div style=\"height:30px\" aria-hidden=\"true\" class=\"wp-block-spacer\"><\/div>\n\n\n\n<h2 class=\"wp-block-heading\">VRTEC ROGATEC&nbsp;<\/h2>\n\n\n\n<p>V zaklju\u010dni fazi so dela izgradnje skoraj ni\u010d-energijskega vrtca v Rogatcu. Prizidek k obstoje\u010demu objektu O\u0160 Rogatec, s 6 oddelki, razdelilno kuhinjo in vsemi potrebnimi spremljajo\u010dimi prostori in urejeno okolico bo predan svojemu namenu oktobra leto\u0161njega leta.<\/p>\n\n\n\n<p>Vrednost celotne&nbsp; investicije zna\u0161a 2,2 mio EUR. Projekt je sofinanciran s strani Ministrstva za izobra\u017eevanje, znanost in \u0161port ter Eko sklada. Ob\u010dina je za zaprtje finan\u010dne konstrukcije najela tudi kredit.<\/p>\n\n\n\n<p>Izvajalec gradbenih del je LESNINA MG OPREMA, d.d., Ljubljana, skupaj s podjetjem GES d.o.o., Celje. Opremo bo dobavilo podjetje MG IN\u017dENIRING, Rado Medle s.p.<\/p>\n\n\n\n<p>Z izgradnjo 6-oddel\u010dnega vrtca bo zagotovljeno enotno mesto za varstvo pred\u0161olskih otrok, ostal bo oddelek v Dobovcu.<\/p>\n\n\n\n<p>Vrtec je bil projektiran in tudi zgrajen kot leseni objekt, z minimalno porabo energentov, kar je v&nbsp; dana\u0161njem \u010dasu energetske krize &nbsp;in posledi\u010dno var\u010devanja z energijo, \u0161e kako pomembno.<\/p>\n\n\n\n<figure class=\"wp-block-image size-full\"><img loading=\"lazy\" decoding=\"async\" width=\"960\" height=\"641\" src=\"https:\/\/obcina.rogatec.si\/wp-content\/uploads\/2023\/09\/OR03_vrtec.jpg\" alt=\"\" class=\"wp-image-509072\" srcset=\"https:\/\/obcina.rogatec.si\/wp-content\/uploads\/2023\/09\/OR03_vrtec.jpg 960w, https:\/\/obcina.rogatec.si\/wp-content\/uploads\/2023\/09\/OR03_vrtec-300x200.jpg 300w, https:\/\/obcina.rogatec.si\/wp-content\/uploads\/2023\/09\/OR03_vrtec-768x513.jpg 768w, https:\/\/obcina.rogatec.si\/wp-content\/uploads\/2023\/09\/OR03_vrtec-450x300.jpg 450w\" sizes=\"auto, (max-width: 960px) 100vw, 960px\" \/><\/figure>\n\n\n\n<div style=\"height:30px\" aria-hidden=\"true\" class=\"wp-block-spacer\"><\/div>\n\n\n\n<hr class=\"wp-block-separator has-alpha-channel-opacity is-style-default\"\/>\n\n\n\n<div style=\"height:30px\" aria-hidden=\"true\" class=\"wp-block-spacer\"><\/div>\n\n\n\n<h2 class=\"wp-block-heading\">DR\u017dAVNE KOLESARSKE POVEZAVE<\/h2>\n\n\n\n<p><strong>V mesecu avgustu se je pri\u010delo z izgradnjo daljinskih kolesarskih povezav. V okviru Dogovora za razvoj regij je Slu\u017eba vlade za razvoj in evropsko kohezijsko politiko v septembru 2021 izdala odlo\u010ditev o podpori skupne operacije za gradnjo regionalnih kolesarskih povezav za zagotavljanje trajnostne mobilnosti, v katero so vklju\u010dene ob\u010dine: \u0160entjur, \u0160marje pri Jel\u0161ah, Roga\u0161ka Slatina in Rogatec. <\/strong><strong><\/strong><\/p>\n\n\n\n<p><strong>Na obmo\u010dju ob\u010dine Rogatec se bo zgradila kolesarska povezava <\/strong>Brezovec-Rogatec-Muzej na prostem-stanovanjsko obmo\u010dje S5, v dol\u017eini cca 3.550 m, od tega bo 550 m potekalo po obstoje\u010dem vozi\u0161\u010du, po principu \u00bbsharrow. V okviru izvedbe kolesarskih stez se bodo uredila tudi po\u010divali\u0161\u010da za kolesarje, opremljena s klopmi, pitniki vode in enoto za servis koles.<\/p>\n\n\n\n<p>Izvajalca del, VOC Celje d.o.o. in KIT-AK gradnje d.o.o., sta pri\u010dela z deli&nbsp; v drugi polovici avgusta. Dela na celotnem projektu se morajo kon\u010dati do konca leta 2023.<\/p>\n\n\n\n<figure class=\"wp-block-image size-full\"><img loading=\"lazy\" decoding=\"async\" width=\"605\" height=\"441\" src=\"https:\/\/obcina.rogatec.si\/wp-content\/uploads\/2023\/09\/OR04_kolesarske.jpg\" alt=\"\" class=\"wp-image-509073\" srcset=\"https:\/\/obcina.rogatec.si\/wp-content\/uploads\/2023\/09\/OR04_kolesarske.jpg 605w, https:\/\/obcina.rogatec.si\/wp-content\/uploads\/2023\/09\/OR04_kolesarske-300x219.jpg 300w\" sizes=\"auto, (max-width: 605px) 100vw, 605px\" \/><\/figure>\n\n\n\n<div style=\"height:30px\" aria-hidden=\"true\" class=\"wp-block-spacer\"><\/div>\n\n\n\n<hr class=\"wp-block-separator has-alpha-channel-opacity is-style-default\"\/>\n\n\n\n<div style=\"height:30px\" aria-hidden=\"true\" class=\"wp-block-spacer\"><\/div>\n\n\n\n<h2 class=\"wp-block-heading\">ZA\u0160\u010cITA IN PREZENTACIJA OSTANKOV GORNJEGA GRADU ROGATEC&nbsp;<\/h2>\n\n\n\n<p>Ob\u010dina Rogatec je bila uspe\u0161na ja javnem razpisu Ministrstva za kulturo za izbor kulturnih projektov na podro\u010dju nepremi\u010dne kulturne dedi\u0161\u010dine oznaka: JPR2-SVP-2021-22. Podpis pogodbe o financiranju spomeni\u0161kovarstvenega projekta v letu 2021\/2022 je sledil 23.7.2021.<\/p>\n\n\n\n<p>Izbrani izvajalec, Gradnje Margu\u010d d.o.o. je pri\u010del z delom 21.6.2021, zaklju\u010dek 30.9.2022.<\/p>\n\n\n\n<p>Izvedla so se dela \u010di\u0161\u010denja in sanacije ostankov enega vogalnega slopa z delom zidu.<\/p>\n\n\n\n<figure class=\"wp-block-image size-full\"><img loading=\"lazy\" decoding=\"async\" width=\"600\" height=\"800\" src=\"https:\/\/obcina.rogatec.si\/wp-content\/uploads\/2023\/09\/OR05_grad.jpg\" alt=\"\" class=\"wp-image-509074\" srcset=\"https:\/\/obcina.rogatec.si\/wp-content\/uploads\/2023\/09\/OR05_grad.jpg 600w, https:\/\/obcina.rogatec.si\/wp-content\/uploads\/2023\/09\/OR05_grad-225x300.jpg 225w\" sizes=\"auto, (max-width: 600px) 100vw, 600px\" \/><\/figure>\n\n\n\n<div style=\"height:30px\" aria-hidden=\"true\" class=\"wp-block-spacer\"><\/div>\n\n\n\n<hr class=\"wp-block-separator has-alpha-channel-opacity is-style-default\"\/>\n\n\n\n<div style=\"height:30px\" aria-hidden=\"true\" class=\"wp-block-spacer\"><\/div>\n\n\n\n<h2 class=\"wp-block-heading\">OK okusi<\/h2>\n\n\n\n<p>Ob\u010dina Rogatec je bila uspe\u0161na na 3. JAVNEM POZIVU za izbor operacij iz naslova podukrepa \u00bbPodpora za izvajanje operacij v okviru strategije lokalnega razvoja, ki ga vodi skupnost\u00ab za izvajanje Strategije lokalnega razvoja LAS Obsotelje in Kozjansko v obdobju 2014-2020, sofinancirane iz sklada ESRR, skupaj s partnerji Ob\u010dina Pod\u010detrtek, Ob\u010dina Roga\u0161ka Slatina, ZKTR Rogatec, KK Strmol in KZ \u0160marje pri Jel\u0161ah. Projekt prispeva k povezovanju in skupnemu nastopanju ponudnikov na trgu, ter odkritju in razvoju potenciala na obmo\u010dju LAS.<\/p>\n\n\n\n<p>V sklopu projekta bo Ob\u010dina Rogatec nabavila opremo za tr\u017eenje in prodajo lokalnih izdelkov: 6 kom lesenih hi\u0161k, nakup odra.<\/p>\n\n\n\n<div style=\"height:30px\" aria-hidden=\"true\" class=\"wp-block-spacer\"><\/div>\n\n\n\n<hr class=\"wp-block-separator has-alpha-channel-opacity is-style-default\"\/>\n\n\n\n<div style=\"height:30px\" aria-hidden=\"true\" class=\"wp-block-spacer\"><\/div>\n\n\n\n<h2 class=\"wp-block-heading\">Nadgradnja sodelovanja in partnerstva nujnih slu\u017eb Krapinsko-zagorske \u017eupanije in Savinjske regije; CRO-SI-SAFE<\/h2>\n\n\n\n<p><\/p>\n\n\n\n<p>Projekt je odobren za sofinanciranje preko&nbsp; javnega razpisa za predlo\u017eitev projektov v okviru Programa sodelovanja Interreg V-A Slovenija &#8211; Hrva\u0161ka,&nbsp; Slu\u017eba Vlade Republike Slovenije za razvoj in evropsko kohezijsko politiko.<\/p>\n\n\n\n<p>Sredstva Evropskega sklada za regionalni razvoj &#8211; 85%<\/p>\n\n\n\n<p>Lastna sredstva 15%<\/p>\n\n\n\n<p>Projektni partnerji:<\/p>\n\n\n\n<p>ZAGORSKA RAZVOJNA AGENCIJA<\/p>\n\n\n\n<p>KRAPINSKO-ZAGORSKA \u017dUPANIJA<\/p>\n\n\n\n<p>RAZVOJNA AGENCIJA SOTLA<\/p>\n\n\n\n<p>OB\u010cINA ROGATEC<\/p>\n\n\n\n<p>Z izvedbo projekta \u017eelimo izbolj\u0161ati \u010dezmejno partnerstvo re\u0161evalnih slu\u017eb in pove\u010dati raven znanja in kompetenc re\u0161evalnih slu\u017eb ob naravnih in drugih nesre\u010dah.<\/p>\n\n\n\n<p>Ustanovitev ekipe CRO-SI-SAFE bo zagotovila dodatne \u010dezmejne storitve in zdru\u017eila dele\u017enike iz razli\u010dnih sektorjev, kar bo zagotovilo izbolj\u0161anje \u010dezmejnega sodelovanja in pripravljenost v primeru resne potrebe po posredovanju.<\/p>\n\n\n\n<p>Aktivnosti OB\u010cINE ROGATEC<\/p>\n\n\n\n<p>Ob\u010dina Rogatec je v letu 2022&nbsp; izvajala promocijske aktivnosti ter sodelovala pri izvedbi aktivnostih povezovanja za hitre intervencije, izvedbi demonstracijskih vaj, izobra\u017eevanj, \u0161tudijskega potovanja.<\/p>\n\n\n\n<p>Za zagotovitev zadostne specifi\u010dne opreme za potrebe nujnih posegov v mno\u017ei\u010dnih nesre\u010dah v Savinjski regiji je Ob\u010dina Rogatec kupila opremo za hitro intervencijo (terensko vozilo 4&#215;4) ter podpisala pogodbo za dobavo opreme za re\u0161evanje v&nbsp; mno\u017ei\u010dnih nesre\u010dah (delovna platforma, vi\u0161ine 16 m, vgrajena na tovorno vozilo) &#8211; dobava do konca marca 2023.<\/p>\n\n\n\n<p>Ob\u010dina Rogatec je izdelala VR edukativne igre o nesre\u010dah (po\u017ear, poplava, potres) z namenom bolj\u0161e priprave re\u0161evalnih slu\u017eb in \u0161ir\u0161e javnosti na odziv med nesre\u010do in po njej. Aplikacija je v treh jezikih (sloven\u0161\u010dina, hrva\u0161\u010dina, angle\u0161\u010dina). Prav tako je kupila 10 kom VR o\u010dal.<\/p>\n\n\n\n<p>Virtualna resni\u010dnost se bo uporabljala za varno prikazovanje in simulacijo potencialnih nesre\u010d in nevarnosti med vsako od njih.<\/p>\n\n\n\n<p>V letu 2023 se planira nadaljevanje izvajanja projektnih aktivnosti, sodelovala bo pri izvedbi aktivnostih povezovanja za hitre intervencije, pripravi memoranduma o ustanovitvi ekipe CRO-SI-SAFE, izvedbi demonstracijskih vaj, izobra\u017eevanj, \u0161tudijskega potovanja, izvedbi predstavitve za otroke,&nbsp; ter izbolj\u0161anja zmogljivosti re\u0161evalnih slu\u017eb.<\/p>\n\n\n\n<p>Ob\u010dina bo nabavila tudi&nbsp; LCD ekran, kjer se bodo predvajali promocijski videoposnetki z namenom, da se podu\u010di o pravilnem odzivu med in po naravni katastrofi (potres, poplava itd.) oz. mno\u017ei\u010dnih nesre\u010dah (npr. trk vlakov itd.).<\/p>\n\n\n\n<p>Skupna vrednost izvedbe planiranih aktivnosti Ob\u010dine Rogatec zna\u0161a 246.119,50 EUR, planirano sofinanciranje ESRR predstavlja 85% vrednosti, kar zna\u0161a 209.201,58 EUR.. Za izvedbo planirana lastna sredstva Ob\u010dine Rogatec v vi\u0161ini 36.917,93 EUR.<\/p>\n\n\n\n<figure class=\"wp-block-image size-full\"><img loading=\"lazy\" decoding=\"async\" width=\"605\" height=\"454\" src=\"https:\/\/obcina.rogatec.si\/wp-content\/uploads\/2023\/09\/OR06_vozilo.jpg\" alt=\"\" class=\"wp-image-509075\" srcset=\"https:\/\/obcina.rogatec.si\/wp-content\/uploads\/2023\/09\/OR06_vozilo.jpg 605w, https:\/\/obcina.rogatec.si\/wp-content\/uploads\/2023\/09\/OR06_vozilo-300x225.jpg 300w\" sizes=\"auto, (max-width: 605px) 100vw, 605px\" \/><\/figure>\n\n\n\n<figure class=\"wp-block-image size-full\"><img loading=\"lazy\" decoding=\"async\" width=\"605\" height=\"454\" src=\"https:\/\/obcina.rogatec.si\/wp-content\/uploads\/2023\/09\/OR07_VR.jpg\" alt=\"\" class=\"wp-image-509076\" srcset=\"https:\/\/obcina.rogatec.si\/wp-content\/uploads\/2023\/09\/OR07_VR.jpg 605w, https:\/\/obcina.rogatec.si\/wp-content\/uploads\/2023\/09\/OR07_VR-300x225.jpg 300w\" sizes=\"auto, (max-width: 605px) 100vw, 605px\" \/><\/figure>\n","protected":false},"excerpt":{"rendered":"<p>Rogatec, september 2022 DOM STAREJ\u0160IH ROGATEC V aprilu leto\u0161njega leta je bila podpisana gradbena pogodba za izvedbo del objekta dislocirane enote doma upokojencev v Rogatcu. Izgradnja doma starej\u0161ih na Hofmanovi ulici se je pri\u010dela v mesecu juniju, dela morajo biti zaklju\u010dena do konca poletja 2023. V postopku javnega naro\u010danja je Dom upokojencev \u0160marje pri Jel\u0161ah [&hellip;]<\/p>\n","protected":false},"author":1,"featured_media":0,"parent":0,"menu_order":0,"comment_status":"closed","ping_status":"closed","template":"","meta":{"_uag_custom_page_level_css":"","footnotes":""},"class_list":["post-509068","page","type-page","status-publish","hentry"],"yoast_head":"<!-- This site is optimized with the Yoast SEO plugin v27.2 - https:\/\/yoast.com\/product\/yoast-seo-wordpress\/ -->\n<title>PROJEKTI V LETU 2022 - Ob\u010dina Rogatec<\/title>\n<meta name=\"robots\" content=\"index, follow, max-snippet:-1, max-image-preview:large, max-video-preview:-1\" \/>\n<link rel=\"canonical\" href=\"https:\/\/obcina.rogatec.si\/projekti-v-letu-2022\/\" \/>\n<meta property=\"og:locale\" content=\"sl_SI\" \/>\n<meta property=\"og:type\" content=\"article\" \/>\n<meta property=\"og:title\" content=\"PROJEKTI V LETU 2022 - Ob\u010dina Rogatec\" \/>\n<meta property=\"og:description\" content=\"Rogatec, september 2022 DOM STAREJ\u0160IH ROGATEC V aprilu leto\u0161njega leta je bila podpisana gradbena pogodba za izvedbo del objekta dislocirane enote doma upokojencev v Rogatcu. Izgradnja doma starej\u0161ih na Hofmanovi ulici se je pri\u010dela v mesecu juniju, dela morajo biti zaklju\u010dena do konca poletja 2023. V postopku javnega naro\u010danja je Dom upokojencev \u0160marje pri Jel\u0161ah [&hellip;]\" \/>\n<meta property=\"og:url\" content=\"https:\/\/obcina.rogatec.si\/projekti-v-letu-2022\/\" \/>\n<meta property=\"og:site_name\" content=\"Ob\u010dina Rogatec\" \/>\n<meta property=\"article:publisher\" content=\"https:\/\/www.facebook.com\/VisitRogatec\/\" \/>\n<meta property=\"article:modified_time\" content=\"2023-09-20T07:32:33+00:00\" \/>\n<meta property=\"og:image\" content=\"https:\/\/obcina.rogatec.si\/wp-content\/uploads\/2023\/09\/OR01_domstarejsih.jpg\" \/>\n<meta name=\"twitter:card\" content=\"summary_large_image\" \/>\n<meta name=\"twitter:label1\" content=\"Est. reading time\" \/>\n\t<meta name=\"twitter:data1\" content=\"8 minut\" \/>\n<script type=\"application\/ld+json\" class=\"yoast-schema-graph\">{\"@context\":\"https:\/\/schema.org\",\"@graph\":[{\"@type\":\"WebPage\",\"@id\":\"https:\/\/obcina.rogatec.si\/projekti-v-letu-2022\/\",\"url\":\"https:\/\/obcina.rogatec.si\/projekti-v-letu-2022\/\",\"name\":\"PROJEKTI V LETU 2022 - Ob\u010dina Rogatec\",\"isPartOf\":{\"@id\":\"https:\/\/obcina.rogatec.si\/#website\"},\"primaryImageOfPage\":{\"@id\":\"https:\/\/obcina.rogatec.si\/projekti-v-letu-2022\/#primaryimage\"},\"image\":{\"@id\":\"https:\/\/obcina.rogatec.si\/projekti-v-letu-2022\/#primaryimage\"},\"thumbnailUrl\":\"https:\/\/obcina.rogatec.si\/wp-content\/uploads\/2023\/09\/OR01_domstarejsih.jpg\",\"datePublished\":\"2022-09-20T06:49:00+00:00\",\"dateModified\":\"2023-09-20T07:32:33+00:00\",\"breadcrumb\":{\"@id\":\"https:\/\/obcina.rogatec.si\/projekti-v-letu-2022\/#breadcrumb\"},\"inLanguage\":\"sl-SI\",\"potentialAction\":[{\"@type\":\"ReadAction\",\"target\":[\"https:\/\/obcina.rogatec.si\/projekti-v-letu-2022\/\"]}]},{\"@type\":\"ImageObject\",\"inLanguage\":\"sl-SI\",\"@id\":\"https:\/\/obcina.rogatec.si\/projekti-v-letu-2022\/#primaryimage\",\"url\":\"https:\/\/obcina.rogatec.si\/wp-content\/uploads\/2023\/09\/OR01_domstarejsih.jpg\",\"contentUrl\":\"https:\/\/obcina.rogatec.si\/wp-content\/uploads\/2023\/09\/OR01_domstarejsih.jpg\",\"width\":960,\"height\":365},{\"@type\":\"BreadcrumbList\",\"@id\":\"https:\/\/obcina.rogatec.si\/projekti-v-letu-2022\/#breadcrumb\",\"itemListElement\":[{\"@type\":\"ListItem\",\"position\":1,\"name\":\"Domov\",\"item\":\"https:\/\/obcina.rogatec.si\/\"},{\"@type\":\"ListItem\",\"position\":2,\"name\":\"PROJEKTI V LETU 2022\"}]},{\"@type\":\"WebSite\",\"@id\":\"https:\/\/obcina.rogatec.si\/#website\",\"url\":\"https:\/\/obcina.rogatec.si\/\",\"name\":\"Ob\u010dina Rogatec\",\"description\":\"Uradni spletni portal Ob\u010dine Rogatec\",\"publisher\":{\"@id\":\"https:\/\/obcina.rogatec.si\/#organization\"},\"potentialAction\":[{\"@type\":\"SearchAction\",\"target\":{\"@type\":\"EntryPoint\",\"urlTemplate\":\"https:\/\/obcina.rogatec.si\/?s={search_term_string}\"},\"query-input\":{\"@type\":\"PropertyValueSpecification\",\"valueRequired\":true,\"valueName\":\"search_term_string\"}}],\"inLanguage\":\"sl-SI\"},{\"@type\":\"Organization\",\"@id\":\"https:\/\/obcina.rogatec.si\/#organization\",\"name\":\"Ob\u010dina Rogatec\",\"url\":\"https:\/\/obcina.rogatec.si\/\",\"logo\":{\"@type\":\"ImageObject\",\"inLanguage\":\"sl-SI\",\"@id\":\"https:\/\/obcina.rogatec.si\/#\/schema\/logo\/image\/\",\"url\":\"https:\/\/obcina.rogatec.si\/wp-content\/uploads\/2021\/01\/ObcinaRogatec_col.png\",\"contentUrl\":\"https:\/\/obcina.rogatec.si\/wp-content\/uploads\/2021\/01\/ObcinaRogatec_col.png\",\"width\":275,\"height\":100,\"caption\":\"Ob\u010dina Rogatec\"},\"image\":{\"@id\":\"https:\/\/obcina.rogatec.si\/#\/schema\/logo\/image\/\"},\"sameAs\":[\"https:\/\/www.facebook.com\/VisitRogatec\/\",\"https:\/\/www.instagram.com\/visitrogatec\/\",\"https:\/\/www.youtube.com\/channel\/UC0j4SRaLd9oSppR8hwVd5tw\"]}]}<\/script>\n<!-- \/ Yoast SEO plugin. -->","yoast_head_json":{"title":"PROJEKTI V LETU 2022 - Ob\u010dina Rogatec","robots":{"index":"index","follow":"follow","max-snippet":"max-snippet:-1","max-image-preview":"max-image-preview:large","max-video-preview":"max-video-preview:-1"},"canonical":"https:\/\/obcina.rogatec.si\/projekti-v-letu-2022\/","og_locale":"sl_SI","og_type":"article","og_title":"PROJEKTI V LETU 2022 - Ob\u010dina Rogatec","og_description":"Rogatec, september 2022 DOM STAREJ\u0160IH ROGATEC V aprilu leto\u0161njega leta je bila podpisana gradbena pogodba za izvedbo del objekta dislocirane enote doma upokojencev v Rogatcu. Izgradnja doma starej\u0161ih na Hofmanovi ulici se je pri\u010dela v mesecu juniju, dela morajo biti zaklju\u010dena do konca poletja 2023. V postopku javnega naro\u010danja je Dom upokojencev \u0160marje pri Jel\u0161ah [&hellip;]","og_url":"https:\/\/obcina.rogatec.si\/projekti-v-letu-2022\/","og_site_name":"Ob\u010dina Rogatec","article_publisher":"https:\/\/www.facebook.com\/VisitRogatec\/","article_modified_time":"2023-09-20T07:32:33+00:00","og_image":[{"url":"https:\/\/obcina.rogatec.si\/wp-content\/uploads\/2023\/09\/OR01_domstarejsih.jpg","type":"","width":"","height":""}],"twitter_card":"summary_large_image","twitter_misc":{"Est. reading time":"8 minut"},"schema":{"@context":"https:\/\/schema.org","@graph":[{"@type":"WebPage","@id":"https:\/\/obcina.rogatec.si\/projekti-v-letu-2022\/","url":"https:\/\/obcina.rogatec.si\/projekti-v-letu-2022\/","name":"PROJEKTI V LETU 2022 - Ob\u010dina Rogatec","isPartOf":{"@id":"https:\/\/obcina.rogatec.si\/#website"},"primaryImageOfPage":{"@id":"https:\/\/obcina.rogatec.si\/projekti-v-letu-2022\/#primaryimage"},"image":{"@id":"https:\/\/obcina.rogatec.si\/projekti-v-letu-2022\/#primaryimage"},"thumbnailUrl":"https:\/\/obcina.rogatec.si\/wp-content\/uploads\/2023\/09\/OR01_domstarejsih.jpg","datePublished":"2022-09-20T06:49:00+00:00","dateModified":"2023-09-20T07:32:33+00:00","breadcrumb":{"@id":"https:\/\/obcina.rogatec.si\/projekti-v-letu-2022\/#breadcrumb"},"inLanguage":"sl-SI","potentialAction":[{"@type":"ReadAction","target":["https:\/\/obcina.rogatec.si\/projekti-v-letu-2022\/"]}]},{"@type":"ImageObject","inLanguage":"sl-SI","@id":"https:\/\/obcina.rogatec.si\/projekti-v-letu-2022\/#primaryimage","url":"https:\/\/obcina.rogatec.si\/wp-content\/uploads\/2023\/09\/OR01_domstarejsih.jpg","contentUrl":"https:\/\/obcina.rogatec.si\/wp-content\/uploads\/2023\/09\/OR01_domstarejsih.jpg","width":960,"height":365},{"@type":"BreadcrumbList","@id":"https:\/\/obcina.rogatec.si\/projekti-v-letu-2022\/#breadcrumb","itemListElement":[{"@type":"ListItem","position":1,"name":"Domov","item":"https:\/\/obcina.rogatec.si\/"},{"@type":"ListItem","position":2,"name":"PROJEKTI V LETU 2022"}]},{"@type":"WebSite","@id":"https:\/\/obcina.rogatec.si\/#website","url":"https:\/\/obcina.rogatec.si\/","name":"Ob\u010dina Rogatec","description":"Uradni spletni portal Ob\u010dine Rogatec","publisher":{"@id":"https:\/\/obcina.rogatec.si\/#organization"},"potentialAction":[{"@type":"SearchAction","target":{"@type":"EntryPoint","urlTemplate":"https:\/\/obcina.rogatec.si\/?s={search_term_string}"},"query-input":{"@type":"PropertyValueSpecification","valueRequired":true,"valueName":"search_term_string"}}],"inLanguage":"sl-SI"},{"@type":"Organization","@id":"https:\/\/obcina.rogatec.si\/#organization","name":"Ob\u010dina Rogatec","url":"https:\/\/obcina.rogatec.si\/","logo":{"@type":"ImageObject","inLanguage":"sl-SI","@id":"https:\/\/obcina.rogatec.si\/#\/schema\/logo\/image\/","url":"https:\/\/obcina.rogatec.si\/wp-content\/uploads\/2021\/01\/ObcinaRogatec_col.png","contentUrl":"https:\/\/obcina.rogatec.si\/wp-content\/uploads\/2021\/01\/ObcinaRogatec_col.png","width":275,"height":100,"caption":"Ob\u010dina Rogatec"},"image":{"@id":"https:\/\/obcina.rogatec.si\/#\/schema\/logo\/image\/"},"sameAs":["https:\/\/www.facebook.com\/VisitRogatec\/","https:\/\/www.instagram.com\/visitrogatec\/","https:\/\/www.youtube.com\/channel\/UC0j4SRaLd9oSppR8hwVd5tw"]}]}},"uagb_featured_image_src":{"full":false,"thumbnail":false,"medium":false,"medium_large":false,"large":false,"1536x1536":false,"2048x2048":false,"XXS":false,"XS":false,"S":false,"M":false,"L":false,"XL":false},"uagb_author_info":{"display_name":"Ob\u010dina Rogatec","author_link":"https:\/\/obcina.rogatec.si\/author\/vedran72\/"},"uagb_comment_info":0,"uagb_excerpt":"Rogatec, september 2022 DOM STAREJ\u0160IH ROGATEC V aprilu leto\u0161njega leta je bila podpisana gradbena pogodba za izvedbo del objekta dislocirane enote doma upokojencev v Rogatcu. Izgradnja doma starej\u0161ih na Hofmanovi ulici se je pri\u010dela v mesecu juniju, dela morajo biti zaklju\u010dena do konca poletja 2023. V postopku javnega naro\u010danja je Dom upokojencev \u0160marje pri Jel\u0161ah&hellip;","_links":{"self":[{"href":"https:\/\/obcina.rogatec.si\/wp-json\/wp\/v2\/pages\/509068","targetHints":{"allow":["GET"]}}],"collection":[{"href":"https:\/\/obcina.rogatec.si\/wp-json\/wp\/v2\/pages"}],"about":[{"href":"https:\/\/obcina.rogatec.si\/wp-json\/wp\/v2\/types\/page"}],"author":[{"embeddable":true,"href":"https:\/\/obcina.rogatec.si\/wp-json\/wp\/v2\/users\/1"}],"replies":[{"embeddable":true,"href":"https:\/\/obcina.rogatec.si\/wp-json\/wp\/v2\/comments?post=509068"}],"version-history":[{"count":2,"href":"https:\/\/obcina.rogatec.si\/wp-json\/wp\/v2\/pages\/509068\/revisions"}],"predecessor-version":[{"id":509083,"href":"https:\/\/obcina.rogatec.si\/wp-json\/wp\/v2\/pages\/509068\/revisions\/509083"}],"wp:attachment":[{"href":"https:\/\/obcina.rogatec.si\/wp-json\/wp\/v2\/media?parent=509068"}],"curies":[{"name":"wp","href":"https:\/\/api.w.org\/{rel}","templated":true}]}}