{"id":506322,"date":"2021-01-31T21:07:53","date_gmt":"2021-01-31T20:07:53","guid":{"rendered":"https:\/\/obcina2.rogatec.si\/?page_id=506322"},"modified":"2023-04-14T08:10:47","modified_gmt":"2023-04-14T06:10:47","slug":"izjava-o-dostopnosti","status":"publish","type":"page","link":"https:\/\/obcina.rogatec.si\/izjava-o-dostopnosti\/","title":{"rendered":"Izjava o dostopnosti"},"content":{"rendered":"\n<p>Izjava o dostopnosti se nana\u0161a na spletno mesto obcina.rogatec.si, ki je portal Ob\u010dine Rogatec, ki je tudi skrbnik.<\/p>\n\n\n\n<h4 class=\"wp-block-heading\"><strong>Stopnja skladnosti<\/strong><\/h4>\n\n\n\n<p>Portal je usklajen z Zakonom o dostopnosti spleti\u0161\u010d in mobilnih aplikacij javnega sektorja. Spletne strani so pripravljene v skladu z mednarodnimi smernicami za dostopnost spletnih vsebin in ustrezajo standardu WCAG (Web Content Accesisibility Guidelines) 2.0. Skladnost ustreza stopnji AA.<br><br>Slabovidnim je na voljo mo\u017enost izbiranja:<\/p>\n\n\n\n<p>1. barvnih shem:<\/p>\n\n\n\n<ul class=\"wp-block-list\">\n<li>bel tekst na \u010drni podlagi<\/li>\n\n\n\n<li>rumen tekst na modri podlagi<\/li>\n\n\n\n<li>\u010drn tekst na be\u017e podlagi<\/li>\n\n\n\n<li>zelen tekst na \u010drni podlagi<\/li>\n<\/ul>\n\n\n\n<p>2. izpis vsega besedila v krepki pisavi (Bold)<\/p>\n\n\n\n<p>3. pove\u010danja pisave za ve\u010d stopenj<\/p>\n\n\n\n<p>4. izbira med sedmimi vrstami pisave za uporabnike z disleksijo<\/p>\n\n\n\n<p>5. navigacija po spletnem mestu s tipkovnico.<br><br>Kjer je mogo\u010de, so obrazci izdelani v polni elektronski obliki. Obrazci, ki niso v elektronski obliki, so praviloma narejeni v formatu Micorosoft Word.<br><br>Pred vsebino je postavljen pokazatelj polo\u017eaja, kje na spleti\u0161\u010du se trenutno nahajamo (drobtinice ali \u00bbbreadcrumbs\u00ab).<\/p>\n\n\n\n<h4 class=\"wp-block-heading\"><strong>Vsebine, ki niso dostopne zaradi nesorazmernega bremena<\/strong><\/h4>\n\n\n\n<p>Preko spletnega mesta je dostopno veliko \u0161tevilo dokumentov, za katere se trudimo, da so v dostopni obliki. Za vse dokumente, ki \u0161e niso v dostopni obliki lahko naro\u010dite verzijo v dostopni obliki in dokument bomo ustrezno pripravili.<\/p>\n\n\n\n<p>Vse fotografije in povezave na spletnih mestih \u0161e niso opremljene z opisi oziroma \u0161e nimajo naslova ali alternativnega besedila, ker bi zaradi \u0161tevil\u010dnosti urejanje starej\u0161ih vnosov (vsebine, vnesene pred pred izvedbo dostopnosti) za Ob\u010dino pomenilo nesorazmerne breme v stro\u0161kovnem in organizacijskem smislu. <\/p>\n\n\n\n<p>Vsebine spletnih strani redno spremljamo in se trudimo zagotavljati skladnost, vendar v koliko naletite na te\u017eavo, nas prosim kontaktirajte.<br><br>Povratne in kontaktne informacije<\/p>\n\n\n\n<p>\u010ce nam \u017eelite sporo\u010diti karkoli v zvezi s prilagoditvijo portala za osebe s posebnimi potrebami, nas lahko o tem obvestite na naslov <a href=\"mailto:info@rogatec.si\">obcina@rogatec.si<\/a> &nbsp;ali po telefonu 0 3 812 10 00.<\/p>\n\n\n\n<p><strong>Ocena nesorazmernega bremena<\/strong><\/p>\n\n\n\n<p>Nedostopna vsebina na spletnem mestu Ob\u010dine Rogatec, za katero podajamo oceno o nesorazmernosti bremena<\/p>\n\n\n\n<ol class=\"wp-block-list\" type=\"1\">\n<li>Za ranljive skupine niso prilagojena ali ne moremo jam\u010diti, da so prilagojena nekatera sporo\u010dila na vstopni strani spletnega mesta, saj se uporabljajo okvirji ali zunanje vsebine tretjih ponudnikov (vremenska napoved, zemljevid, napovednik dogodkov). Razlog je v nesorazmernem bremenu, ki bi nastal za Ob\u010dino, \u010de bi \u0161la v razvoj lastnih re\u0161itev za te vsebine. Ob\u010dina nesorazmerno breme ocenjuje s tem, da bi bile finan\u010dne posledice nesorazmerne s koristjo za uporabnika, oziroma v tem primeru koristi za uporabnika ni, saj pri teh sporo\u010dilih ne gre za klju\u010dne informacije, ki jih podaja Ob\u010dina in zaradi katerih uporabnik dostopa do spletnega mesta Ob\u010dine Rogatec.<br><br><\/li>\n\n\n\n<li>Nekatere fotografije na spletnem mestu \u0161e niso opremljene z opisi oziroma nimajo alternativnega besedila. Te fotografije so dekorativne oziroma zgolj vizualno dopolnjujejo tekstovne vsebine, zato je do vseh vsebin mo\u017eno dostopati tudi brez uporabe fotografij ali njihovih alternativnih besedil, urejanje opisov oz. alternativnih besedil za vsebine, ki so bile vnesene pred izvedbo dostopnosti pa bi za Ob\u010dino pomenilo nesorazmerne breme v stro\u0161kovnem in organizacijskem smislu.<br><br><\/li>\n\n\n\n<li>Prav tako struktura nekaterih tabel in naslovov ni vedno optimalna in dolo\u010deni dokumenti niso v dostopni obliki (PDF skeni dokumentov in podobno). Za Ob\u010dino bi (predvsem zaradi razli\u010dnih virov teh vsebin) naknadno urednikovanje vseh takih vsebin na spletnem mestu pomenilo nesorazmerne breme v stro\u0161kovnem in organizacijskem smislu.<\/li>\n<\/ol>\n\n\n\n<h4 class=\"wp-block-heading\"><br><strong>Nadzor nad izvajanjem dolo\u010db Zakona o Zakona o dostopnosti spleti\u0161\u010d in mobilnih aplikacij javnega sektorja<\/strong><\/h4>\n\n\n\n<p>Nadzor nad izpolnjevanjem zahtev glede spletne dostopnosti, izdelane&nbsp;ocene nesorazmernega bremena, objave izjave o dostopnosti in zagotavljanjem mehanizma za povratne informacije, skupaj z odgovarjanjem uporabnikom po dolo\u010dilih ZDSMA, izvajajo in\u0161pektorji Uprave Republike Slovenije&nbsp;za informacijsko varnost pri Ministrstvu za javno upravo.<\/p>\n\n\n\n<p><strong>Kontaktni podatki pristojnega nadzornega organa,<\/strong>&nbsp;na katerega uporabniki lahko naslovijo prijavo o nezadovoljivih odgovorih na svoje obvestilo ali pro\u0161njo:<\/p>\n\n\n\n<p><\/p>\n\n\n\n<p><strong>In\u0161pektorat za informacijsko dru\u017ebo<\/strong><\/p>\n\n\n\n<p>Dav\u010dna ulica 1<br>1000 Ljubljana<br>e-naslov:gp.irsid@gov.si<\/p>\n\n\n\n<p><br><strong>Datum objave spletnega mesta:<\/strong><br>Portal je bil v obstoje\u010di grafi\u010dni podobi objavljen 31.1.2021.<br><br><strong>Priprava izjave o dostopnosti:<\/strong><br>Ta izjava je bila pripravljena 30. maja 2022 na podlagi samoocene.<\/p>\n\n\n\n<p>Izjava je bila nazadnje pregledana 13. 4. 2023.<\/p>\n","protected":false},"excerpt":{"rendered":"<p>Izjava o dostopnosti se nana\u0161a na spletno mesto obcina.rogatec.si, ki je portal Ob\u010dine Rogatec, ki je tudi skrbnik. Stopnja skladnosti Portal je usklajen z Zakonom o dostopnosti spleti\u0161\u010d in mobilnih aplikacij javnega sektorja. Spletne strani so pripravljene v skladu z mednarodnimi smernicami za dostopnost spletnih vsebin in ustrezajo standardu WCAG (Web Content Accesisibility Guidelines) 2.0. [&hellip;]<\/p>\n","protected":false},"author":1,"featured_media":0,"parent":0,"menu_order":0,"comment_status":"closed","ping_status":"closed","template":"","meta":{"_uag_custom_page_level_css":"","footnotes":""},"class_list":["post-506322","page","type-page","status-publish","hentry"],"yoast_head":"<!-- This site is optimized with the Yoast SEO plugin v27.2 - https:\/\/yoast.com\/product\/yoast-seo-wordpress\/ -->\n<title>Izjava o dostopnosti - Ob\u010dina Rogatec<\/title>\n<meta name=\"robots\" content=\"index, follow, max-snippet:-1, max-image-preview:large, max-video-preview:-1\" \/>\n<link rel=\"canonical\" href=\"https:\/\/obcina.rogatec.si\/izjava-o-dostopnosti\/\" \/>\n<meta property=\"og:locale\" content=\"sl_SI\" \/>\n<meta property=\"og:type\" content=\"article\" \/>\n<meta property=\"og:title\" content=\"Izjava o dostopnosti - Ob\u010dina Rogatec\" \/>\n<meta property=\"og:description\" content=\"Izjava o dostopnosti se nana\u0161a na spletno mesto obcina.rogatec.si, ki je portal Ob\u010dine Rogatec, ki je tudi skrbnik. Stopnja skladnosti Portal je usklajen z Zakonom o dostopnosti spleti\u0161\u010d in mobilnih aplikacij javnega sektorja. Spletne strani so pripravljene v skladu z mednarodnimi smernicami za dostopnost spletnih vsebin in ustrezajo standardu WCAG (Web Content Accesisibility Guidelines) 2.0. [&hellip;]\" \/>\n<meta property=\"og:url\" content=\"https:\/\/obcina.rogatec.si\/izjava-o-dostopnosti\/\" \/>\n<meta property=\"og:site_name\" content=\"Ob\u010dina Rogatec\" \/>\n<meta property=\"article:publisher\" content=\"https:\/\/www.facebook.com\/VisitRogatec\/\" \/>\n<meta property=\"article:modified_time\" content=\"2023-04-14T06:10:47+00:00\" \/>\n<meta property=\"og:image\" content=\"https:\/\/obcina.rogatec.si\/wp-content\/uploads\/2013\/10\/MUZEJ-NA-PROSTEM-ROGATEC.jpg\" \/>\n\t<meta property=\"og:image:width\" content=\"1900\" \/>\n\t<meta property=\"og:image:height\" content=\"1262\" \/>\n\t<meta property=\"og:image:type\" content=\"image\/jpeg\" \/>\n<meta name=\"twitter:card\" content=\"summary_large_image\" \/>\n<meta name=\"twitter:label1\" content=\"Est. reading time\" \/>\n\t<meta name=\"twitter:data1\" content=\"4 minute\" \/>\n<script type=\"application\/ld+json\" class=\"yoast-schema-graph\">{\"@context\":\"https:\/\/schema.org\",\"@graph\":[{\"@type\":\"WebPage\",\"@id\":\"https:\/\/obcina.rogatec.si\/izjava-o-dostopnosti\/\",\"url\":\"https:\/\/obcina.rogatec.si\/izjava-o-dostopnosti\/\",\"name\":\"Izjava o dostopnosti - Ob\u010dina Rogatec\",\"isPartOf\":{\"@id\":\"https:\/\/obcina.rogatec.si\/#website\"},\"datePublished\":\"2021-01-31T20:07:53+00:00\",\"dateModified\":\"2023-04-14T06:10:47+00:00\",\"breadcrumb\":{\"@id\":\"https:\/\/obcina.rogatec.si\/izjava-o-dostopnosti\/#breadcrumb\"},\"inLanguage\":\"sl-SI\",\"potentialAction\":[{\"@type\":\"ReadAction\",\"target\":[\"https:\/\/obcina.rogatec.si\/izjava-o-dostopnosti\/\"]}]},{\"@type\":\"BreadcrumbList\",\"@id\":\"https:\/\/obcina.rogatec.si\/izjava-o-dostopnosti\/#breadcrumb\",\"itemListElement\":[{\"@type\":\"ListItem\",\"position\":1,\"name\":\"Domov\",\"item\":\"https:\/\/obcina.rogatec.si\/\"},{\"@type\":\"ListItem\",\"position\":2,\"name\":\"Izjava o dostopnosti\"}]},{\"@type\":\"WebSite\",\"@id\":\"https:\/\/obcina.rogatec.si\/#website\",\"url\":\"https:\/\/obcina.rogatec.si\/\",\"name\":\"Ob\u010dina Rogatec\",\"description\":\"Uradni spletni portal Ob\u010dine Rogatec\",\"publisher\":{\"@id\":\"https:\/\/obcina.rogatec.si\/#organization\"},\"potentialAction\":[{\"@type\":\"SearchAction\",\"target\":{\"@type\":\"EntryPoint\",\"urlTemplate\":\"https:\/\/obcina.rogatec.si\/?s={search_term_string}\"},\"query-input\":{\"@type\":\"PropertyValueSpecification\",\"valueRequired\":true,\"valueName\":\"search_term_string\"}}],\"inLanguage\":\"sl-SI\"},{\"@type\":\"Organization\",\"@id\":\"https:\/\/obcina.rogatec.si\/#organization\",\"name\":\"Ob\u010dina Rogatec\",\"url\":\"https:\/\/obcina.rogatec.si\/\",\"logo\":{\"@type\":\"ImageObject\",\"inLanguage\":\"sl-SI\",\"@id\":\"https:\/\/obcina.rogatec.si\/#\/schema\/logo\/image\/\",\"url\":\"https:\/\/obcina.rogatec.si\/wp-content\/uploads\/2021\/01\/ObcinaRogatec_col.png\",\"contentUrl\":\"https:\/\/obcina.rogatec.si\/wp-content\/uploads\/2021\/01\/ObcinaRogatec_col.png\",\"width\":275,\"height\":100,\"caption\":\"Ob\u010dina Rogatec\"},\"image\":{\"@id\":\"https:\/\/obcina.rogatec.si\/#\/schema\/logo\/image\/\"},\"sameAs\":[\"https:\/\/www.facebook.com\/VisitRogatec\/\",\"https:\/\/www.instagram.com\/visitrogatec\/\",\"https:\/\/www.youtube.com\/channel\/UC0j4SRaLd9oSppR8hwVd5tw\"]}]}<\/script>\n<!-- \/ Yoast SEO plugin. -->","yoast_head_json":{"title":"Izjava o dostopnosti - Ob\u010dina Rogatec","robots":{"index":"index","follow":"follow","max-snippet":"max-snippet:-1","max-image-preview":"max-image-preview:large","max-video-preview":"max-video-preview:-1"},"canonical":"https:\/\/obcina.rogatec.si\/izjava-o-dostopnosti\/","og_locale":"sl_SI","og_type":"article","og_title":"Izjava o dostopnosti - Ob\u010dina Rogatec","og_description":"Izjava o dostopnosti se nana\u0161a na spletno mesto obcina.rogatec.si, ki je portal Ob\u010dine Rogatec, ki je tudi skrbnik. Stopnja skladnosti Portal je usklajen z Zakonom o dostopnosti spleti\u0161\u010d in mobilnih aplikacij javnega sektorja. Spletne strani so pripravljene v skladu z mednarodnimi smernicami za dostopnost spletnih vsebin in ustrezajo standardu WCAG (Web Content Accesisibility Guidelines) 2.0. [&hellip;]","og_url":"https:\/\/obcina.rogatec.si\/izjava-o-dostopnosti\/","og_site_name":"Ob\u010dina Rogatec","article_publisher":"https:\/\/www.facebook.com\/VisitRogatec\/","article_modified_time":"2023-04-14T06:10:47+00:00","og_image":[{"width":1900,"height":1262,"url":"https:\/\/obcina.rogatec.si\/wp-content\/uploads\/2013\/10\/MUZEJ-NA-PROSTEM-ROGATEC.jpg","type":"image\/jpeg"}],"twitter_card":"summary_large_image","twitter_misc":{"Est. reading time":"4 minute"},"schema":{"@context":"https:\/\/schema.org","@graph":[{"@type":"WebPage","@id":"https:\/\/obcina.rogatec.si\/izjava-o-dostopnosti\/","url":"https:\/\/obcina.rogatec.si\/izjava-o-dostopnosti\/","name":"Izjava o dostopnosti - Ob\u010dina Rogatec","isPartOf":{"@id":"https:\/\/obcina.rogatec.si\/#website"},"datePublished":"2021-01-31T20:07:53+00:00","dateModified":"2023-04-14T06:10:47+00:00","breadcrumb":{"@id":"https:\/\/obcina.rogatec.si\/izjava-o-dostopnosti\/#breadcrumb"},"inLanguage":"sl-SI","potentialAction":[{"@type":"ReadAction","target":["https:\/\/obcina.rogatec.si\/izjava-o-dostopnosti\/"]}]},{"@type":"BreadcrumbList","@id":"https:\/\/obcina.rogatec.si\/izjava-o-dostopnosti\/#breadcrumb","itemListElement":[{"@type":"ListItem","position":1,"name":"Domov","item":"https:\/\/obcina.rogatec.si\/"},{"@type":"ListItem","position":2,"name":"Izjava o dostopnosti"}]},{"@type":"WebSite","@id":"https:\/\/obcina.rogatec.si\/#website","url":"https:\/\/obcina.rogatec.si\/","name":"Ob\u010dina Rogatec","description":"Uradni spletni portal Ob\u010dine Rogatec","publisher":{"@id":"https:\/\/obcina.rogatec.si\/#organization"},"potentialAction":[{"@type":"SearchAction","target":{"@type":"EntryPoint","urlTemplate":"https:\/\/obcina.rogatec.si\/?s={search_term_string}"},"query-input":{"@type":"PropertyValueSpecification","valueRequired":true,"valueName":"search_term_string"}}],"inLanguage":"sl-SI"},{"@type":"Organization","@id":"https:\/\/obcina.rogatec.si\/#organization","name":"Ob\u010dina Rogatec","url":"https:\/\/obcina.rogatec.si\/","logo":{"@type":"ImageObject","inLanguage":"sl-SI","@id":"https:\/\/obcina.rogatec.si\/#\/schema\/logo\/image\/","url":"https:\/\/obcina.rogatec.si\/wp-content\/uploads\/2021\/01\/ObcinaRogatec_col.png","contentUrl":"https:\/\/obcina.rogatec.si\/wp-content\/uploads\/2021\/01\/ObcinaRogatec_col.png","width":275,"height":100,"caption":"Ob\u010dina Rogatec"},"image":{"@id":"https:\/\/obcina.rogatec.si\/#\/schema\/logo\/image\/"},"sameAs":["https:\/\/www.facebook.com\/VisitRogatec\/","https:\/\/www.instagram.com\/visitrogatec\/","https:\/\/www.youtube.com\/channel\/UC0j4SRaLd9oSppR8hwVd5tw"]}]}},"uagb_featured_image_src":{"full":false,"thumbnail":false,"medium":false,"medium_large":false,"large":false,"1536x1536":false,"2048x2048":false,"XXS":false,"XS":false,"S":false,"M":false,"L":false,"XL":false},"uagb_author_info":{"display_name":"Ob\u010dina Rogatec","author_link":"https:\/\/obcina.rogatec.si\/author\/vedran72\/"},"uagb_comment_info":0,"uagb_excerpt":"Izjava o dostopnosti se nana\u0161a na spletno mesto obcina.rogatec.si, ki je portal Ob\u010dine Rogatec, ki je tudi skrbnik. Stopnja skladnosti Portal je usklajen z Zakonom o dostopnosti spleti\u0161\u010d in mobilnih aplikacij javnega sektorja. Spletne strani so pripravljene v skladu z mednarodnimi smernicami za dostopnost spletnih vsebin in ustrezajo standardu WCAG (Web Content Accesisibility Guidelines) 2.0.&hellip;","_links":{"self":[{"href":"https:\/\/obcina.rogatec.si\/wp-json\/wp\/v2\/pages\/506322","targetHints":{"allow":["GET"]}}],"collection":[{"href":"https:\/\/obcina.rogatec.si\/wp-json\/wp\/v2\/pages"}],"about":[{"href":"https:\/\/obcina.rogatec.si\/wp-json\/wp\/v2\/types\/page"}],"author":[{"embeddable":true,"href":"https:\/\/obcina.rogatec.si\/wp-json\/wp\/v2\/users\/1"}],"replies":[{"embeddable":true,"href":"https:\/\/obcina.rogatec.si\/wp-json\/wp\/v2\/comments?post=506322"}],"version-history":[{"count":7,"href":"https:\/\/obcina.rogatec.si\/wp-json\/wp\/v2\/pages\/506322\/revisions"}],"predecessor-version":[{"id":508745,"href":"https:\/\/obcina.rogatec.si\/wp-json\/wp\/v2\/pages\/506322\/revisions\/508745"}],"wp:attachment":[{"href":"https:\/\/obcina.rogatec.si\/wp-json\/wp\/v2\/media?parent=506322"}],"curies":[{"name":"wp","href":"https:\/\/api.w.org\/{rel}","templated":true}]}}