{"id":239,"date":"2013-04-07T12:59:45","date_gmt":"2013-04-07T12:59:45","guid":{"rendered":"https:\/\/obcina.rogatec.si\/?page_id=239"},"modified":"2013-04-07T12:59:45","modified_gmt":"2013-04-07T12:59:45","slug":"drustvo-prijateljev-rogatca","status":"publish","type":"page","link":"https:\/\/obcina.rogatec.si\/drustva\/drustvo-prijateljev-rogatca\/","title":{"rendered":"DRU\u0160TVO PRIJATELJEV ROGATCA"},"content":{"rendered":"<p><strong>DRU\u0160TVO PRIJATELJEV ROGATCA <\/strong><br \/>\n<strong>Ptujska cesta 23<\/strong><br \/>\n<strong>3252 Rogatec <\/strong><\/p>\n<p>Dru\u0161tvo je prostovoljna nepridobitna organizacija, v katero so povezani rojaki, njihovi svojci, doma\u010dini in drugi prijatelji Rogatca, ki spodbujajo in spremljajo razvoj ob\u010dine, si prizadevajo za varovanje naravne in kulturne dedi\u0161\u010dine in negujejo prijateljska dru\u017eenja. Ustanovljeno je bilo 6. septembra 2001.<\/p>\n<p>Predsednik dru\u0161tva je \u010cretnik Rajko. Tajnica in kontaktna oseba pa Silva Narat.<br \/>\nDru\u0161tvo ima trenutno 205 \u010dlanov:<br \/>\n\u2022 34 jih \u017eivi v ob\u010dini Rogatec,<br \/>\n\u2022 17 v inozemstvu in<br \/>\n\u2022 154 v razli\u010dnih krajih po Sloveniji.<\/p>\n<p>Dru\u0161tvo se v pospe\u0161evanje razvoja turisti\u010dne dejavnosti in promocije ob\u010dine Rogatec vklju\u010duje v najve\u010dji meri neposredno preko svojih \u010dlanov.<\/p>\n<p>Na rednih letnih sre\u010danjih spoznajo \u010dlani turisti\u010dno ponudbo ob\u010dine, njene naravne in kulturne znamenitosti, novosti in razvojne na\u010drte, ki jih vsakokrat ljubeznivo predstavi \u017eupan ob\u010dine. Spoznanja in do\u017eivetja odmevajo po sre\u010danjih tudi v \u0161ir\u0161i javnosti bodisi z osebnimi pripovedmi, bodisi prek medijev, saj se sre\u010danj udele\u017eujejo tudi novinarji.<\/p>\n<p>Nekatere aktivnosti dru\u0161tva v zadnjih letih<br \/>\n\u2022 organizacija ogledov lokalnih znamenitosti (muzeja na prostem, dvorca Strmol, jezera Majdan, cerkve sv. Jerneja, cerkve sv. Hiacinte, cerkve sv. Donata, steklarne Vetropack- Stra\u017ea, lovske ko\u010de Lipovec, Loga, izvira Sotle\u2026.) za prijatelje, znance in sodelavce \u010dlanov dru\u0161tva<br \/>\n\u2022 kulturne prireditve: na otvoritvenih slovesnostih tradicionalnih sre\u010danj \u010dlanov dru\u0161tva so se doslej predstavili naslednji doma\u010di ustvarjalci: pesnica Ru\u017ea \u010cobi\u010d, pesnik Vladimir Veki\u0107, pisatelj Bo\u017eidar Brezin\u0161\u010dak-Bagola, pisatelj-naddekan Andrej Grobelnik, fotograf Mitja Cimper\u0161ek, slikar Josip Kunej, slikarka Marija Ducman, oblikovalci skulptur iz kamna: Branko Herman, Branimir Hernavs, Alojz Artic in Jakob Polaj\u017eer, violinistka Katju\u0161a Majceni\u010d, harmonikar Primo\u017e Mikoli\u010d, flavtistka \u0160pela Kregar, bobnar Klemen Grosek, pesnika in glasbenika Jernej Direnbek in Tone Kregar iz ansambla Mi2, ljudske pevke, me\u0161ani pevski zbor Anton Stefanciosa, folklorna skupina, kvartet Rogatec in ansambel Stella.<\/p>\n<p>V okviru aktivnosti poimenovanih \u00bbRoga\u010dani Roga\u010danom\u00ab so pripravili \u010dlani dru\u0161tva doslej tri tematske prireditve:<br \/>\n\u2022 koncert v cerkvi sv.Hijacinte, na katerem so nastopali priznani slovenski umetniki: sopranistka Milena Mora\u010da, violinist Drago Arko in pianistka Vlasta Dole\u017eal Rus,<br \/>\n\u2022 ve\u010der poezije in glasbe \u00bbNocoj naj zvezde pozlatijo nebo\u00ab v dvorcu Strmol, na katerem so nastopali: Luka Einfalt s tenorsko tubo ter Jaka Einfalt s trobento iz Kamnika, Katju\u0161a Majceni\u010d (Rogatec ) in Jasna Rus (Ljubljana) z violinama, Gal Zorko s kljunasto flavto ter Matja\u017e Zorko iz Ljubljane s pesmimi iz svoje pesni\u0161ke zbirke Njej,njemu in njim,<\/p>\n<p>\u2022 likovno razstavo, na kateri so sodelovali \u010dlani dru\u0161tva: Irena Novak iz Kamnika, Rado Lazar iz Maribora, Mihaela Brus, Jo\u017ee Bartolj, Matja\u017e in Marjan Zorko iz Ljubljane, Ana Rebi\u010d iz Celja, Ana Kunej iz Senovega, Katja Gaj\u0161ek iz \u0160entjurja, Rozika \u010cerno\u0161a in Marija Ducman iz Roga\u0161ke Slatine, Ernest Arti\u010d, Ru\u017ea \u010cobi\u010d, Viktor Fer\u010dec, Branko in Leon Herman, Slavko Miklau\u017ei\u010d in Alojz Gabrovec iz Rogatca.<\/p>\n<p>Ob praznovanju ob\u010dinskega praznika je organiziralo dru\u0161tvo doslej<br \/>\n\u2022 dve ob\u010dinski prvenstvi v igranju taroka in<br \/>\n\u2022 jesensko sre\u010danje poimenovano \u00bbkostanjev piknik\u00ab.<\/p>\n<p>Namesto novoletnih vo\u0161\u010dilnic prispeva dru\u0161tvo v humanitarne namene.<\/p>\n<p>Za promocijo Rogatca skrbi dru\u0161tvo na razli\u010dne na\u010dine:<br \/>\n\u2022 s prisotnostjo \u010dlanov (njihovih dru\u017ein in prijateljev) na ve\u010djih kulturnih prireditvah, \u0161e posebej tistih, ki so povezane z ob\u010dinskim praznikom, z obiskom aktivnosti in prireditev, ki so povezane z dejavnostjo Muzeja na prostem ter z udele\u017ebo na prireditvah in pohodih, ki jih organizira roga\u0161ko planinsko dru\u0161tvo,<br \/>\n\u2022 z organizacijo ogledov znamenitosti Rogatca za prijatelje, znance in sodelavce \u010dlanov dru\u0161tva (kot je, na primer, to storil leta 2002 Franci Erjavec, ki je pripeljal v Rogatec celotni kolektiv Srednje strokovne in poklicne \u0161ole iz Celja, v letu 2006 vse ravnatelje srednjih \u0161ol Slovenije, Ton\u010dka in Hajn\u010di Ku\u010di\u0161 sta organizirala izlet v Rogatec za dva avtobusa upokojencev iz Banke Celje, itd),<br \/>\n\u2022 s pisanjem strokovnih prispevkov povezanih z \u017eivljenjem v Rogatcu (kot, na primer, \u010dlanica dru\u0161tva gospa Milena Hajn\u0161ek-Holz, je pripravila strokovni zapis: Hi\u0161na imena pod Dona\u010dko goro, objavljen pa je bil v publikaciji Slavisti\u010dnega dru\u0161tva Slovenije Pleter\u0161nikov zbornik),<br \/>\n\u2022 s pisanjem diplomskih nalog o zna\u010dilnosti in posebnosti \u017eivljenja v Rogatcu, ki jih na pobudo \u010dlanov dru\u0161tva (mater in o\u010detov) pi\u0161ejo njihovi sinovi in h\u010dere,<br \/>\n\u2022 s strokovno in materialno pomo\u010djo delovanja doma\u010dih dru\u0161tev (primer: Srednja strokovna in poklicna \u0161ola Celje je pomagala pri izdelavi narodnih no\u0161 folklorni skupini)<br \/>\n\u2022 z organizacijo sre\u010danj in ogledov znamenitosti Rogatca ob obletnicah mature (kot sta to, na primer, za svoje so\u0161olce junija 2004 pripravili Danica Zorko in Rija Preskar).<\/p>\n<p>Prizadevni \u010dlani dru\u0161tva bodo tudi v prihodnje skrbeli za promocijo ob\u010dine Rogatec na razli\u010dne na\u010dine:<br \/>\n\u2022 z objavo prispevkov v medijih (turisti\u010dni reviji Lipov list, Delu oziroma njegovi turisti\u010dni prilogi Trip, Novem tedniku, Roga\u0161kih novicah, na radiu\u2026),<br \/>\n\u2022 z organizacijo sre\u010danj nekdanjih maturantov, ki bodo na pobudo \u010dlanov dru\u0161tva pre\u017eiveli dan v Rogatcu<br \/>\n\u2022 s priporo\u010dili prijateljem in znancem, ki odhajajo na letovanje ali zdravljenje v Roga\u0161ko Slatino ali Pod\u010detrtek, naj na vsak na\u010din obi\u0161\u010dejo tudi ob\u010dino Rogatec, do\u017eivijo njen utrip in si ogledajo njene znamenitosti.<\/p>\n<p>Pomembnej\u0161e akcije dru\u0161tva v letu 2007:<br \/>\n&#8211; 26. maja bo redno letno sre\u010danje vseh \u010dlanov<br \/>\nPo predstavitvi aktualnega dogajanja v ob\u010dini in dr\u017eavi s strani \u017eupana in poslanca g. Mikoli\u010da, sledi kulturni program z roga\u0161kimi tambura\u0161i v dvorani kulturnega doma. V dvorcu Strmol bo otvoritev samostojne razstave akademskega slikarja Jo\u017eeta Bartolja, ki je zet na\u0161ih \u010dlanov Vlaste in Freda Rus. Razstava bo posve\u010dena predvsem sakralnemu slikarstvu. Pred otvoritvijo bo prilo\u017enostni koncert.<br \/>\n&#8211; septembra bo ob praznovanju ob\u010dinskega praznika ponovno izvedeno ob\u010dinsko prvenstvo v taroku<br \/>\n&#8211; oktobra je predviden kostanjev piknik ter pod sloganom \u00bbRoga\u010dani-Roga\u010danom\u00ab koncert \u00bbVe\u010dno zelenih melodij\u00ab<\/p>\n<p>Vabimo vse \u010dlane in ostale ob\u010dane, da se prireditev udele\u017eijo.<\/p>\n<p>&nbsp;<\/p>\n","protected":false},"excerpt":{"rendered":"<p>DRU\u0160TVO PRIJATELJEV ROGATCA Ptujska cesta 23 3252 Rogatec Dru\u0161tvo je prostovoljna nepridobitna organizacija, v katero so povezani rojaki, njihovi svojci, doma\u010dini in drugi prijatelji Rogatca, ki spodbujajo in spremljajo razvoj ob\u010dine, si prizadevajo za varovanje naravne in kulturne dedi\u0161\u010dine in negujejo prijateljska dru\u017eenja. Ustanovljeno je bilo 6. septembra 2001. Predsednik dru\u0161tva je \u010cretnik Rajko. Tajnica [&hellip;]<\/p>\n","protected":false},"author":1,"featured_media":0,"parent":209,"menu_order":11,"comment_status":"open","ping_status":"open","template":"","meta":{"_uag_custom_page_level_css":"","footnotes":""},"class_list":["post-239","page","type-page","status-publish","hentry"],"yoast_head":"<!-- This site is optimized with the Yoast SEO plugin v27.2 - https:\/\/yoast.com\/product\/yoast-seo-wordpress\/ -->\n<title>DRU\u0160TVO PRIJATELJEV ROGATCA  - Ob\u010dina Rogatec<\/title>\n<meta name=\"robots\" content=\"index, follow, max-snippet:-1, max-image-preview:large, max-video-preview:-1\" \/>\n<link rel=\"canonical\" href=\"https:\/\/obcina.rogatec.si\/drustva\/drustvo-prijateljev-rogatca\/\" \/>\n<meta property=\"og:locale\" content=\"sl_SI\" \/>\n<meta property=\"og:type\" content=\"article\" \/>\n<meta property=\"og:title\" content=\"DRU\u0160TVO PRIJATELJEV ROGATCA  - Ob\u010dina Rogatec\" \/>\n<meta property=\"og:description\" content=\"DRU\u0160TVO PRIJATELJEV ROGATCA Ptujska cesta 23 3252 Rogatec Dru\u0161tvo je prostovoljna nepridobitna organizacija, v katero so povezani rojaki, njihovi svojci, doma\u010dini in drugi prijatelji Rogatca, ki spodbujajo in spremljajo razvoj ob\u010dine, si prizadevajo za varovanje naravne in kulturne dedi\u0161\u010dine in negujejo prijateljska dru\u017eenja. Ustanovljeno je bilo 6. septembra 2001. Predsednik dru\u0161tva je \u010cretnik Rajko. Tajnica [&hellip;]\" \/>\n<meta property=\"og:url\" content=\"https:\/\/obcina.rogatec.si\/drustva\/drustvo-prijateljev-rogatca\/\" \/>\n<meta property=\"og:site_name\" content=\"Ob\u010dina Rogatec\" \/>\n<meta property=\"article:publisher\" content=\"https:\/\/www.facebook.com\/VisitRogatec\/\" \/>\n<meta property=\"og:image\" content=\"https:\/\/obcina.rogatec.si\/wp-content\/uploads\/2013\/10\/MUZEJ-NA-PROSTEM-ROGATEC.jpg\" \/>\n\t<meta property=\"og:image:width\" content=\"1900\" \/>\n\t<meta property=\"og:image:height\" content=\"1262\" \/>\n\t<meta property=\"og:image:type\" content=\"image\/jpeg\" \/>\n<meta name=\"twitter:card\" content=\"summary_large_image\" \/>\n<meta name=\"twitter:label1\" content=\"Est. reading time\" \/>\n\t<meta name=\"twitter:data1\" content=\"5 minut\" \/>\n<script type=\"application\/ld+json\" class=\"yoast-schema-graph\">{\"@context\":\"https:\/\/schema.org\",\"@graph\":[{\"@type\":\"WebPage\",\"@id\":\"https:\/\/obcina.rogatec.si\/drustva\/drustvo-prijateljev-rogatca\/\",\"url\":\"https:\/\/obcina.rogatec.si\/drustva\/drustvo-prijateljev-rogatca\/\",\"name\":\"DRU\u0160TVO PRIJATELJEV ROGATCA - Ob\u010dina Rogatec\",\"isPartOf\":{\"@id\":\"https:\/\/obcina.rogatec.si\/#website\"},\"datePublished\":\"2013-04-07T12:59:45+00:00\",\"breadcrumb\":{\"@id\":\"https:\/\/obcina.rogatec.si\/drustva\/drustvo-prijateljev-rogatca\/#breadcrumb\"},\"inLanguage\":\"sl-SI\",\"potentialAction\":[{\"@type\":\"ReadAction\",\"target\":[\"https:\/\/obcina.rogatec.si\/drustva\/drustvo-prijateljev-rogatca\/\"]}]},{\"@type\":\"BreadcrumbList\",\"@id\":\"https:\/\/obcina.rogatec.si\/drustva\/drustvo-prijateljev-rogatca\/#breadcrumb\",\"itemListElement\":[{\"@type\":\"ListItem\",\"position\":1,\"name\":\"Domov\",\"item\":\"https:\/\/obcina.rogatec.si\/\"},{\"@type\":\"ListItem\",\"position\":2,\"name\":\"Dru\u0161tva v ob\u010dini Rogatec\",\"item\":\"https:\/\/obcina.rogatec.si\/drustva\/\"},{\"@type\":\"ListItem\",\"position\":3,\"name\":\"DRU\u0160TVO PRIJATELJEV ROGATCA\"}]},{\"@type\":\"WebSite\",\"@id\":\"https:\/\/obcina.rogatec.si\/#website\",\"url\":\"https:\/\/obcina.rogatec.si\/\",\"name\":\"Ob\u010dina Rogatec\",\"description\":\"Uradni spletni portal Ob\u010dine Rogatec\",\"publisher\":{\"@id\":\"https:\/\/obcina.rogatec.si\/#organization\"},\"potentialAction\":[{\"@type\":\"SearchAction\",\"target\":{\"@type\":\"EntryPoint\",\"urlTemplate\":\"https:\/\/obcina.rogatec.si\/?s={search_term_string}\"},\"query-input\":{\"@type\":\"PropertyValueSpecification\",\"valueRequired\":true,\"valueName\":\"search_term_string\"}}],\"inLanguage\":\"sl-SI\"},{\"@type\":\"Organization\",\"@id\":\"https:\/\/obcina.rogatec.si\/#organization\",\"name\":\"Ob\u010dina Rogatec\",\"url\":\"https:\/\/obcina.rogatec.si\/\",\"logo\":{\"@type\":\"ImageObject\",\"inLanguage\":\"sl-SI\",\"@id\":\"https:\/\/obcina.rogatec.si\/#\/schema\/logo\/image\/\",\"url\":\"https:\/\/obcina.rogatec.si\/wp-content\/uploads\/2021\/01\/ObcinaRogatec_col.png\",\"contentUrl\":\"https:\/\/obcina.rogatec.si\/wp-content\/uploads\/2021\/01\/ObcinaRogatec_col.png\",\"width\":275,\"height\":100,\"caption\":\"Ob\u010dina Rogatec\"},\"image\":{\"@id\":\"https:\/\/obcina.rogatec.si\/#\/schema\/logo\/image\/\"},\"sameAs\":[\"https:\/\/www.facebook.com\/VisitRogatec\/\",\"https:\/\/www.instagram.com\/visitrogatec\/\",\"https:\/\/www.youtube.com\/channel\/UC0j4SRaLd9oSppR8hwVd5tw\"]}]}<\/script>\n<!-- \/ Yoast SEO plugin. -->","yoast_head_json":{"title":"DRU\u0160TVO PRIJATELJEV ROGATCA  - Ob\u010dina Rogatec","robots":{"index":"index","follow":"follow","max-snippet":"max-snippet:-1","max-image-preview":"max-image-preview:large","max-video-preview":"max-video-preview:-1"},"canonical":"https:\/\/obcina.rogatec.si\/drustva\/drustvo-prijateljev-rogatca\/","og_locale":"sl_SI","og_type":"article","og_title":"DRU\u0160TVO PRIJATELJEV ROGATCA  - Ob\u010dina Rogatec","og_description":"DRU\u0160TVO PRIJATELJEV ROGATCA Ptujska cesta 23 3252 Rogatec Dru\u0161tvo je prostovoljna nepridobitna organizacija, v katero so povezani rojaki, njihovi svojci, doma\u010dini in drugi prijatelji Rogatca, ki spodbujajo in spremljajo razvoj ob\u010dine, si prizadevajo za varovanje naravne in kulturne dedi\u0161\u010dine in negujejo prijateljska dru\u017eenja. Ustanovljeno je bilo 6. septembra 2001. Predsednik dru\u0161tva je \u010cretnik Rajko. Tajnica [&hellip;]","og_url":"https:\/\/obcina.rogatec.si\/drustva\/drustvo-prijateljev-rogatca\/","og_site_name":"Ob\u010dina Rogatec","article_publisher":"https:\/\/www.facebook.com\/VisitRogatec\/","og_image":[{"width":1900,"height":1262,"url":"https:\/\/obcina.rogatec.si\/wp-content\/uploads\/2013\/10\/MUZEJ-NA-PROSTEM-ROGATEC.jpg","type":"image\/jpeg"}],"twitter_card":"summary_large_image","twitter_misc":{"Est. reading time":"5 minut"},"schema":{"@context":"https:\/\/schema.org","@graph":[{"@type":"WebPage","@id":"https:\/\/obcina.rogatec.si\/drustva\/drustvo-prijateljev-rogatca\/","url":"https:\/\/obcina.rogatec.si\/drustva\/drustvo-prijateljev-rogatca\/","name":"DRU\u0160TVO PRIJATELJEV ROGATCA - Ob\u010dina Rogatec","isPartOf":{"@id":"https:\/\/obcina.rogatec.si\/#website"},"datePublished":"2013-04-07T12:59:45+00:00","breadcrumb":{"@id":"https:\/\/obcina.rogatec.si\/drustva\/drustvo-prijateljev-rogatca\/#breadcrumb"},"inLanguage":"sl-SI","potentialAction":[{"@type":"ReadAction","target":["https:\/\/obcina.rogatec.si\/drustva\/drustvo-prijateljev-rogatca\/"]}]},{"@type":"BreadcrumbList","@id":"https:\/\/obcina.rogatec.si\/drustva\/drustvo-prijateljev-rogatca\/#breadcrumb","itemListElement":[{"@type":"ListItem","position":1,"name":"Domov","item":"https:\/\/obcina.rogatec.si\/"},{"@type":"ListItem","position":2,"name":"Dru\u0161tva v ob\u010dini Rogatec","item":"https:\/\/obcina.rogatec.si\/drustva\/"},{"@type":"ListItem","position":3,"name":"DRU\u0160TVO PRIJATELJEV ROGATCA"}]},{"@type":"WebSite","@id":"https:\/\/obcina.rogatec.si\/#website","url":"https:\/\/obcina.rogatec.si\/","name":"Ob\u010dina Rogatec","description":"Uradni spletni portal Ob\u010dine Rogatec","publisher":{"@id":"https:\/\/obcina.rogatec.si\/#organization"},"potentialAction":[{"@type":"SearchAction","target":{"@type":"EntryPoint","urlTemplate":"https:\/\/obcina.rogatec.si\/?s={search_term_string}"},"query-input":{"@type":"PropertyValueSpecification","valueRequired":true,"valueName":"search_term_string"}}],"inLanguage":"sl-SI"},{"@type":"Organization","@id":"https:\/\/obcina.rogatec.si\/#organization","name":"Ob\u010dina Rogatec","url":"https:\/\/obcina.rogatec.si\/","logo":{"@type":"ImageObject","inLanguage":"sl-SI","@id":"https:\/\/obcina.rogatec.si\/#\/schema\/logo\/image\/","url":"https:\/\/obcina.rogatec.si\/wp-content\/uploads\/2021\/01\/ObcinaRogatec_col.png","contentUrl":"https:\/\/obcina.rogatec.si\/wp-content\/uploads\/2021\/01\/ObcinaRogatec_col.png","width":275,"height":100,"caption":"Ob\u010dina Rogatec"},"image":{"@id":"https:\/\/obcina.rogatec.si\/#\/schema\/logo\/image\/"},"sameAs":["https:\/\/www.facebook.com\/VisitRogatec\/","https:\/\/www.instagram.com\/visitrogatec\/","https:\/\/www.youtube.com\/channel\/UC0j4SRaLd9oSppR8hwVd5tw"]}]}},"uagb_featured_image_src":{"full":false,"thumbnail":false,"medium":false,"medium_large":false,"large":false,"1536x1536":false,"2048x2048":false,"XXS":false,"XS":false,"S":false,"M":false,"L":false,"XL":false},"uagb_author_info":{"display_name":"Ob\u010dina Rogatec","author_link":"https:\/\/obcina.rogatec.si\/author\/vedran72\/"},"uagb_comment_info":0,"uagb_excerpt":"DRU\u0160TVO PRIJATELJEV ROGATCA Ptujska cesta 23 3252 Rogatec Dru\u0161tvo je prostovoljna nepridobitna organizacija, v katero so povezani rojaki, njihovi svojci, doma\u010dini in drugi prijatelji Rogatca, ki spodbujajo in spremljajo razvoj ob\u010dine, si prizadevajo za varovanje naravne in kulturne dedi\u0161\u010dine in negujejo prijateljska dru\u017eenja. Ustanovljeno je bilo 6. septembra 2001. Predsednik dru\u0161tva je \u010cretnik Rajko. Tajnica&hellip;","_links":{"self":[{"href":"https:\/\/obcina.rogatec.si\/wp-json\/wp\/v2\/pages\/239","targetHints":{"allow":["GET"]}}],"collection":[{"href":"https:\/\/obcina.rogatec.si\/wp-json\/wp\/v2\/pages"}],"about":[{"href":"https:\/\/obcina.rogatec.si\/wp-json\/wp\/v2\/types\/page"}],"author":[{"embeddable":true,"href":"https:\/\/obcina.rogatec.si\/wp-json\/wp\/v2\/users\/1"}],"replies":[{"embeddable":true,"href":"https:\/\/obcina.rogatec.si\/wp-json\/wp\/v2\/comments?post=239"}],"version-history":[{"count":2,"href":"https:\/\/obcina.rogatec.si\/wp-json\/wp\/v2\/pages\/239\/revisions"}],"predecessor-version":[{"id":241,"href":"https:\/\/obcina.rogatec.si\/wp-json\/wp\/v2\/pages\/239\/revisions\/241"}],"up":[{"embeddable":true,"href":"https:\/\/obcina.rogatec.si\/wp-json\/wp\/v2\/pages\/209"}],"wp:attachment":[{"href":"https:\/\/obcina.rogatec.si\/wp-json\/wp\/v2\/media?parent=239"}],"curies":[{"name":"wp","href":"https:\/\/api.w.org\/{rel}","templated":true}]}}