{"id":233,"date":"2013-04-07T12:55:40","date_gmt":"2013-04-07T12:55:40","guid":{"rendered":"https:\/\/obcina.rogatec.si\/?page_id=233"},"modified":"2013-04-07T12:55:40","modified_gmt":"2013-04-07T12:55:40","slug":"turisticno-drustvo-rogatec","status":"publish","type":"page","link":"https:\/\/obcina.rogatec.si\/drustva\/turisticno-drustvo-rogatec\/","title":{"rendered":"TURISTI\u010cNO DRU\u0160TVO ROGATEC"},"content":{"rendered":"<p>Turisti\u010dno dru\u0161tvo Rogatec deluje 10 let. Zdru\u017euje krajane ob\u010dine Rogatec, ki se trudijo za urejenost doma\u010dij med Dona\u010dko goro in Sotlo. To je namre\u010d podro\u010dje, kjer je na\u0161a ob\u010dina. Od ustanovitve dru\u0161tva spodbujamo urejenost, z nagradami potrjujemo najbolj prijazne dele vasi, ulice, bloke, javne objekte, \u0161ole, domove, hi\u0161e.<\/p>\n<p>Z nekaterimi prireditvami smo se v minulih letih vklju\u010devali v turisti\u010dno ponudbo ob\u010dine (meddru\u0161tvene igre, kresovanje, sejmi, tr\u017enica, pikniki, folklora, tudi meddr\u017eavna sre\u010danja, pustovanje\u2026) in jo predstavljali tudi v drugih krajih.<\/p>\n<p>Zadnje leto se na\u0161a dejavnost manj\u0161a, ostalo je le \u0161e nekaj prireditev, druge so prevzeli Muzej na prostem in TIC.<\/p>\n<p>\u010ce bomo \u0161e delovali, bomo posve\u010dali svoje delo le \u0161e ocenjevanju in ogledom vasi in trga in nagrajevanju z Zmaj\u010dki. Ni \u010dlanov, ki bi bili pripravljeni delati, saj mladih skoraj nimamo, starej\u0161i odhajajo, zaposleni pa nimajo ve\u010d \u010dasa za turisti\u010dno dejavnost.<br \/>\nRia PRESKAR<\/p>\n","protected":false},"excerpt":{"rendered":"<p>Turisti\u010dno dru\u0161tvo Rogatec deluje 10 let. Zdru\u017euje krajane ob\u010dine Rogatec, ki se trudijo za urejenost doma\u010dij med Dona\u010dko goro in Sotlo. To je namre\u010d podro\u010dje, kjer je na\u0161a ob\u010dina. Od ustanovitve dru\u0161tva spodbujamo urejenost, z nagradami potrjujemo najbolj prijazne dele vasi, ulice, bloke, javne objekte, \u0161ole, domove, hi\u0161e. Z nekaterimi prireditvami smo se v minulih [&hellip;]<\/p>\n","protected":false},"author":1,"featured_media":0,"parent":209,"menu_order":8,"comment_status":"open","ping_status":"open","template":"","meta":{"_uag_custom_page_level_css":"","footnotes":""},"class_list":["post-233","page","type-page","status-publish","hentry"],"yoast_head":"<!-- This site is optimized with the Yoast SEO plugin v27.2 - https:\/\/yoast.com\/product\/yoast-seo-wordpress\/ -->\n<title>TURISTI\u010cNO DRU\u0160TVO ROGATEC - Ob\u010dina Rogatec<\/title>\n<meta name=\"robots\" content=\"index, follow, max-snippet:-1, max-image-preview:large, max-video-preview:-1\" \/>\n<link rel=\"canonical\" href=\"https:\/\/obcina.rogatec.si\/drustva\/turisticno-drustvo-rogatec\/\" \/>\n<meta property=\"og:locale\" content=\"sl_SI\" \/>\n<meta property=\"og:type\" content=\"article\" \/>\n<meta property=\"og:title\" content=\"TURISTI\u010cNO DRU\u0160TVO ROGATEC - Ob\u010dina Rogatec\" \/>\n<meta property=\"og:description\" content=\"Turisti\u010dno dru\u0161tvo Rogatec deluje 10 let. Zdru\u017euje krajane ob\u010dine Rogatec, ki se trudijo za urejenost doma\u010dij med Dona\u010dko goro in Sotlo. To je namre\u010d podro\u010dje, kjer je na\u0161a ob\u010dina. Od ustanovitve dru\u0161tva spodbujamo urejenost, z nagradami potrjujemo najbolj prijazne dele vasi, ulice, bloke, javne objekte, \u0161ole, domove, hi\u0161e. Z nekaterimi prireditvami smo se v minulih [&hellip;]\" \/>\n<meta property=\"og:url\" content=\"https:\/\/obcina.rogatec.si\/drustva\/turisticno-drustvo-rogatec\/\" \/>\n<meta property=\"og:site_name\" content=\"Ob\u010dina Rogatec\" \/>\n<meta property=\"article:publisher\" content=\"https:\/\/www.facebook.com\/VisitRogatec\/\" \/>\n<meta property=\"og:image\" content=\"https:\/\/obcina.rogatec.si\/wp-content\/uploads\/2013\/10\/MUZEJ-NA-PROSTEM-ROGATEC.jpg\" \/>\n\t<meta property=\"og:image:width\" content=\"1900\" \/>\n\t<meta property=\"og:image:height\" content=\"1262\" \/>\n\t<meta property=\"og:image:type\" content=\"image\/jpeg\" \/>\n<meta name=\"twitter:card\" content=\"summary_large_image\" \/>\n<meta name=\"twitter:label1\" content=\"Est. reading time\" \/>\n\t<meta name=\"twitter:data1\" content=\"1 minuta\" \/>\n<script type=\"application\/ld+json\" class=\"yoast-schema-graph\">{\"@context\":\"https:\/\/schema.org\",\"@graph\":[{\"@type\":\"WebPage\",\"@id\":\"https:\/\/obcina.rogatec.si\/drustva\/turisticno-drustvo-rogatec\/\",\"url\":\"https:\/\/obcina.rogatec.si\/drustva\/turisticno-drustvo-rogatec\/\",\"name\":\"TURISTI\u010cNO DRU\u0160TVO ROGATEC - Ob\u010dina Rogatec\",\"isPartOf\":{\"@id\":\"https:\/\/obcina.rogatec.si\/#website\"},\"datePublished\":\"2013-04-07T12:55:40+00:00\",\"breadcrumb\":{\"@id\":\"https:\/\/obcina.rogatec.si\/drustva\/turisticno-drustvo-rogatec\/#breadcrumb\"},\"inLanguage\":\"sl-SI\",\"potentialAction\":[{\"@type\":\"ReadAction\",\"target\":[\"https:\/\/obcina.rogatec.si\/drustva\/turisticno-drustvo-rogatec\/\"]}]},{\"@type\":\"BreadcrumbList\",\"@id\":\"https:\/\/obcina.rogatec.si\/drustva\/turisticno-drustvo-rogatec\/#breadcrumb\",\"itemListElement\":[{\"@type\":\"ListItem\",\"position\":1,\"name\":\"Domov\",\"item\":\"https:\/\/obcina.rogatec.si\/\"},{\"@type\":\"ListItem\",\"position\":2,\"name\":\"Dru\u0161tva v ob\u010dini Rogatec\",\"item\":\"https:\/\/obcina.rogatec.si\/drustva\/\"},{\"@type\":\"ListItem\",\"position\":3,\"name\":\"TURISTI\u010cNO DRU\u0160TVO ROGATEC\"}]},{\"@type\":\"WebSite\",\"@id\":\"https:\/\/obcina.rogatec.si\/#website\",\"url\":\"https:\/\/obcina.rogatec.si\/\",\"name\":\"Ob\u010dina Rogatec\",\"description\":\"Uradni spletni portal Ob\u010dine Rogatec\",\"publisher\":{\"@id\":\"https:\/\/obcina.rogatec.si\/#organization\"},\"potentialAction\":[{\"@type\":\"SearchAction\",\"target\":{\"@type\":\"EntryPoint\",\"urlTemplate\":\"https:\/\/obcina.rogatec.si\/?s={search_term_string}\"},\"query-input\":{\"@type\":\"PropertyValueSpecification\",\"valueRequired\":true,\"valueName\":\"search_term_string\"}}],\"inLanguage\":\"sl-SI\"},{\"@type\":\"Organization\",\"@id\":\"https:\/\/obcina.rogatec.si\/#organization\",\"name\":\"Ob\u010dina Rogatec\",\"url\":\"https:\/\/obcina.rogatec.si\/\",\"logo\":{\"@type\":\"ImageObject\",\"inLanguage\":\"sl-SI\",\"@id\":\"https:\/\/obcina.rogatec.si\/#\/schema\/logo\/image\/\",\"url\":\"https:\/\/obcina.rogatec.si\/wp-content\/uploads\/2021\/01\/ObcinaRogatec_col.png\",\"contentUrl\":\"https:\/\/obcina.rogatec.si\/wp-content\/uploads\/2021\/01\/ObcinaRogatec_col.png\",\"width\":275,\"height\":100,\"caption\":\"Ob\u010dina Rogatec\"},\"image\":{\"@id\":\"https:\/\/obcina.rogatec.si\/#\/schema\/logo\/image\/\"},\"sameAs\":[\"https:\/\/www.facebook.com\/VisitRogatec\/\",\"https:\/\/www.instagram.com\/visitrogatec\/\",\"https:\/\/www.youtube.com\/channel\/UC0j4SRaLd9oSppR8hwVd5tw\"]}]}<\/script>\n<!-- \/ Yoast SEO plugin. -->","yoast_head_json":{"title":"TURISTI\u010cNO DRU\u0160TVO ROGATEC - Ob\u010dina Rogatec","robots":{"index":"index","follow":"follow","max-snippet":"max-snippet:-1","max-image-preview":"max-image-preview:large","max-video-preview":"max-video-preview:-1"},"canonical":"https:\/\/obcina.rogatec.si\/drustva\/turisticno-drustvo-rogatec\/","og_locale":"sl_SI","og_type":"article","og_title":"TURISTI\u010cNO DRU\u0160TVO ROGATEC - Ob\u010dina Rogatec","og_description":"Turisti\u010dno dru\u0161tvo Rogatec deluje 10 let. Zdru\u017euje krajane ob\u010dine Rogatec, ki se trudijo za urejenost doma\u010dij med Dona\u010dko goro in Sotlo. To je namre\u010d podro\u010dje, kjer je na\u0161a ob\u010dina. Od ustanovitve dru\u0161tva spodbujamo urejenost, z nagradami potrjujemo najbolj prijazne dele vasi, ulice, bloke, javne objekte, \u0161ole, domove, hi\u0161e. Z nekaterimi prireditvami smo se v minulih [&hellip;]","og_url":"https:\/\/obcina.rogatec.si\/drustva\/turisticno-drustvo-rogatec\/","og_site_name":"Ob\u010dina Rogatec","article_publisher":"https:\/\/www.facebook.com\/VisitRogatec\/","og_image":[{"width":1900,"height":1262,"url":"https:\/\/obcina.rogatec.si\/wp-content\/uploads\/2013\/10\/MUZEJ-NA-PROSTEM-ROGATEC.jpg","type":"image\/jpeg"}],"twitter_card":"summary_large_image","twitter_misc":{"Est. reading time":"1 minuta"},"schema":{"@context":"https:\/\/schema.org","@graph":[{"@type":"WebPage","@id":"https:\/\/obcina.rogatec.si\/drustva\/turisticno-drustvo-rogatec\/","url":"https:\/\/obcina.rogatec.si\/drustva\/turisticno-drustvo-rogatec\/","name":"TURISTI\u010cNO DRU\u0160TVO ROGATEC - Ob\u010dina Rogatec","isPartOf":{"@id":"https:\/\/obcina.rogatec.si\/#website"},"datePublished":"2013-04-07T12:55:40+00:00","breadcrumb":{"@id":"https:\/\/obcina.rogatec.si\/drustva\/turisticno-drustvo-rogatec\/#breadcrumb"},"inLanguage":"sl-SI","potentialAction":[{"@type":"ReadAction","target":["https:\/\/obcina.rogatec.si\/drustva\/turisticno-drustvo-rogatec\/"]}]},{"@type":"BreadcrumbList","@id":"https:\/\/obcina.rogatec.si\/drustva\/turisticno-drustvo-rogatec\/#breadcrumb","itemListElement":[{"@type":"ListItem","position":1,"name":"Domov","item":"https:\/\/obcina.rogatec.si\/"},{"@type":"ListItem","position":2,"name":"Dru\u0161tva v ob\u010dini Rogatec","item":"https:\/\/obcina.rogatec.si\/drustva\/"},{"@type":"ListItem","position":3,"name":"TURISTI\u010cNO DRU\u0160TVO ROGATEC"}]},{"@type":"WebSite","@id":"https:\/\/obcina.rogatec.si\/#website","url":"https:\/\/obcina.rogatec.si\/","name":"Ob\u010dina Rogatec","description":"Uradni spletni portal Ob\u010dine Rogatec","publisher":{"@id":"https:\/\/obcina.rogatec.si\/#organization"},"potentialAction":[{"@type":"SearchAction","target":{"@type":"EntryPoint","urlTemplate":"https:\/\/obcina.rogatec.si\/?s={search_term_string}"},"query-input":{"@type":"PropertyValueSpecification","valueRequired":true,"valueName":"search_term_string"}}],"inLanguage":"sl-SI"},{"@type":"Organization","@id":"https:\/\/obcina.rogatec.si\/#organization","name":"Ob\u010dina Rogatec","url":"https:\/\/obcina.rogatec.si\/","logo":{"@type":"ImageObject","inLanguage":"sl-SI","@id":"https:\/\/obcina.rogatec.si\/#\/schema\/logo\/image\/","url":"https:\/\/obcina.rogatec.si\/wp-content\/uploads\/2021\/01\/ObcinaRogatec_col.png","contentUrl":"https:\/\/obcina.rogatec.si\/wp-content\/uploads\/2021\/01\/ObcinaRogatec_col.png","width":275,"height":100,"caption":"Ob\u010dina Rogatec"},"image":{"@id":"https:\/\/obcina.rogatec.si\/#\/schema\/logo\/image\/"},"sameAs":["https:\/\/www.facebook.com\/VisitRogatec\/","https:\/\/www.instagram.com\/visitrogatec\/","https:\/\/www.youtube.com\/channel\/UC0j4SRaLd9oSppR8hwVd5tw"]}]}},"uagb_featured_image_src":{"full":false,"thumbnail":false,"medium":false,"medium_large":false,"large":false,"1536x1536":false,"2048x2048":false,"XXS":false,"XS":false,"S":false,"M":false,"L":false,"XL":false},"uagb_author_info":{"display_name":"Ob\u010dina Rogatec","author_link":"https:\/\/obcina.rogatec.si\/author\/vedran72\/"},"uagb_comment_info":0,"uagb_excerpt":"Turisti\u010dno dru\u0161tvo Rogatec deluje 10 let. Zdru\u017euje krajane ob\u010dine Rogatec, ki se trudijo za urejenost doma\u010dij med Dona\u010dko goro in Sotlo. To je namre\u010d podro\u010dje, kjer je na\u0161a ob\u010dina. Od ustanovitve dru\u0161tva spodbujamo urejenost, z nagradami potrjujemo najbolj prijazne dele vasi, ulice, bloke, javne objekte, \u0161ole, domove, hi\u0161e. Z nekaterimi prireditvami smo se v minulih&hellip;","_links":{"self":[{"href":"https:\/\/obcina.rogatec.si\/wp-json\/wp\/v2\/pages\/233","targetHints":{"allow":["GET"]}}],"collection":[{"href":"https:\/\/obcina.rogatec.si\/wp-json\/wp\/v2\/pages"}],"about":[{"href":"https:\/\/obcina.rogatec.si\/wp-json\/wp\/v2\/types\/page"}],"author":[{"embeddable":true,"href":"https:\/\/obcina.rogatec.si\/wp-json\/wp\/v2\/users\/1"}],"replies":[{"embeddable":true,"href":"https:\/\/obcina.rogatec.si\/wp-json\/wp\/v2\/comments?post=233"}],"version-history":[{"count":1,"href":"https:\/\/obcina.rogatec.si\/wp-json\/wp\/v2\/pages\/233\/revisions"}],"predecessor-version":[{"id":234,"href":"https:\/\/obcina.rogatec.si\/wp-json\/wp\/v2\/pages\/233\/revisions\/234"}],"up":[{"embeddable":true,"href":"https:\/\/obcina.rogatec.si\/wp-json\/wp\/v2\/pages\/209"}],"wp:attachment":[{"href":"https:\/\/obcina.rogatec.si\/wp-json\/wp\/v2\/media?parent=233"}],"curies":[{"name":"wp","href":"https:\/\/api.w.org\/{rel}","templated":true}]}}