{"id":226,"date":"2013-04-07T12:51:57","date_gmt":"2013-04-07T12:51:57","guid":{"rendered":"https:\/\/obcina.rogatec.si\/?page_id=226"},"modified":"2013-04-07T12:51:57","modified_gmt":"2013-04-07T12:51:57","slug":"lovska-druzina-rogatec","status":"publish","type":"page","link":"https:\/\/obcina.rogatec.si\/drustva\/lovska-druzina-rogatec\/","title":{"rendered":"LOVSKA DRU\u017dINA ROGATEC"},"content":{"rendered":"<p>Lovska dru\u017eina Rogatec je bila ustanovljena 20. oktobra 1946 in je 1. septembra 1996 praznovala zlati jubilej. Ob ustanovitvi je lovska dru\u017eina \u0161tela 15 \u010dlanov. Pred osemdesetimi leti in ve\u010d, je bil lastnik dana\u0161njega lovi\u0161\u010da grof Windischgr\u00e4tz, \u010digar lovi\u0161\u010de je \u0161e pred in med drugo svetovno vojno obsegalo 12.000 ha prete\u017eno gozdne povr\u0161ine. Nekaj so \u0161e imeli v zakupu tedaj premo\u017enej\u0161i doma\u010dini, po ve\u010dini nem\u0161kega rodu.. V za\u010detku delovanja je LD merila 3200 ha lovne povr\u0161ine, od maja 1949 pa meri 4907 ha lovne povr\u0161ine &#8211; dokon\u010dne meje lovi\u0161\u010d. Nadmorska vi\u0161ina je povpre\u010dno okrog 350m, najvi\u0161ji greben v Logu pa je Kozji hrbet s 715 m nadmorske vi\u0161ine. Dana\u0161nje lovi\u0161\u010de obsega ob\u010dino Rogatec in tudi del Rog. Slatine, skratka biv\u0161o Krajevno skupnost Dobovec, Dona\u010dka gora, Rogatec in Sv. Florijan. LD Rogatec meji na vzhodu z Lova\u010dkim dru\u0161tvom Macelj (ta je v zakupu \u2013 njihov zakon se razlikuje od na\u0161ega), na jugu z Lova\u010dkim dru\u0161tvom \u00bbSRNDA\u010c\u00ab Hum na Sutli, ki spadata v R. Hrva\u0161ko. Na zahodu mejimo z LD Roga\u0161ka Slatina, na severu pa z LD Stoperce in z LD \u017detale. Naravna meja LD Rogatec je na vzhodu in jugu reka Sotla, na zahodu potok Ter\u0161nica na severu pa Dona\u010dka gora z obrobnim hribovjem.V lovi\u0161\u010du stojita dve lovski ko\u010di in sicer ena v Lipovcu, druga na Pesti\u010dekvem, ki je ti. Koserjeva bajta, ki nosi ime po enem izmed ustanoviteljev LD. Koserjeva bajta stoji sredi na\u0161ega najlep\u0161ega lovi\u0161\u010da v Logu na Belincu. Bajta je bila kupljena maja 1974 od takratne gozdne uprave. Na\u0161e lovi\u0161\u010de obsega okrog 140 ha nelovne povr\u0161ine. Lovska dru\u017eina Rogatec spada v \u010dlanstvo SKZLD Celje, ta pa se povezuje v Lovsko zvezo Slovenije. LD Rogatec ima svoj \u017eig, ki je elipsaste oblike, v sredini je stelizirana podoba gamsa, po notranjem obodu pa napis LD ROGATEC. Leta 1981 se je uresni\u010dila \u017eelja tedanjim \u010dlanom po lastnem praporju (divji pra\u0161i\u010d-merjasec).<\/p>\n<p>Najmo\u010dnej\u0161e zastopana divjad pri nas je srnjad in predstavlja osnovni prihodek od divjadi. Z leti ugotavljamo da se njena \u0161tevil\u010dnost kljub sorazmerno visokemu odstrelu pove\u010duje, \u0161e posebej, \u010de vzamemo v obzir, da po vojni niso presegli odstrela desetih komadov. Vzrok za to so bila izkori\u0161\u010danja lovi\u0161\u010d s strani zakupnikov (dobi\u010dek) in pa doma\u010dih t.i. \u00bbraub\u0161icev\u00ab (potreba po hrani). Z ustreznim pristopom k gojitvi se je stale\u017e tej divjadi pri nas mo\u010dno pove\u010dal (letno odstrelimo okrog 155 kom. srnjadi).<\/p>\n<p><strong>LOVSKA DRU\u017dINA ROGATEC<\/strong><br \/>\n<strong>Trli\u010dno 23<\/strong><br \/>\n<strong>3252 Rogatec<\/strong><\/p>\n","protected":false},"excerpt":{"rendered":"<p>Lovska dru\u017eina Rogatec je bila ustanovljena 20. oktobra 1946 in je 1. septembra 1996 praznovala zlati jubilej. Ob ustanovitvi je lovska dru\u017eina \u0161tela 15 \u010dlanov. Pred osemdesetimi leti in ve\u010d, je bil lastnik dana\u0161njega lovi\u0161\u010da grof Windischgr\u00e4tz, \u010digar lovi\u0161\u010de je \u0161e pred in med drugo svetovno vojno obsegalo 12.000 ha prete\u017eno gozdne povr\u0161ine. Nekaj so [&hellip;]<\/p>\n","protected":false},"author":1,"featured_media":0,"parent":209,"menu_order":4,"comment_status":"open","ping_status":"open","template":"","meta":{"_uag_custom_page_level_css":"","footnotes":""},"class_list":["post-226","page","type-page","status-publish","hentry"],"yoast_head":"<!-- This site is optimized with the Yoast SEO plugin v27.2 - https:\/\/yoast.com\/product\/yoast-seo-wordpress\/ -->\n<title>LOVSKA DRU\u017dINA ROGATEC - Ob\u010dina Rogatec<\/title>\n<meta name=\"robots\" content=\"index, follow, max-snippet:-1, max-image-preview:large, max-video-preview:-1\" \/>\n<link rel=\"canonical\" href=\"https:\/\/obcina.rogatec.si\/drustva\/lovska-druzina-rogatec\/\" \/>\n<meta property=\"og:locale\" content=\"sl_SI\" \/>\n<meta property=\"og:type\" content=\"article\" \/>\n<meta property=\"og:title\" content=\"LOVSKA DRU\u017dINA ROGATEC - Ob\u010dina Rogatec\" \/>\n<meta property=\"og:description\" content=\"Lovska dru\u017eina Rogatec je bila ustanovljena 20. oktobra 1946 in je 1. septembra 1996 praznovala zlati jubilej. Ob ustanovitvi je lovska dru\u017eina \u0161tela 15 \u010dlanov. Pred osemdesetimi leti in ve\u010d, je bil lastnik dana\u0161njega lovi\u0161\u010da grof Windischgr\u00e4tz, \u010digar lovi\u0161\u010de je \u0161e pred in med drugo svetovno vojno obsegalo 12.000 ha prete\u017eno gozdne povr\u0161ine. Nekaj so [&hellip;]\" \/>\n<meta property=\"og:url\" content=\"https:\/\/obcina.rogatec.si\/drustva\/lovska-druzina-rogatec\/\" \/>\n<meta property=\"og:site_name\" content=\"Ob\u010dina Rogatec\" \/>\n<meta property=\"article:publisher\" content=\"https:\/\/www.facebook.com\/VisitRogatec\/\" \/>\n<meta property=\"og:image\" content=\"https:\/\/obcina.rogatec.si\/wp-content\/uploads\/2013\/10\/MUZEJ-NA-PROSTEM-ROGATEC.jpg\" \/>\n\t<meta property=\"og:image:width\" content=\"1900\" \/>\n\t<meta property=\"og:image:height\" content=\"1262\" \/>\n\t<meta property=\"og:image:type\" content=\"image\/jpeg\" \/>\n<meta name=\"twitter:card\" content=\"summary_large_image\" \/>\n<meta name=\"twitter:label1\" content=\"Est. reading time\" \/>\n\t<meta name=\"twitter:data1\" content=\"2 minuti\" \/>\n<script type=\"application\/ld+json\" class=\"yoast-schema-graph\">{\"@context\":\"https:\/\/schema.org\",\"@graph\":[{\"@type\":\"WebPage\",\"@id\":\"https:\/\/obcina.rogatec.si\/drustva\/lovska-druzina-rogatec\/\",\"url\":\"https:\/\/obcina.rogatec.si\/drustva\/lovska-druzina-rogatec\/\",\"name\":\"LOVSKA DRU\u017dINA ROGATEC - Ob\u010dina Rogatec\",\"isPartOf\":{\"@id\":\"https:\/\/obcina.rogatec.si\/#website\"},\"datePublished\":\"2013-04-07T12:51:57+00:00\",\"breadcrumb\":{\"@id\":\"https:\/\/obcina.rogatec.si\/drustva\/lovska-druzina-rogatec\/#breadcrumb\"},\"inLanguage\":\"sl-SI\",\"potentialAction\":[{\"@type\":\"ReadAction\",\"target\":[\"https:\/\/obcina.rogatec.si\/drustva\/lovska-druzina-rogatec\/\"]}]},{\"@type\":\"BreadcrumbList\",\"@id\":\"https:\/\/obcina.rogatec.si\/drustva\/lovska-druzina-rogatec\/#breadcrumb\",\"itemListElement\":[{\"@type\":\"ListItem\",\"position\":1,\"name\":\"Domov\",\"item\":\"https:\/\/obcina.rogatec.si\/\"},{\"@type\":\"ListItem\",\"position\":2,\"name\":\"Dru\u0161tva v ob\u010dini Rogatec\",\"item\":\"https:\/\/obcina.rogatec.si\/drustva\/\"},{\"@type\":\"ListItem\",\"position\":3,\"name\":\"LOVSKA DRU\u017dINA ROGATEC\"}]},{\"@type\":\"WebSite\",\"@id\":\"https:\/\/obcina.rogatec.si\/#website\",\"url\":\"https:\/\/obcina.rogatec.si\/\",\"name\":\"Ob\u010dina Rogatec\",\"description\":\"Uradni spletni portal Ob\u010dine Rogatec\",\"publisher\":{\"@id\":\"https:\/\/obcina.rogatec.si\/#organization\"},\"potentialAction\":[{\"@type\":\"SearchAction\",\"target\":{\"@type\":\"EntryPoint\",\"urlTemplate\":\"https:\/\/obcina.rogatec.si\/?s={search_term_string}\"},\"query-input\":{\"@type\":\"PropertyValueSpecification\",\"valueRequired\":true,\"valueName\":\"search_term_string\"}}],\"inLanguage\":\"sl-SI\"},{\"@type\":\"Organization\",\"@id\":\"https:\/\/obcina.rogatec.si\/#organization\",\"name\":\"Ob\u010dina Rogatec\",\"url\":\"https:\/\/obcina.rogatec.si\/\",\"logo\":{\"@type\":\"ImageObject\",\"inLanguage\":\"sl-SI\",\"@id\":\"https:\/\/obcina.rogatec.si\/#\/schema\/logo\/image\/\",\"url\":\"https:\/\/obcina.rogatec.si\/wp-content\/uploads\/2021\/01\/ObcinaRogatec_col.png\",\"contentUrl\":\"https:\/\/obcina.rogatec.si\/wp-content\/uploads\/2021\/01\/ObcinaRogatec_col.png\",\"width\":275,\"height\":100,\"caption\":\"Ob\u010dina Rogatec\"},\"image\":{\"@id\":\"https:\/\/obcina.rogatec.si\/#\/schema\/logo\/image\/\"},\"sameAs\":[\"https:\/\/www.facebook.com\/VisitRogatec\/\",\"https:\/\/www.instagram.com\/visitrogatec\/\",\"https:\/\/www.youtube.com\/channel\/UC0j4SRaLd9oSppR8hwVd5tw\"]}]}<\/script>\n<!-- \/ Yoast SEO plugin. -->","yoast_head_json":{"title":"LOVSKA DRU\u017dINA ROGATEC - Ob\u010dina Rogatec","robots":{"index":"index","follow":"follow","max-snippet":"max-snippet:-1","max-image-preview":"max-image-preview:large","max-video-preview":"max-video-preview:-1"},"canonical":"https:\/\/obcina.rogatec.si\/drustva\/lovska-druzina-rogatec\/","og_locale":"sl_SI","og_type":"article","og_title":"LOVSKA DRU\u017dINA ROGATEC - Ob\u010dina Rogatec","og_description":"Lovska dru\u017eina Rogatec je bila ustanovljena 20. oktobra 1946 in je 1. septembra 1996 praznovala zlati jubilej. Ob ustanovitvi je lovska dru\u017eina \u0161tela 15 \u010dlanov. Pred osemdesetimi leti in ve\u010d, je bil lastnik dana\u0161njega lovi\u0161\u010da grof Windischgr\u00e4tz, \u010digar lovi\u0161\u010de je \u0161e pred in med drugo svetovno vojno obsegalo 12.000 ha prete\u017eno gozdne povr\u0161ine. Nekaj so [&hellip;]","og_url":"https:\/\/obcina.rogatec.si\/drustva\/lovska-druzina-rogatec\/","og_site_name":"Ob\u010dina Rogatec","article_publisher":"https:\/\/www.facebook.com\/VisitRogatec\/","og_image":[{"width":1900,"height":1262,"url":"https:\/\/obcina.rogatec.si\/wp-content\/uploads\/2013\/10\/MUZEJ-NA-PROSTEM-ROGATEC.jpg","type":"image\/jpeg"}],"twitter_card":"summary_large_image","twitter_misc":{"Est. reading time":"2 minuti"},"schema":{"@context":"https:\/\/schema.org","@graph":[{"@type":"WebPage","@id":"https:\/\/obcina.rogatec.si\/drustva\/lovska-druzina-rogatec\/","url":"https:\/\/obcina.rogatec.si\/drustva\/lovska-druzina-rogatec\/","name":"LOVSKA DRU\u017dINA ROGATEC - Ob\u010dina Rogatec","isPartOf":{"@id":"https:\/\/obcina.rogatec.si\/#website"},"datePublished":"2013-04-07T12:51:57+00:00","breadcrumb":{"@id":"https:\/\/obcina.rogatec.si\/drustva\/lovska-druzina-rogatec\/#breadcrumb"},"inLanguage":"sl-SI","potentialAction":[{"@type":"ReadAction","target":["https:\/\/obcina.rogatec.si\/drustva\/lovska-druzina-rogatec\/"]}]},{"@type":"BreadcrumbList","@id":"https:\/\/obcina.rogatec.si\/drustva\/lovska-druzina-rogatec\/#breadcrumb","itemListElement":[{"@type":"ListItem","position":1,"name":"Domov","item":"https:\/\/obcina.rogatec.si\/"},{"@type":"ListItem","position":2,"name":"Dru\u0161tva v ob\u010dini Rogatec","item":"https:\/\/obcina.rogatec.si\/drustva\/"},{"@type":"ListItem","position":3,"name":"LOVSKA DRU\u017dINA ROGATEC"}]},{"@type":"WebSite","@id":"https:\/\/obcina.rogatec.si\/#website","url":"https:\/\/obcina.rogatec.si\/","name":"Ob\u010dina Rogatec","description":"Uradni spletni portal Ob\u010dine Rogatec","publisher":{"@id":"https:\/\/obcina.rogatec.si\/#organization"},"potentialAction":[{"@type":"SearchAction","target":{"@type":"EntryPoint","urlTemplate":"https:\/\/obcina.rogatec.si\/?s={search_term_string}"},"query-input":{"@type":"PropertyValueSpecification","valueRequired":true,"valueName":"search_term_string"}}],"inLanguage":"sl-SI"},{"@type":"Organization","@id":"https:\/\/obcina.rogatec.si\/#organization","name":"Ob\u010dina Rogatec","url":"https:\/\/obcina.rogatec.si\/","logo":{"@type":"ImageObject","inLanguage":"sl-SI","@id":"https:\/\/obcina.rogatec.si\/#\/schema\/logo\/image\/","url":"https:\/\/obcina.rogatec.si\/wp-content\/uploads\/2021\/01\/ObcinaRogatec_col.png","contentUrl":"https:\/\/obcina.rogatec.si\/wp-content\/uploads\/2021\/01\/ObcinaRogatec_col.png","width":275,"height":100,"caption":"Ob\u010dina Rogatec"},"image":{"@id":"https:\/\/obcina.rogatec.si\/#\/schema\/logo\/image\/"},"sameAs":["https:\/\/www.facebook.com\/VisitRogatec\/","https:\/\/www.instagram.com\/visitrogatec\/","https:\/\/www.youtube.com\/channel\/UC0j4SRaLd9oSppR8hwVd5tw"]}]}},"uagb_featured_image_src":{"full":false,"thumbnail":false,"medium":false,"medium_large":false,"large":false,"1536x1536":false,"2048x2048":false,"XXS":false,"XS":false,"S":false,"M":false,"L":false,"XL":false},"uagb_author_info":{"display_name":"Ob\u010dina Rogatec","author_link":"https:\/\/obcina.rogatec.si\/author\/vedran72\/"},"uagb_comment_info":0,"uagb_excerpt":"Lovska dru\u017eina Rogatec je bila ustanovljena 20. oktobra 1946 in je 1. septembra 1996 praznovala zlati jubilej. Ob ustanovitvi je lovska dru\u017eina \u0161tela 15 \u010dlanov. Pred osemdesetimi leti in ve\u010d, je bil lastnik dana\u0161njega lovi\u0161\u010da grof Windischgr\u00e4tz, \u010digar lovi\u0161\u010de je \u0161e pred in med drugo svetovno vojno obsegalo 12.000 ha prete\u017eno gozdne povr\u0161ine. Nekaj so&hellip;","_links":{"self":[{"href":"https:\/\/obcina.rogatec.si\/wp-json\/wp\/v2\/pages\/226","targetHints":{"allow":["GET"]}}],"collection":[{"href":"https:\/\/obcina.rogatec.si\/wp-json\/wp\/v2\/pages"}],"about":[{"href":"https:\/\/obcina.rogatec.si\/wp-json\/wp\/v2\/types\/page"}],"author":[{"embeddable":true,"href":"https:\/\/obcina.rogatec.si\/wp-json\/wp\/v2\/users\/1"}],"replies":[{"embeddable":true,"href":"https:\/\/obcina.rogatec.si\/wp-json\/wp\/v2\/comments?post=226"}],"version-history":[{"count":1,"href":"https:\/\/obcina.rogatec.si\/wp-json\/wp\/v2\/pages\/226\/revisions"}],"predecessor-version":[{"id":227,"href":"https:\/\/obcina.rogatec.si\/wp-json\/wp\/v2\/pages\/226\/revisions\/227"}],"up":[{"embeddable":true,"href":"https:\/\/obcina.rogatec.si\/wp-json\/wp\/v2\/pages\/209"}],"wp:attachment":[{"href":"https:\/\/obcina.rogatec.si\/wp-json\/wp\/v2\/media?parent=226"}],"curies":[{"name":"wp","href":"https:\/\/api.w.org\/{rel}","templated":true}]}}