{"id":177,"date":"2013-04-07T09:19:26","date_gmt":"2013-04-07T09:19:26","guid":{"rendered":"https:\/\/obcina.rogatec.si\/?page_id=177"},"modified":"2021-04-15T19:58:05","modified_gmt":"2021-04-15T17:58:05","slug":"gospodarstvo","status":"publish","type":"page","link":"https:\/\/obcina.rogatec.si\/gospodarstvo\/","title":{"rendered":"Gospodarstvo"},"content":{"rendered":"<h3>Kmetijstvo<\/h3>\n<p><strong>Kmetijska zemlji\u0161\u010da in dru\u017einske kmetije v ob\u010dini Rogatec<\/strong><\/p>\n<p>V ob\u010dini Rogatec je skupaj 246 kmetijskih gospodarstev, ki imajo v uporabi 1.497,41 hektarjev zemlji\u0161\u010d. Od tega je kmetijskih zemlji\u0161\u010d 882,55 hektarjev ali 58,94%.<\/p>\n<p><strong>Tabela:<\/strong> \u0160tevilo kmetijskih gospodarstev; povr\u0161ina zemlji\u0161\u010d v uporabi; \u0161tevilo oseb, ki \u017eivi na kmetijah; \u0161tevilo oseb, ki na kmetijah delajo, in \u0161tevilo polnih delovnih mo\u010di (PDM)<\/p>\n<ul>\n<li><span style=\"font-size: 13px; line-height: 19px;\">\u0160tevilo kmetijskih gospodarstev 246<\/span><\/li>\n<li><span style=\"font-size: 13px; line-height: 19px;\">Dru\u017einski \u010dlani in redno zaposleni na dru\u017einskih kmetijah 960<\/span><\/li>\n<li><span style=\"font-size: 13px; line-height: 19px;\">\u0160tevilo oseb, ki delajo na kmetiji 740<\/span><\/li>\n<li><span style=\"font-size: 13px; line-height: 19px;\">Delovna sila v kmetijstvu (PDM \u2013 polna delovna mo\u010d) 245,25<\/span><\/li>\n<li><span style=\"font-size: 13px; line-height: 19px;\">Povr\u0161ina vseh zemlji\u0161\u010d v uporabi 1.497,41 ha<\/span><\/li>\n<li><span style=\"font-size: 13px; line-height: 19px;\">Povr\u0161ina vseh kmetijskih zemlji\u0161\u010d v uporabi 882,55 ha<\/span><\/li>\n<\/ul>\n<p>Vir: SURS \u2013 Popis kmetijskih gospodarstev 2000<\/p>\n<h3><a href=\"https:\/\/www.ajpes.si\/\">Poslovni subjekti v ob\u010dini Rogatec<\/a><\/h3>\n","protected":false},"excerpt":{"rendered":"<p>Kmetijstvo Kmetijska zemlji\u0161\u010da in dru\u017einske kmetije v ob\u010dini Rogatec V ob\u010dini Rogatec je skupaj 246 kmetijskih gospodarstev, ki imajo v uporabi 1.497,41 hektarjev zemlji\u0161\u010d. Od tega je kmetijskih zemlji\u0161\u010d 882,55 hektarjev ali 58,94%. Tabela: \u0160tevilo kmetijskih gospodarstev; povr\u0161ina zemlji\u0161\u010d v uporabi; \u0161tevilo oseb, ki \u017eivi na kmetijah; \u0161tevilo oseb, ki na kmetijah delajo, in \u0161tevilo [&hellip;]<\/p>\n","protected":false},"author":1,"featured_media":0,"parent":0,"menu_order":0,"comment_status":"open","ping_status":"open","template":"","meta":{"_uag_custom_page_level_css":"","footnotes":""},"class_list":["post-177","page","type-page","status-publish","hentry"],"yoast_head":"<!-- This site is optimized with the Yoast SEO plugin v27.2 - https:\/\/yoast.com\/product\/yoast-seo-wordpress\/ -->\n<title>Gospodarstvo - Ob\u010dina Rogatec<\/title>\n<meta name=\"robots\" content=\"index, follow, max-snippet:-1, max-image-preview:large, max-video-preview:-1\" \/>\n<link rel=\"canonical\" href=\"https:\/\/obcina.rogatec.si\/gospodarstvo\/\" \/>\n<meta property=\"og:locale\" content=\"sl_SI\" \/>\n<meta property=\"og:type\" content=\"article\" \/>\n<meta property=\"og:title\" content=\"Gospodarstvo - Ob\u010dina Rogatec\" \/>\n<meta property=\"og:description\" content=\"Kmetijstvo Kmetijska zemlji\u0161\u010da in dru\u017einske kmetije v ob\u010dini Rogatec V ob\u010dini Rogatec je skupaj 246 kmetijskih gospodarstev, ki imajo v uporabi 1.497,41 hektarjev zemlji\u0161\u010d. Od tega je kmetijskih zemlji\u0161\u010d 882,55 hektarjev ali 58,94%. Tabela: \u0160tevilo kmetijskih gospodarstev; povr\u0161ina zemlji\u0161\u010d v uporabi; \u0161tevilo oseb, ki \u017eivi na kmetijah; \u0161tevilo oseb, ki na kmetijah delajo, in \u0161tevilo [&hellip;]\" \/>\n<meta property=\"og:url\" content=\"https:\/\/obcina.rogatec.si\/gospodarstvo\/\" \/>\n<meta property=\"og:site_name\" content=\"Ob\u010dina Rogatec\" \/>\n<meta property=\"article:publisher\" content=\"https:\/\/www.facebook.com\/VisitRogatec\/\" \/>\n<meta property=\"article:modified_time\" content=\"2021-04-15T17:58:05+00:00\" \/>\n<meta property=\"og:image\" content=\"https:\/\/obcina.rogatec.si\/wp-content\/uploads\/2013\/10\/MUZEJ-NA-PROSTEM-ROGATEC.jpg\" \/>\n\t<meta property=\"og:image:width\" content=\"1900\" \/>\n\t<meta property=\"og:image:height\" content=\"1262\" \/>\n\t<meta property=\"og:image:type\" content=\"image\/jpeg\" \/>\n<meta name=\"twitter:card\" content=\"summary_large_image\" \/>\n<meta name=\"twitter:label1\" content=\"Est. reading time\" \/>\n\t<meta name=\"twitter:data1\" content=\"1 minuta\" \/>\n<script type=\"application\/ld+json\" class=\"yoast-schema-graph\">{\"@context\":\"https:\/\/schema.org\",\"@graph\":[{\"@type\":\"WebPage\",\"@id\":\"https:\/\/obcina.rogatec.si\/gospodarstvo\/\",\"url\":\"https:\/\/obcina.rogatec.si\/gospodarstvo\/\",\"name\":\"Gospodarstvo - Ob\u010dina Rogatec\",\"isPartOf\":{\"@id\":\"https:\/\/obcina.rogatec.si\/#website\"},\"datePublished\":\"2013-04-07T09:19:26+00:00\",\"dateModified\":\"2021-04-15T17:58:05+00:00\",\"breadcrumb\":{\"@id\":\"https:\/\/obcina.rogatec.si\/gospodarstvo\/#breadcrumb\"},\"inLanguage\":\"sl-SI\",\"potentialAction\":[{\"@type\":\"ReadAction\",\"target\":[\"https:\/\/obcina.rogatec.si\/gospodarstvo\/\"]}]},{\"@type\":\"BreadcrumbList\",\"@id\":\"https:\/\/obcina.rogatec.si\/gospodarstvo\/#breadcrumb\",\"itemListElement\":[{\"@type\":\"ListItem\",\"position\":1,\"name\":\"Domov\",\"item\":\"https:\/\/obcina.rogatec.si\/\"},{\"@type\":\"ListItem\",\"position\":2,\"name\":\"Gospodarstvo\"}]},{\"@type\":\"WebSite\",\"@id\":\"https:\/\/obcina.rogatec.si\/#website\",\"url\":\"https:\/\/obcina.rogatec.si\/\",\"name\":\"Ob\u010dina Rogatec\",\"description\":\"Uradni spletni portal Ob\u010dine Rogatec\",\"publisher\":{\"@id\":\"https:\/\/obcina.rogatec.si\/#organization\"},\"potentialAction\":[{\"@type\":\"SearchAction\",\"target\":{\"@type\":\"EntryPoint\",\"urlTemplate\":\"https:\/\/obcina.rogatec.si\/?s={search_term_string}\"},\"query-input\":{\"@type\":\"PropertyValueSpecification\",\"valueRequired\":true,\"valueName\":\"search_term_string\"}}],\"inLanguage\":\"sl-SI\"},{\"@type\":\"Organization\",\"@id\":\"https:\/\/obcina.rogatec.si\/#organization\",\"name\":\"Ob\u010dina Rogatec\",\"url\":\"https:\/\/obcina.rogatec.si\/\",\"logo\":{\"@type\":\"ImageObject\",\"inLanguage\":\"sl-SI\",\"@id\":\"https:\/\/obcina.rogatec.si\/#\/schema\/logo\/image\/\",\"url\":\"https:\/\/obcina.rogatec.si\/wp-content\/uploads\/2021\/01\/ObcinaRogatec_col.png\",\"contentUrl\":\"https:\/\/obcina.rogatec.si\/wp-content\/uploads\/2021\/01\/ObcinaRogatec_col.png\",\"width\":275,\"height\":100,\"caption\":\"Ob\u010dina Rogatec\"},\"image\":{\"@id\":\"https:\/\/obcina.rogatec.si\/#\/schema\/logo\/image\/\"},\"sameAs\":[\"https:\/\/www.facebook.com\/VisitRogatec\/\",\"https:\/\/www.instagram.com\/visitrogatec\/\",\"https:\/\/www.youtube.com\/channel\/UC0j4SRaLd9oSppR8hwVd5tw\"]}]}<\/script>\n<!-- \/ Yoast SEO plugin. -->","yoast_head_json":{"title":"Gospodarstvo - Ob\u010dina Rogatec","robots":{"index":"index","follow":"follow","max-snippet":"max-snippet:-1","max-image-preview":"max-image-preview:large","max-video-preview":"max-video-preview:-1"},"canonical":"https:\/\/obcina.rogatec.si\/gospodarstvo\/","og_locale":"sl_SI","og_type":"article","og_title":"Gospodarstvo - Ob\u010dina Rogatec","og_description":"Kmetijstvo Kmetijska zemlji\u0161\u010da in dru\u017einske kmetije v ob\u010dini Rogatec V ob\u010dini Rogatec je skupaj 246 kmetijskih gospodarstev, ki imajo v uporabi 1.497,41 hektarjev zemlji\u0161\u010d. Od tega je kmetijskih zemlji\u0161\u010d 882,55 hektarjev ali 58,94%. Tabela: \u0160tevilo kmetijskih gospodarstev; povr\u0161ina zemlji\u0161\u010d v uporabi; \u0161tevilo oseb, ki \u017eivi na kmetijah; \u0161tevilo oseb, ki na kmetijah delajo, in \u0161tevilo [&hellip;]","og_url":"https:\/\/obcina.rogatec.si\/gospodarstvo\/","og_site_name":"Ob\u010dina Rogatec","article_publisher":"https:\/\/www.facebook.com\/VisitRogatec\/","article_modified_time":"2021-04-15T17:58:05+00:00","og_image":[{"width":1900,"height":1262,"url":"https:\/\/obcina.rogatec.si\/wp-content\/uploads\/2013\/10\/MUZEJ-NA-PROSTEM-ROGATEC.jpg","type":"image\/jpeg"}],"twitter_card":"summary_large_image","twitter_misc":{"Est. reading time":"1 minuta"},"schema":{"@context":"https:\/\/schema.org","@graph":[{"@type":"WebPage","@id":"https:\/\/obcina.rogatec.si\/gospodarstvo\/","url":"https:\/\/obcina.rogatec.si\/gospodarstvo\/","name":"Gospodarstvo - Ob\u010dina Rogatec","isPartOf":{"@id":"https:\/\/obcina.rogatec.si\/#website"},"datePublished":"2013-04-07T09:19:26+00:00","dateModified":"2021-04-15T17:58:05+00:00","breadcrumb":{"@id":"https:\/\/obcina.rogatec.si\/gospodarstvo\/#breadcrumb"},"inLanguage":"sl-SI","potentialAction":[{"@type":"ReadAction","target":["https:\/\/obcina.rogatec.si\/gospodarstvo\/"]}]},{"@type":"BreadcrumbList","@id":"https:\/\/obcina.rogatec.si\/gospodarstvo\/#breadcrumb","itemListElement":[{"@type":"ListItem","position":1,"name":"Domov","item":"https:\/\/obcina.rogatec.si\/"},{"@type":"ListItem","position":2,"name":"Gospodarstvo"}]},{"@type":"WebSite","@id":"https:\/\/obcina.rogatec.si\/#website","url":"https:\/\/obcina.rogatec.si\/","name":"Ob\u010dina Rogatec","description":"Uradni spletni portal Ob\u010dine Rogatec","publisher":{"@id":"https:\/\/obcina.rogatec.si\/#organization"},"potentialAction":[{"@type":"SearchAction","target":{"@type":"EntryPoint","urlTemplate":"https:\/\/obcina.rogatec.si\/?s={search_term_string}"},"query-input":{"@type":"PropertyValueSpecification","valueRequired":true,"valueName":"search_term_string"}}],"inLanguage":"sl-SI"},{"@type":"Organization","@id":"https:\/\/obcina.rogatec.si\/#organization","name":"Ob\u010dina Rogatec","url":"https:\/\/obcina.rogatec.si\/","logo":{"@type":"ImageObject","inLanguage":"sl-SI","@id":"https:\/\/obcina.rogatec.si\/#\/schema\/logo\/image\/","url":"https:\/\/obcina.rogatec.si\/wp-content\/uploads\/2021\/01\/ObcinaRogatec_col.png","contentUrl":"https:\/\/obcina.rogatec.si\/wp-content\/uploads\/2021\/01\/ObcinaRogatec_col.png","width":275,"height":100,"caption":"Ob\u010dina Rogatec"},"image":{"@id":"https:\/\/obcina.rogatec.si\/#\/schema\/logo\/image\/"},"sameAs":["https:\/\/www.facebook.com\/VisitRogatec\/","https:\/\/www.instagram.com\/visitrogatec\/","https:\/\/www.youtube.com\/channel\/UC0j4SRaLd9oSppR8hwVd5tw"]}]}},"uagb_featured_image_src":{"full":false,"thumbnail":false,"medium":false,"medium_large":false,"large":false,"1536x1536":false,"2048x2048":false,"XXS":false,"XS":false,"S":false,"M":false,"L":false,"XL":false},"uagb_author_info":{"display_name":"Ob\u010dina Rogatec","author_link":"https:\/\/obcina.rogatec.si\/author\/vedran72\/"},"uagb_comment_info":0,"uagb_excerpt":"Kmetijstvo Kmetijska zemlji\u0161\u010da in dru\u017einske kmetije v ob\u010dini Rogatec V ob\u010dini Rogatec je skupaj 246 kmetijskih gospodarstev, ki imajo v uporabi 1.497,41 hektarjev zemlji\u0161\u010d. Od tega je kmetijskih zemlji\u0161\u010d 882,55 hektarjev ali 58,94%. Tabela: \u0160tevilo kmetijskih gospodarstev; povr\u0161ina zemlji\u0161\u010d v uporabi; \u0161tevilo oseb, ki \u017eivi na kmetijah; \u0161tevilo oseb, ki na kmetijah delajo, in \u0161tevilo&hellip;","_links":{"self":[{"href":"https:\/\/obcina.rogatec.si\/wp-json\/wp\/v2\/pages\/177","targetHints":{"allow":["GET"]}}],"collection":[{"href":"https:\/\/obcina.rogatec.si\/wp-json\/wp\/v2\/pages"}],"about":[{"href":"https:\/\/obcina.rogatec.si\/wp-json\/wp\/v2\/types\/page"}],"author":[{"embeddable":true,"href":"https:\/\/obcina.rogatec.si\/wp-json\/wp\/v2\/users\/1"}],"replies":[{"embeddable":true,"href":"https:\/\/obcina.rogatec.si\/wp-json\/wp\/v2\/comments?post=177"}],"version-history":[{"count":12,"href":"https:\/\/obcina.rogatec.si\/wp-json\/wp\/v2\/pages\/177\/revisions"}],"predecessor-version":[{"id":506763,"href":"https:\/\/obcina.rogatec.si\/wp-json\/wp\/v2\/pages\/177\/revisions\/506763"}],"wp:attachment":[{"href":"https:\/\/obcina.rogatec.si\/wp-json\/wp\/v2\/media?parent=177"}],"curies":[{"name":"wp","href":"https:\/\/api.w.org\/{rel}","templated":true}]}}