{"id":172,"date":"2013-04-07T09:15:10","date_gmt":"2013-04-07T09:15:10","guid":{"rendered":"https:\/\/obcina.rogatec.si\/?page_id=172"},"modified":"2013-04-07T09:39:35","modified_gmt":"2013-04-07T09:39:35","slug":"proracun-za-leto-2013","status":"publish","type":"page","link":"https:\/\/obcina.rogatec.si\/o-obcini\/proracun\/proracun-za-leto-2013\/","title":{"rendered":"Prora\u010dun za leto 2013"},"content":{"rendered":"<p><strong>ODLOK O PRORA\u010cUNU OB\u010cINE ROGATEC ZA LETO 2013 \u2013 27.12.2012 <\/strong><\/p>\n<p>\n  <a href=\"http:\/\/www.rogatec.si\/docs\/odlok_o_proracunu_2013\/Odlok o prora\u010dunu Ob\u010dine Rogatec za leto 2013.pdf\" target=\"_blank\">Odlok o prora\u010dunu Ob\u010dine Rogatec za leto 2013<\/a> [PDF]<br \/>\n  <a href=\"http:\/\/www.rogatec.si\/docs\/odlok_o_proracunu_2013\/Posebni del prora\u010duna Ob\u010dine Rogatec za leto 2013.pdf\" target=\"_blank\">Posebni del prora\u010duna Ob\u010dine Rogatec za leto 2013<\/a> [PDF]<br \/>\n  <a href=\"http:\/\/www.rogatec.si\/docs\/odlok_o_proracunu_2013\/NRP Ob\u010dine Rogatec 2013 - 2017.pdf\" target=\"_blank\">NRP Ob\u010dine Rogatec 2013 &#8211; 2017<\/a> [PDF]<\/p>\n","protected":false},"excerpt":{"rendered":"<p>ODLOK O PRORA\u010cUNU OB\u010cINE ROGATEC ZA LETO 2013 \u2013 27.12.2012 Odlok o prora\u010dunu Ob\u010dine Rogatec za leto 2013 [PDF] Posebni del prora\u010duna Ob\u010dine Rogatec za leto 2013 [PDF] NRP Ob\u010dine Rogatec 2013 &#8211; 2017 [PDF]<\/p>\n","protected":false},"author":1,"featured_media":0,"parent":161,"menu_order":2,"comment_status":"open","ping_status":"closed","template":"","meta":{"_uag_custom_page_level_css":"","footnotes":""},"class_list":["post-172","page","type-page","status-publish","hentry"],"yoast_head":"<!-- This site is optimized with the Yoast SEO plugin v27.2 - https:\/\/yoast.com\/product\/yoast-seo-wordpress\/ -->\n<title>Prora\u010dun za leto 2013 - Ob\u010dina Rogatec<\/title>\n<meta name=\"robots\" content=\"index, follow, max-snippet:-1, max-image-preview:large, max-video-preview:-1\" \/>\n<link rel=\"canonical\" href=\"https:\/\/obcina.rogatec.si\/o-obcini\/proracun\/proracun-za-leto-2013\/\" \/>\n<meta property=\"og:locale\" content=\"sl_SI\" \/>\n<meta property=\"og:type\" content=\"article\" \/>\n<meta property=\"og:title\" content=\"Prora\u010dun za leto 2013 - Ob\u010dina Rogatec\" \/>\n<meta property=\"og:description\" content=\"ODLOK O PRORA\u010cUNU OB\u010cINE ROGATEC ZA LETO 2013 \u2013 27.12.2012 Odlok o prora\u010dunu Ob\u010dine Rogatec za leto 2013 [PDF] Posebni del prora\u010duna Ob\u010dine Rogatec za leto 2013 [PDF] NRP Ob\u010dine Rogatec 2013 &#8211; 2017 [PDF]\" \/>\n<meta property=\"og:url\" content=\"https:\/\/obcina.rogatec.si\/o-obcini\/proracun\/proracun-za-leto-2013\/\" \/>\n<meta property=\"og:site_name\" content=\"Ob\u010dina Rogatec\" \/>\n<meta property=\"article:publisher\" content=\"https:\/\/www.facebook.com\/VisitRogatec\/\" \/>\n<meta property=\"article:modified_time\" content=\"2013-04-07T09:39:35+00:00\" \/>\n<meta property=\"og:image\" content=\"https:\/\/obcina.rogatec.si\/wp-content\/uploads\/2013\/10\/MUZEJ-NA-PROSTEM-ROGATEC.jpg\" \/>\n\t<meta property=\"og:image:width\" content=\"1900\" \/>\n\t<meta property=\"og:image:height\" content=\"1262\" \/>\n\t<meta property=\"og:image:type\" content=\"image\/jpeg\" \/>\n<meta name=\"twitter:card\" content=\"summary_large_image\" \/>\n<script type=\"application\/ld+json\" class=\"yoast-schema-graph\">{\"@context\":\"https:\/\/schema.org\",\"@graph\":[{\"@type\":\"WebPage\",\"@id\":\"https:\/\/obcina.rogatec.si\/o-obcini\/proracun\/proracun-za-leto-2013\/\",\"url\":\"https:\/\/obcina.rogatec.si\/o-obcini\/proracun\/proracun-za-leto-2013\/\",\"name\":\"Prora\u010dun za leto 2013 - Ob\u010dina Rogatec\",\"isPartOf\":{\"@id\":\"https:\/\/obcina.rogatec.si\/#website\"},\"datePublished\":\"2013-04-07T09:15:10+00:00\",\"dateModified\":\"2013-04-07T09:39:35+00:00\",\"breadcrumb\":{\"@id\":\"https:\/\/obcina.rogatec.si\/o-obcini\/proracun\/proracun-za-leto-2013\/#breadcrumb\"},\"inLanguage\":\"sl-SI\",\"potentialAction\":[{\"@type\":\"ReadAction\",\"target\":[\"https:\/\/obcina.rogatec.si\/o-obcini\/proracun\/proracun-za-leto-2013\/\"]}]},{\"@type\":\"BreadcrumbList\",\"@id\":\"https:\/\/obcina.rogatec.si\/o-obcini\/proracun\/proracun-za-leto-2013\/#breadcrumb\",\"itemListElement\":[{\"@type\":\"ListItem\",\"position\":1,\"name\":\"Domov\",\"item\":\"https:\/\/obcina.rogatec.si\/\"},{\"@type\":\"ListItem\",\"position\":2,\"name\":\"O Ob\u010dini Rogatec\",\"item\":\"https:\/\/obcina.rogatec.si\/o-obcini\/\"},{\"@type\":\"ListItem\",\"position\":3,\"name\":\"Prora\u010dun\",\"item\":\"https:\/\/obcina.rogatec.si\/o-obcini\/proracun\/\"},{\"@type\":\"ListItem\",\"position\":4,\"name\":\"Prora\u010dun za leto 2013\"}]},{\"@type\":\"WebSite\",\"@id\":\"https:\/\/obcina.rogatec.si\/#website\",\"url\":\"https:\/\/obcina.rogatec.si\/\",\"name\":\"Ob\u010dina Rogatec\",\"description\":\"Uradni spletni portal Ob\u010dine Rogatec\",\"publisher\":{\"@id\":\"https:\/\/obcina.rogatec.si\/#organization\"},\"potentialAction\":[{\"@type\":\"SearchAction\",\"target\":{\"@type\":\"EntryPoint\",\"urlTemplate\":\"https:\/\/obcina.rogatec.si\/?s={search_term_string}\"},\"query-input\":{\"@type\":\"PropertyValueSpecification\",\"valueRequired\":true,\"valueName\":\"search_term_string\"}}],\"inLanguage\":\"sl-SI\"},{\"@type\":\"Organization\",\"@id\":\"https:\/\/obcina.rogatec.si\/#organization\",\"name\":\"Ob\u010dina Rogatec\",\"url\":\"https:\/\/obcina.rogatec.si\/\",\"logo\":{\"@type\":\"ImageObject\",\"inLanguage\":\"sl-SI\",\"@id\":\"https:\/\/obcina.rogatec.si\/#\/schema\/logo\/image\/\",\"url\":\"https:\/\/obcina.rogatec.si\/wp-content\/uploads\/2021\/01\/ObcinaRogatec_col.png\",\"contentUrl\":\"https:\/\/obcina.rogatec.si\/wp-content\/uploads\/2021\/01\/ObcinaRogatec_col.png\",\"width\":275,\"height\":100,\"caption\":\"Ob\u010dina Rogatec\"},\"image\":{\"@id\":\"https:\/\/obcina.rogatec.si\/#\/schema\/logo\/image\/\"},\"sameAs\":[\"https:\/\/www.facebook.com\/VisitRogatec\/\",\"https:\/\/www.instagram.com\/visitrogatec\/\",\"https:\/\/www.youtube.com\/channel\/UC0j4SRaLd9oSppR8hwVd5tw\"]}]}<\/script>\n<!-- \/ Yoast SEO plugin. -->","yoast_head_json":{"title":"Prora\u010dun za leto 2013 - Ob\u010dina Rogatec","robots":{"index":"index","follow":"follow","max-snippet":"max-snippet:-1","max-image-preview":"max-image-preview:large","max-video-preview":"max-video-preview:-1"},"canonical":"https:\/\/obcina.rogatec.si\/o-obcini\/proracun\/proracun-za-leto-2013\/","og_locale":"sl_SI","og_type":"article","og_title":"Prora\u010dun za leto 2013 - Ob\u010dina Rogatec","og_description":"ODLOK O PRORA\u010cUNU OB\u010cINE ROGATEC ZA LETO 2013 \u2013 27.12.2012 Odlok o prora\u010dunu Ob\u010dine Rogatec za leto 2013 [PDF] Posebni del prora\u010duna Ob\u010dine Rogatec za leto 2013 [PDF] NRP Ob\u010dine Rogatec 2013 &#8211; 2017 [PDF]","og_url":"https:\/\/obcina.rogatec.si\/o-obcini\/proracun\/proracun-za-leto-2013\/","og_site_name":"Ob\u010dina Rogatec","article_publisher":"https:\/\/www.facebook.com\/VisitRogatec\/","article_modified_time":"2013-04-07T09:39:35+00:00","og_image":[{"width":1900,"height":1262,"url":"https:\/\/obcina.rogatec.si\/wp-content\/uploads\/2013\/10\/MUZEJ-NA-PROSTEM-ROGATEC.jpg","type":"image\/jpeg"}],"twitter_card":"summary_large_image","schema":{"@context":"https:\/\/schema.org","@graph":[{"@type":"WebPage","@id":"https:\/\/obcina.rogatec.si\/o-obcini\/proracun\/proracun-za-leto-2013\/","url":"https:\/\/obcina.rogatec.si\/o-obcini\/proracun\/proracun-za-leto-2013\/","name":"Prora\u010dun za leto 2013 - Ob\u010dina Rogatec","isPartOf":{"@id":"https:\/\/obcina.rogatec.si\/#website"},"datePublished":"2013-04-07T09:15:10+00:00","dateModified":"2013-04-07T09:39:35+00:00","breadcrumb":{"@id":"https:\/\/obcina.rogatec.si\/o-obcini\/proracun\/proracun-za-leto-2013\/#breadcrumb"},"inLanguage":"sl-SI","potentialAction":[{"@type":"ReadAction","target":["https:\/\/obcina.rogatec.si\/o-obcini\/proracun\/proracun-za-leto-2013\/"]}]},{"@type":"BreadcrumbList","@id":"https:\/\/obcina.rogatec.si\/o-obcini\/proracun\/proracun-za-leto-2013\/#breadcrumb","itemListElement":[{"@type":"ListItem","position":1,"name":"Domov","item":"https:\/\/obcina.rogatec.si\/"},{"@type":"ListItem","position":2,"name":"O Ob\u010dini Rogatec","item":"https:\/\/obcina.rogatec.si\/o-obcini\/"},{"@type":"ListItem","position":3,"name":"Prora\u010dun","item":"https:\/\/obcina.rogatec.si\/o-obcini\/proracun\/"},{"@type":"ListItem","position":4,"name":"Prora\u010dun za leto 2013"}]},{"@type":"WebSite","@id":"https:\/\/obcina.rogatec.si\/#website","url":"https:\/\/obcina.rogatec.si\/","name":"Ob\u010dina Rogatec","description":"Uradni spletni portal Ob\u010dine Rogatec","publisher":{"@id":"https:\/\/obcina.rogatec.si\/#organization"},"potentialAction":[{"@type":"SearchAction","target":{"@type":"EntryPoint","urlTemplate":"https:\/\/obcina.rogatec.si\/?s={search_term_string}"},"query-input":{"@type":"PropertyValueSpecification","valueRequired":true,"valueName":"search_term_string"}}],"inLanguage":"sl-SI"},{"@type":"Organization","@id":"https:\/\/obcina.rogatec.si\/#organization","name":"Ob\u010dina Rogatec","url":"https:\/\/obcina.rogatec.si\/","logo":{"@type":"ImageObject","inLanguage":"sl-SI","@id":"https:\/\/obcina.rogatec.si\/#\/schema\/logo\/image\/","url":"https:\/\/obcina.rogatec.si\/wp-content\/uploads\/2021\/01\/ObcinaRogatec_col.png","contentUrl":"https:\/\/obcina.rogatec.si\/wp-content\/uploads\/2021\/01\/ObcinaRogatec_col.png","width":275,"height":100,"caption":"Ob\u010dina Rogatec"},"image":{"@id":"https:\/\/obcina.rogatec.si\/#\/schema\/logo\/image\/"},"sameAs":["https:\/\/www.facebook.com\/VisitRogatec\/","https:\/\/www.instagram.com\/visitrogatec\/","https:\/\/www.youtube.com\/channel\/UC0j4SRaLd9oSppR8hwVd5tw"]}]}},"uagb_featured_image_src":{"full":false,"thumbnail":false,"medium":false,"medium_large":false,"large":false,"1536x1536":false,"2048x2048":false,"XXS":false,"XS":false,"S":false,"M":false,"L":false,"XL":false},"uagb_author_info":{"display_name":"Ob\u010dina Rogatec","author_link":"https:\/\/obcina.rogatec.si\/author\/vedran72\/"},"uagb_comment_info":0,"uagb_excerpt":"ODLOK O PRORA\u010cUNU OB\u010cINE ROGATEC ZA LETO 2013 \u2013 27.12.2012 Odlok o prora\u010dunu Ob\u010dine Rogatec za leto 2013 [PDF] Posebni del prora\u010duna Ob\u010dine Rogatec za leto 2013 [PDF] NRP Ob\u010dine Rogatec 2013 &#8211; 2017 [PDF]","_links":{"self":[{"href":"https:\/\/obcina.rogatec.si\/wp-json\/wp\/v2\/pages\/172","targetHints":{"allow":["GET"]}}],"collection":[{"href":"https:\/\/obcina.rogatec.si\/wp-json\/wp\/v2\/pages"}],"about":[{"href":"https:\/\/obcina.rogatec.si\/wp-json\/wp\/v2\/types\/page"}],"author":[{"embeddable":true,"href":"https:\/\/obcina.rogatec.si\/wp-json\/wp\/v2\/users\/1"}],"replies":[{"embeddable":true,"href":"https:\/\/obcina.rogatec.si\/wp-json\/wp\/v2\/comments?post=172"}],"version-history":[{"count":2,"href":"https:\/\/obcina.rogatec.si\/wp-json\/wp\/v2\/pages\/172\/revisions"}],"predecessor-version":[{"id":198,"href":"https:\/\/obcina.rogatec.si\/wp-json\/wp\/v2\/pages\/172\/revisions\/198"}],"up":[{"embeddable":true,"href":"https:\/\/obcina.rogatec.si\/wp-json\/wp\/v2\/pages\/161"}],"wp:attachment":[{"href":"https:\/\/obcina.rogatec.si\/wp-json\/wp\/v2\/media?parent=172"}],"curies":[{"name":"wp","href":"https:\/\/api.w.org\/{rel}","templated":true}]}}