{"id":165,"date":"2013-04-07T09:11:39","date_gmt":"2013-04-07T09:11:39","guid":{"rendered":"https:\/\/obcina.rogatec.si\/?page_id=165"},"modified":"2013-04-07T09:39:56","modified_gmt":"2013-04-07T09:39:56","slug":"proracun-za-leto-2010","status":"publish","type":"page","link":"https:\/\/obcina.rogatec.si\/o-obcini\/proracun\/proracun-za-leto-2010\/","title":{"rendered":"Prora\u010dun za leto 2010"},"content":{"rendered":"<p><strong>ZAKLJU\u010cNI RA\u010cUN PRORA\u010cUNA OB\u010cINE ROGATEC ZA LETO 2010 \u2013 7.4.2011<\/strong><\/p>\n<p><a href=\"http:\/\/www.rogatec.si\/docs\/odlok_o_proracunu_2010\/Zakljucni racun proracuna 2010.pdf\" target=\"_blank\">Zaklju\u010dni ra\u010dun prora\u010duna 2010<\/a> [PDF]<br \/>\n  <a href=\"http:\/\/www.rogatec.si\/docs\/odlok_o_proracunu_2010\/Splosni del proracuna.pdf\" target=\"_blank\">Splo\u0161ni del prora\u010duna<\/a> [PDF]<br \/>\n  <a href=\"http:\/\/www.rogatec.si\/docs\/odlok_o_proracunu_2010\/Posebni del proracuna.pdf\" target=\"_blank\">Posebni del prora\u010duna<\/a> [PDF]<br \/>\n<a href=\"http:\/\/www.rogatec.si\/docs\/odlok_o_proracunu_2010\/Nacrt razvojnih programov.pdf\" target=\"_blank\">Na\u010drt razvojnih programov<\/a> [PDF]<\/p>\n<hr size=\"1\">\n<p><strong>ODLOK O SPREMEMBAH IN DOPOLNITVAH ODLOKA O PRORA\u010cUNU OB\u010cINE ROGATEC ZA LETO 2010 \u2013 7.12.2010  <\/strong><\/p>\n<p><a href=\"http:\/\/www.rogatec.si\/docs\/odlok_o_spremembah_odloka_o_proracunu_2010\/Odlok.pdf\" target=\"_blank\">Odlok<\/a> [PDF]<br \/>\n  <a href=\"http:\/\/www.rogatec.si\/docs\/odlok_o_spremembah_odloka_o_proracunu_2010\/Posebni del proracuna.pdf\" target=\"_blank\">Posebni del prora\u010duna<\/a> [PDF]<br \/>\n  <a href=\"http:\/\/www.rogatec.si\/docs\/odlok_o_spremembah_odloka_o_proracunu_2010\/Nacrt razvojnih programov.pdf\" target=\"_blank\">Na\u010drt razvojnih programov<\/a> [PDF]<\/p>\n<hr size=\"1\">\n<p><strong>ODLOK O SPREMEMBAH IN DOPOLNITVAH ODLOKA O PRORA\u010cUNU OB\u010cINE ROGATEC ZA LETO 2010 &#8211; 25.2.2010.<\/strong><\/p>\n<p><a href=\"http:\/\/www.rogatec.si\/docs\/odlok_o_proracunu_2010\/25-2-2010\/ODLOK.pdf\">Odlok (PDF)<\/a><br \/>\n  <a href=\"http:\/\/www.rogatec.si\/docs\/odlok_o_proracunu_2010\/25-2-2010\/II_ Posebni del proracuna.pdf\">Posebni del prora\u010duna (PDF)<\/a><br \/>\n  <a href=\"http:\/\/www.rogatec.si\/docs\/odlok_o_proracunu_2010\/25-2-2010\/NRP 2010 I. rebalans.pdf\">Na\u010drt razvojnih programov (PDF)<\/a><\/p>\n<hr size=\"1\">\n<p><strong>ODLOK O SPREMEMBAH IN DOPOLNITVAH ODLOKA O PRORA\u010cUNU OB\u010cINE ROGATEC ZA LETO 2010 &#8211; 12.5.2010.<br \/>\n<\/strong><\/p>\n<p><a href=\"http:\/\/www.rogatec.si\/docs\/odlok_o_proracunu_2010\/12-5-2010\/ODLOK.pdf\">Odlok (PDF)<\/a><br \/>\n  <a href=\"http:\/\/www.rogatec.si\/docs\/odlok_o_proracunu_2010\/12-5-2010\/II_ Posebni del proracuna.pdf\">Posebni del prora\u010duna (PDF)<\/a><br \/>\n  <a href=\"http:\/\/www.rogatec.si\/docs\/odlok_o_proracunu_2010\/12-5-2010\/NRP 2010 II. rebalans.pdf\">Na\u010drt razvojnih programov (PDF)<\/a>\n<\/p>\n<hr size=\"1\">\n<p><a href=\"http:\/\/www.rogatec.si\/docs\/odlok_o_proracunu_2010\/odlok2010.doc\" target=\"_blank\">Odlok<\/a><\/p>\n<p><a href=\"http:\/\/www.rogatec.si\/docs\/odlok_o_proracunu_2010\/nacrt_razvojnih_programov\/1_nabava_vozil_za_gasilska_drustva_dobovec_donacka_gora_rogatec.pdf\" target=\"_blank\">Na\u010drt razvojnih programov &#8211; Nabava vozil za gasilska dru\u0161tva Dobovec, Dona\u010dka Gora, Rogatec<\/a><\/p>\n<p><a href=\"http:\/\/www.rogatec.si\/docs\/odlok_o_proracunu_2010\/nacrt_razvojnih_programov\/3_gospodarsko_poslopje_grascine_strmol-pristava.pdf\" target=\"_blank\">Na\u010drt razvojnih programov &#8211; Gospodarsko poslopje gra\u0161\u010dine Strmol &#8211; Pristava<\/a><\/p>\n<p><a href=\"http:\/\/www.rogatec.si\/docs\/odlok_o_proracunu_2010\/nacrt_razvojnih_programov\/4_sanacija_gradu_strmol.pdf\" target=\"_blank\">Na\u010drt razvojnih programov &#8211; Sanacija gradu Strmol<\/a><\/p>\n<p><a href=\"http:\/\/www.rogatec.si\/docs\/odlok_o_proracunu_2010\/nacrt_razvojnih_programov\/7_izgradnja_glavne_ceste_g2-107_s_kroziscem_na_coni_c3.pdf\" target=\"_blank\">Na\u010drt razvojnih programov &#8211; Izgradnja glavne ceste G2 107 s kor\u017ei\u0161\u010dem na coni C3<\/a><\/p>\n<p><a href=\"http:\/\/www.rogatec.si\/docs\/odlok_o_proracunu_2010\/nacrt_razvojnih_programov\/9_program_opremljanja_stavbnih_zemljisc-obcinski_prostorski_nacrt.pdf\" target=\"_blank\">Na\u010drt razvojnih programov &#8211; Program opremljanja stavbnih zemlji\u0161\u010d, ob\u010dinski prostorski na\u010drt<\/a><\/p>\n<p><a href=\"http:\/\/www.rogatec.si\/docs\/odlok_o_proracunu_2010\/nacrt_razvojnih_programov\/10_izgradnja_sportne_dvorane_pri_os_rogatec.pdf\" target=\"_blank\">Na\u010drt razvojnih programov &#8211; Izgradnja \u0161portne dvorane pri O\u0160 Rogatec<\/a><\/p>\n<p><a href=\"http:\/\/www.rogatec.si\/docs\/odlok_o_proracunu_2010\/nacrt_razvojnih_programov\/12_cistilna_naprava_rogaska_slatina.pdf\" target=\"_blank\">Na\u010drt razvojnih programov &#8211; \u010cistilna naprava Roga\u0161ka Slatina<\/a><\/p>\n<p><a href=\"http:\/\/www.rogatec.si\/docs\/odlok_o_proracunu_2010\/nacrt_razvojnih_programov\/13_deponija_tuncovec.pdf\" target=\"_blank\">Na\u010drt razvojnih programov &#8211; Deponija Tuncovec<\/a><\/p>\n<p><a href=\"http:\/\/www.rogatec.si\/docs\/odlok_o_proracunu_2010\/nacrt_razvojnih_programov\/17_rcero_celje_ii_faza.pdf\" target=\"_blank\">Na\u010drt razvojnih programov &#8211; RCERO Celje &#8211; II. faza<\/a><\/p>\n<p><a href=\"http:\/\/www.rogatec.si\/docs\/odlok_o_proracunu_2010\/nacrt_razvojnih_programov\/20_komunalna_ureditev_cone_p3_z_izgradnjo_suhega_zadrzevalnika.pdf\" target=\"_blank\">Na\u010drt razvojnih programov &#8211; Komunalna ureditev cone P3 z izgradnjo suhega zadr\u017eevalnika<\/a><\/p>\n<p><a href=\"http:\/\/www.rogatec.si\/docs\/odlok_o_proracunu_2010\/nacrt_razvojnih_programov\/23_plocnik_ob_g2_st_107_gorenje-kuternik.pdf\" target=\"_blank\">Na\u010drt razvojnih programov &#8211; Plo\u010dnik ob G2 \u0161t. 107 Gorenje &#8211; Kuternik<\/a><\/p>\n<p><a href=\"http:\/\/www.rogatec.si\/docs\/odlok_o_proracunu_2010\/nacrt_razvojnih_programov\/24_obnova_drugih_kulturnih_spomenikov.pdf\" target=\"_blank\">Na\u010drt razvojnih programov &#8211; Obnova drugih kulturnih spomenikov<\/a><\/p>\n<p><a href=\"http:\/\/www.rogatec.si\/docs\/odlok_o_proracunu_2010\/nacrt_razvojnih_programov\/27_kanalizacija_rogatec_i_in_ii_faza.pdf\" target=\"_blank\">Na\u010drt razvojnih programov &#8211; Kanalizacija Rogatec &#8211; I. in II. faza<\/a><\/p>\n<p><a href=\"http:\/\/www.rogatec.si\/docs\/odlok_o_proracunu_2010\/nacrt_razvojnih_programov\/28_ureditev_stanovanjske_cone_s5.pdf\" target=\"_blank\">Na\u010drt razvojnih programov &#8211; Ureditev stanovanjske cone S5<\/a><\/p>\n<p><a href=\"http:\/\/www.rogatec.si\/docs\/odlok_o_proracunu_2010\/nacrt_razvojnih_programov\/32_plocnik_dobovec_hustic-artic.pdf\" target=\"_blank\">Na\u010drt razvojnih programov &#8211; Plo\u010dnik Dobovec, Husti\u0107 &#8211; Arti\u0107<\/a><\/p>\n<p><a href=\"http:\/\/www.rogatec.si\/docs\/odlok_o_proracunu_2010\/nacrt_razvojnih_programov\/35_igrisci_za_odbojko_na_mivki.pdf\" target=\"_blank\">Na\u010drt razvojnih programov &#8211; Igri\u0161\u010di za odbojko na mivki<\/a><\/p>\n<p><a href=\"http:\/\/www.rogatec.si\/docs\/odlok_o_proracunu_2010\/nacrt_razvojnih_programov\/36_izgradnja_nogometnega_igrisca_s_spremljajocim_objektom_in_tribuno.pdf\" target=\"_blank\">Na\u010drt razvojnih programov &#8211; Izgradnja nogometnega igri\u0161\u010da s spremljajo\u010dim objektom in tribuno<\/a><\/p>\n<p><a href=\"http:\/\/www.rogatec.si\/docs\/odlok_o_proracunu_2010\/nacrt_razvojnih_programov\/37_igrisce_z_umetno_travo.pdf\" target=\"_blank\">Na\u010drt razvojnih programov &#8211; Igri\u0161\u010de z umetno travo<\/a><\/p>\n<p><a href=\"http:\/\/www.rogatec.si\/docs\/odlok_o_proracunu_2010\/nacrt_razvojnih_programov\/38_ureditev_ceste_na_cerije.pdf\" target=\"_blank\">Na\u010drt razvojnih programov &#8211; Ureditev ceste na Cerije<\/a><\/p>\n<p><a href=\"http:\/\/www.rogatec.si\/docs\/odlok_o_proracunu_2010\/nacrt_razvojnih_programov\/39_resevanje_vodooskrbe_v_obcini_rogatec.pdf\" target=\"_blank\">Na\u010drt razvojnih programov &#8211; Re\u0161evanje vodooskrbe v ob\u010dini Rogatec<\/a><\/p>\n<p><a href=\"http:\/\/www.rogatec.si\/docs\/odlok_o_proracunu_2010\/nacrt_razvojnih_programov\/40_ureditev_sekundarne_kanalizacije.pdf\" target=\"_blank\">Na\u010drt razvojnih programov &#8211; Ureditev sekundarne kanalizacije<\/a><\/p>\n<p><a href=\"http:\/\/www.rogatec.si\/docs\/odlok_o_proracunu_2010\/nacrt_razvojnih_programov\/41_ureditev_sekundarne_kanalizacije.pdf\" target=\"_blank\">Na\u010drt razvojnih programov &#8211; Ureditev sekundarne kanalizacije<\/a><\/p>\n<p><a href=\"http:\/\/www.rogatec.si\/docs\/odlok_o_proracunu_2010\/posebni_del_proracuna_za_leto_2010\/fn1000.pdf\" target=\"_blank\">Finan\u010dni na\u010drt &#8211; Ob\u010dinski svet<\/a><\/p>\n<p><a href=\"http:\/\/www.rogatec.si\/docs\/odlok_o_proracunu_2010\/posebni_del_proracuna_za_leto_2010\/fn2000.pdf\" target=\"_blank\">Finan\u010dni na\u010drt &#8211; \u017dupan<\/a><\/p>\n<p><a href=\"http:\/\/www.rogatec.si\/docs\/odlok_o_proracunu_2010\/posebni_del_proracuna_za_leto_2010\/fn3000.pdf\" target=\"_blank\">Finan\u010dni na\u010drt &#8211; Nadzorni odbor<\/a><\/p>\n<p><a href=\"http:\/\/www.rogatec.si\/docs\/odlok_o_proracunu_2010\/posebni_del_proracuna_za_leto_2010\/fn4100.pdf\" target=\"_blank\">Finan\u010dni na\u010drt &#8211; Ob\u010d. uprava &#8211; Splo\u0161ne zadeve<\/a><\/p>\n<p><a href=\"http:\/\/www.rogatec.si\/docs\/odlok_o_proracunu_2010\/posebni_del_proracuna_za_leto_2010\/fn4200.pdf\" target=\"_blank\">Finan\u010dni na\u010drt &#8211; Ob\u010d. uprava &#8211; Kom., ceste, varnost<\/a><\/p>\n<p><a href=\"http:\/\/www.rogatec.si\/docs\/odlok_o_proracunu_2010\/posebni_del_proracuna_za_leto_2010\/fn4300.pdf\" target=\"_blank\">Finan\u010dni na\u010drt &#8211; Ob\u010d. uprava &#8211; Gosp., okolje, prostor<\/a><\/p>\n<p><a href=\"http:\/\/www.rogatec.si\/docs\/odlok_o_proracunu_2010\/posebni_del_proracuna_za_leto_2010\/fn4400.pdf\" target=\"_blank\">Finan\u010dni na\u010drt &#8211; Ob\u010d. uprava &#8211; Dru\u017eb. dej., finance<\/a><\/p>\n<p><a href=\"http:\/\/www.rogatec.si\/docs\/odlok_o_proracunu_2010\/posebni_del_proracuna_za_leto_2010\/fn5100.pdf\" target=\"_blank\">Finan\u010dni na\u010drt &#8211; Krajevna skupnost Dobovec<\/a><\/p>\n<p><a href=\"http:\/\/www.rogatec.si\/docs\/odlok_o_proracunu_2010\/posebni_del_proracuna_za_leto_2010\/fn5200.pdf\" target=\"_blank\">Finan\u010dni na\u010drt &#8211; Krajevna skupnost Dona\u010dka Gora<\/a><\/p>\n<p><a href=\"http:\/\/www.rogatec.si\/docs\/odlok_o_proracunu_2010\/posebni_del_proracuna_za_leto_2010\/fn5300.pdf\" target=\"_blank\">Finan\u010dni na\u010drt &#8211; Krajevna skupnost Rogatec<\/a><\/p>\n","protected":false},"excerpt":{"rendered":"<p>ZAKLJU\u010cNI RA\u010cUN PRORA\u010cUNA OB\u010cINE ROGATEC ZA LETO 2010 \u2013 7.4.2011 Zaklju\u010dni ra\u010dun prora\u010duna 2010 [PDF] Splo\u0161ni del prora\u010duna [PDF] Posebni del prora\u010duna [PDF] Na\u010drt razvojnih programov [PDF] ODLOK O SPREMEMBAH IN DOPOLNITVAH ODLOKA O PRORA\u010cUNU OB\u010cINE ROGATEC ZA LETO 2010 \u2013 7.12.2010 Odlok [PDF] Posebni del prora\u010duna [PDF] Na\u010drt razvojnih programov [PDF] ODLOK O SPREMEMBAH [&hellip;]<\/p>\n","protected":false},"author":1,"featured_media":0,"parent":161,"menu_order":5,"comment_status":"open","ping_status":"closed","template":"","meta":{"_uag_custom_page_level_css":"","footnotes":""},"class_list":["post-165","page","type-page","status-publish","hentry"],"yoast_head":"<!-- This site is optimized with the Yoast SEO plugin v27.2 - https:\/\/yoast.com\/product\/yoast-seo-wordpress\/ -->\n<title>Prora\u010dun za leto 2010 - Ob\u010dina Rogatec<\/title>\n<meta name=\"robots\" content=\"index, follow, max-snippet:-1, max-image-preview:large, max-video-preview:-1\" \/>\n<link rel=\"canonical\" href=\"https:\/\/obcina.rogatec.si\/o-obcini\/proracun\/proracun-za-leto-2010\/\" \/>\n<meta property=\"og:locale\" content=\"sl_SI\" \/>\n<meta property=\"og:type\" content=\"article\" \/>\n<meta property=\"og:title\" content=\"Prora\u010dun za leto 2010 - Ob\u010dina Rogatec\" \/>\n<meta property=\"og:description\" content=\"ZAKLJU\u010cNI RA\u010cUN PRORA\u010cUNA OB\u010cINE ROGATEC ZA LETO 2010 \u2013 7.4.2011 Zaklju\u010dni ra\u010dun prora\u010duna 2010 [PDF] Splo\u0161ni del prora\u010duna [PDF] Posebni del prora\u010duna [PDF] Na\u010drt razvojnih programov [PDF] ODLOK O SPREMEMBAH IN DOPOLNITVAH ODLOKA O PRORA\u010cUNU OB\u010cINE ROGATEC ZA LETO 2010 \u2013 7.12.2010 Odlok [PDF] Posebni del prora\u010duna [PDF] Na\u010drt razvojnih programov [PDF] ODLOK O SPREMEMBAH [&hellip;]\" \/>\n<meta property=\"og:url\" content=\"https:\/\/obcina.rogatec.si\/o-obcini\/proracun\/proracun-za-leto-2010\/\" \/>\n<meta property=\"og:site_name\" content=\"Ob\u010dina Rogatec\" \/>\n<meta property=\"article:publisher\" content=\"https:\/\/www.facebook.com\/VisitRogatec\/\" \/>\n<meta property=\"article:modified_time\" content=\"2013-04-07T09:39:56+00:00\" \/>\n<meta property=\"og:image\" content=\"https:\/\/obcina.rogatec.si\/wp-content\/uploads\/2013\/10\/MUZEJ-NA-PROSTEM-ROGATEC.jpg\" \/>\n\t<meta property=\"og:image:width\" content=\"1900\" \/>\n\t<meta property=\"og:image:height\" content=\"1262\" \/>\n\t<meta property=\"og:image:type\" content=\"image\/jpeg\" \/>\n<meta name=\"twitter:card\" content=\"summary_large_image\" \/>\n<meta name=\"twitter:label1\" content=\"Est. reading time\" \/>\n\t<meta name=\"twitter:data1\" content=\"2 minuti\" \/>\n<script type=\"application\/ld+json\" class=\"yoast-schema-graph\">{\"@context\":\"https:\/\/schema.org\",\"@graph\":[{\"@type\":\"WebPage\",\"@id\":\"https:\/\/obcina.rogatec.si\/o-obcini\/proracun\/proracun-za-leto-2010\/\",\"url\":\"https:\/\/obcina.rogatec.si\/o-obcini\/proracun\/proracun-za-leto-2010\/\",\"name\":\"Prora\u010dun za leto 2010 - Ob\u010dina Rogatec\",\"isPartOf\":{\"@id\":\"https:\/\/obcina.rogatec.si\/#website\"},\"datePublished\":\"2013-04-07T09:11:39+00:00\",\"dateModified\":\"2013-04-07T09:39:56+00:00\",\"breadcrumb\":{\"@id\":\"https:\/\/obcina.rogatec.si\/o-obcini\/proracun\/proracun-za-leto-2010\/#breadcrumb\"},\"inLanguage\":\"sl-SI\",\"potentialAction\":[{\"@type\":\"ReadAction\",\"target\":[\"https:\/\/obcina.rogatec.si\/o-obcini\/proracun\/proracun-za-leto-2010\/\"]}]},{\"@type\":\"BreadcrumbList\",\"@id\":\"https:\/\/obcina.rogatec.si\/o-obcini\/proracun\/proracun-za-leto-2010\/#breadcrumb\",\"itemListElement\":[{\"@type\":\"ListItem\",\"position\":1,\"name\":\"Domov\",\"item\":\"https:\/\/obcina.rogatec.si\/\"},{\"@type\":\"ListItem\",\"position\":2,\"name\":\"O Ob\u010dini Rogatec\",\"item\":\"https:\/\/obcina.rogatec.si\/o-obcini\/\"},{\"@type\":\"ListItem\",\"position\":3,\"name\":\"Prora\u010dun\",\"item\":\"https:\/\/obcina.rogatec.si\/o-obcini\/proracun\/\"},{\"@type\":\"ListItem\",\"position\":4,\"name\":\"Prora\u010dun za leto 2010\"}]},{\"@type\":\"WebSite\",\"@id\":\"https:\/\/obcina.rogatec.si\/#website\",\"url\":\"https:\/\/obcina.rogatec.si\/\",\"name\":\"Ob\u010dina Rogatec\",\"description\":\"Uradni spletni portal Ob\u010dine Rogatec\",\"publisher\":{\"@id\":\"https:\/\/obcina.rogatec.si\/#organization\"},\"potentialAction\":[{\"@type\":\"SearchAction\",\"target\":{\"@type\":\"EntryPoint\",\"urlTemplate\":\"https:\/\/obcina.rogatec.si\/?s={search_term_string}\"},\"query-input\":{\"@type\":\"PropertyValueSpecification\",\"valueRequired\":true,\"valueName\":\"search_term_string\"}}],\"inLanguage\":\"sl-SI\"},{\"@type\":\"Organization\",\"@id\":\"https:\/\/obcina.rogatec.si\/#organization\",\"name\":\"Ob\u010dina Rogatec\",\"url\":\"https:\/\/obcina.rogatec.si\/\",\"logo\":{\"@type\":\"ImageObject\",\"inLanguage\":\"sl-SI\",\"@id\":\"https:\/\/obcina.rogatec.si\/#\/schema\/logo\/image\/\",\"url\":\"https:\/\/obcina.rogatec.si\/wp-content\/uploads\/2021\/01\/ObcinaRogatec_col.png\",\"contentUrl\":\"https:\/\/obcina.rogatec.si\/wp-content\/uploads\/2021\/01\/ObcinaRogatec_col.png\",\"width\":275,\"height\":100,\"caption\":\"Ob\u010dina Rogatec\"},\"image\":{\"@id\":\"https:\/\/obcina.rogatec.si\/#\/schema\/logo\/image\/\"},\"sameAs\":[\"https:\/\/www.facebook.com\/VisitRogatec\/\",\"https:\/\/www.instagram.com\/visitrogatec\/\",\"https:\/\/www.youtube.com\/channel\/UC0j4SRaLd9oSppR8hwVd5tw\"]}]}<\/script>\n<!-- \/ Yoast SEO plugin. -->","yoast_head_json":{"title":"Prora\u010dun za leto 2010 - Ob\u010dina Rogatec","robots":{"index":"index","follow":"follow","max-snippet":"max-snippet:-1","max-image-preview":"max-image-preview:large","max-video-preview":"max-video-preview:-1"},"canonical":"https:\/\/obcina.rogatec.si\/o-obcini\/proracun\/proracun-za-leto-2010\/","og_locale":"sl_SI","og_type":"article","og_title":"Prora\u010dun za leto 2010 - Ob\u010dina Rogatec","og_description":"ZAKLJU\u010cNI RA\u010cUN PRORA\u010cUNA OB\u010cINE ROGATEC ZA LETO 2010 \u2013 7.4.2011 Zaklju\u010dni ra\u010dun prora\u010duna 2010 [PDF] Splo\u0161ni del prora\u010duna [PDF] Posebni del prora\u010duna [PDF] Na\u010drt razvojnih programov [PDF] ODLOK O SPREMEMBAH IN DOPOLNITVAH ODLOKA O PRORA\u010cUNU OB\u010cINE ROGATEC ZA LETO 2010 \u2013 7.12.2010 Odlok [PDF] Posebni del prora\u010duna [PDF] Na\u010drt razvojnih programov [PDF] ODLOK O SPREMEMBAH [&hellip;]","og_url":"https:\/\/obcina.rogatec.si\/o-obcini\/proracun\/proracun-za-leto-2010\/","og_site_name":"Ob\u010dina Rogatec","article_publisher":"https:\/\/www.facebook.com\/VisitRogatec\/","article_modified_time":"2013-04-07T09:39:56+00:00","og_image":[{"width":1900,"height":1262,"url":"https:\/\/obcina.rogatec.si\/wp-content\/uploads\/2013\/10\/MUZEJ-NA-PROSTEM-ROGATEC.jpg","type":"image\/jpeg"}],"twitter_card":"summary_large_image","twitter_misc":{"Est. reading time":"2 minuti"},"schema":{"@context":"https:\/\/schema.org","@graph":[{"@type":"WebPage","@id":"https:\/\/obcina.rogatec.si\/o-obcini\/proracun\/proracun-za-leto-2010\/","url":"https:\/\/obcina.rogatec.si\/o-obcini\/proracun\/proracun-za-leto-2010\/","name":"Prora\u010dun za leto 2010 - Ob\u010dina Rogatec","isPartOf":{"@id":"https:\/\/obcina.rogatec.si\/#website"},"datePublished":"2013-04-07T09:11:39+00:00","dateModified":"2013-04-07T09:39:56+00:00","breadcrumb":{"@id":"https:\/\/obcina.rogatec.si\/o-obcini\/proracun\/proracun-za-leto-2010\/#breadcrumb"},"inLanguage":"sl-SI","potentialAction":[{"@type":"ReadAction","target":["https:\/\/obcina.rogatec.si\/o-obcini\/proracun\/proracun-za-leto-2010\/"]}]},{"@type":"BreadcrumbList","@id":"https:\/\/obcina.rogatec.si\/o-obcini\/proracun\/proracun-za-leto-2010\/#breadcrumb","itemListElement":[{"@type":"ListItem","position":1,"name":"Domov","item":"https:\/\/obcina.rogatec.si\/"},{"@type":"ListItem","position":2,"name":"O Ob\u010dini Rogatec","item":"https:\/\/obcina.rogatec.si\/o-obcini\/"},{"@type":"ListItem","position":3,"name":"Prora\u010dun","item":"https:\/\/obcina.rogatec.si\/o-obcini\/proracun\/"},{"@type":"ListItem","position":4,"name":"Prora\u010dun za leto 2010"}]},{"@type":"WebSite","@id":"https:\/\/obcina.rogatec.si\/#website","url":"https:\/\/obcina.rogatec.si\/","name":"Ob\u010dina Rogatec","description":"Uradni spletni portal Ob\u010dine Rogatec","publisher":{"@id":"https:\/\/obcina.rogatec.si\/#organization"},"potentialAction":[{"@type":"SearchAction","target":{"@type":"EntryPoint","urlTemplate":"https:\/\/obcina.rogatec.si\/?s={search_term_string}"},"query-input":{"@type":"PropertyValueSpecification","valueRequired":true,"valueName":"search_term_string"}}],"inLanguage":"sl-SI"},{"@type":"Organization","@id":"https:\/\/obcina.rogatec.si\/#organization","name":"Ob\u010dina Rogatec","url":"https:\/\/obcina.rogatec.si\/","logo":{"@type":"ImageObject","inLanguage":"sl-SI","@id":"https:\/\/obcina.rogatec.si\/#\/schema\/logo\/image\/","url":"https:\/\/obcina.rogatec.si\/wp-content\/uploads\/2021\/01\/ObcinaRogatec_col.png","contentUrl":"https:\/\/obcina.rogatec.si\/wp-content\/uploads\/2021\/01\/ObcinaRogatec_col.png","width":275,"height":100,"caption":"Ob\u010dina Rogatec"},"image":{"@id":"https:\/\/obcina.rogatec.si\/#\/schema\/logo\/image\/"},"sameAs":["https:\/\/www.facebook.com\/VisitRogatec\/","https:\/\/www.instagram.com\/visitrogatec\/","https:\/\/www.youtube.com\/channel\/UC0j4SRaLd9oSppR8hwVd5tw"]}]}},"uagb_featured_image_src":{"full":false,"thumbnail":false,"medium":false,"medium_large":false,"large":false,"1536x1536":false,"2048x2048":false,"XXS":false,"XS":false,"S":false,"M":false,"L":false,"XL":false},"uagb_author_info":{"display_name":"Ob\u010dina Rogatec","author_link":"https:\/\/obcina.rogatec.si\/author\/vedran72\/"},"uagb_comment_info":0,"uagb_excerpt":"ZAKLJU\u010cNI RA\u010cUN PRORA\u010cUNA OB\u010cINE ROGATEC ZA LETO 2010 \u2013 7.4.2011 Zaklju\u010dni ra\u010dun prora\u010duna 2010 [PDF] Splo\u0161ni del prora\u010duna [PDF] Posebni del prora\u010duna [PDF] Na\u010drt razvojnih programov [PDF] ODLOK O SPREMEMBAH IN DOPOLNITVAH ODLOKA O PRORA\u010cUNU OB\u010cINE ROGATEC ZA LETO 2010 \u2013 7.12.2010 Odlok [PDF] Posebni del prora\u010duna [PDF] Na\u010drt razvojnih programov [PDF] ODLOK O SPREMEMBAH&hellip;","_links":{"self":[{"href":"https:\/\/obcina.rogatec.si\/wp-json\/wp\/v2\/pages\/165","targetHints":{"allow":["GET"]}}],"collection":[{"href":"https:\/\/obcina.rogatec.si\/wp-json\/wp\/v2\/pages"}],"about":[{"href":"https:\/\/obcina.rogatec.si\/wp-json\/wp\/v2\/types\/page"}],"author":[{"embeddable":true,"href":"https:\/\/obcina.rogatec.si\/wp-json\/wp\/v2\/users\/1"}],"replies":[{"embeddable":true,"href":"https:\/\/obcina.rogatec.si\/wp-json\/wp\/v2\/comments?post=165"}],"version-history":[{"count":2,"href":"https:\/\/obcina.rogatec.si\/wp-json\/wp\/v2\/pages\/165\/revisions"}],"predecessor-version":[{"id":201,"href":"https:\/\/obcina.rogatec.si\/wp-json\/wp\/v2\/pages\/165\/revisions\/201"}],"up":[{"embeddable":true,"href":"https:\/\/obcina.rogatec.si\/wp-json\/wp\/v2\/pages\/161"}],"wp:attachment":[{"href":"https:\/\/obcina.rogatec.si\/wp-json\/wp\/v2\/media?parent=165"}],"curies":[{"name":"wp","href":"https:\/\/api.w.org\/{rel}","templated":true}]}}