{"id":114,"date":"2013-04-07T08:43:26","date_gmt":"2013-04-07T08:43:26","guid":{"rendered":"https:\/\/obcina.rogatec.si\/?page_id=114"},"modified":"2023-02-09T08:39:05","modified_gmt":"2023-02-09T07:39:05","slug":"odbori-komisije-sveti","status":"publish","type":"page","link":"https:\/\/obcina.rogatec.si\/organi-obcine\/obcinski-svet\/odbori-komisije-sveti\/","title":{"rendered":"Odbori, komisije, sveti"},"content":{"rendered":"<h4>Delovna telesa ob\u010dinskega sveta<\/h4>\n<p><strong>Komisija za mandatna vpra\u0161anja, volitve in imenovanja<\/strong><\/p>\n<p>Komisija predlaga kandidate za delovna telesa ob\u010dinskega sveta in druge organe, ki jih imenuje ob\u010dinski svet, pripravlja predloge za imenovanje vodstvenih delavcev v javnih zavodih in javnih podjetjih ter drugih pravnih osebah.<\/p>\n<p>Komisija pripravlja predloge odlo\u010ditev ob\u010dinskega sveta v zvezi s pla\u010dami in drugimi prejemki ob\u010dinskih funkcionarjev in opravlja naloge s podro\u010dja ugotavljanja nezdru\u017eljivosti opravljanja javne funkcije s pridobitno dejavnostjo.<\/p>\n<p>Komisija pripravlja in objavlja razpise za podelitev nagrad in priznanj, opravi izbiro med predlogi ter pripravi predlog sklepa za ob\u010dinski svet, obravnava vloge in prito\u017ebe ob\u010danov ter na podlagi le-teh daje pobude in predlaga re\u0161itve ob\u010dinskemu svetu, \u017eupanu in ob\u010dinski upravi.<\/p>\n<table width=\"920\">\n<tbody>\n<tr>\n<td width=\"634\"><strong>Komisijo za mandatna vpra\u0161anja, volitve in imenovanja\u00a0<\/strong>v mandatnem obdobju 2022 \u2013 2026 sestavljajo:<\/td>\n<\/tr>\n<\/tbody>\n<\/table>\n<ol>\n<li style=\"font-weight: 400;\">Slavko Pavlovi\u010d &#8211; predsednik<\/li>\n<li style=\"font-weight: 400;\">Velimir Novak &#8211; \u010dlan<\/li>\n<li style=\"font-weight: 400;\">Brigita Vodu\u0161ek &#8211; \u010dlanica<\/li>\n<li style=\"font-weight: 400;\">Robert Antoli\u010d &#8211; \u010dlan<\/li>\n<li style=\"font-weight: 400;\">Leon Rehar &#8211; \u010dlan<\/li>\n<\/ol>\n<p>&nbsp;<\/p>\n<p><b>Odbor za negospodarstvo in javne slu\u017ebe dru\u017ebenih dejavnosti<\/b><\/p>\n<p>Odbor obravnava vse predloge aktov in drugih odlo\u010ditev iz pristojnosti ob\u010dine na podro\u010dju negospodarstva in javnih slu\u017eb dru\u017ebenih dejavnosti, ki so ob\u010dinskemu svetu predlagani v sprejem, oblikuje o njih svoje mnenje in ob\u010dinskemu svetu poda stali\u0161\u010de s predlogom odlo\u010ditve.<\/p>\n<p>Odbor za negospodarstvo in javne slu\u017ebe dru\u017ebenih dejavnosti lahko predlaga ob\u010dinskemu svetu v sprejem odloke in druge akte iz njegove pristojnosti na podro\u010dju negospodarstva in javnih slu\u017eb dru\u017ebenih dejavnosti.<\/p>\n<table style=\"height: 54px;\" border=\"0\" width=\"965\" cellspacing=\"0\" cellpadding=\"0\">\n<tbody>\n<tr>\n<td valign=\"top\" width=\"634\"><b>Odbor za negospodarstvo in javne slu\u017ebe dru\u017ebenih dejavnosti <\/b>v mandatnem obdobju 2022 \u2013 2026 sestavljajo:<\/td>\n<\/tr>\n<\/tbody>\n<\/table>\n<p>1. Toma\u017e Mikoli\u010d &#8211; predsednik<br \/>\n2. Jolanda Pavlovi\u010d &#8211; \u010dlanica<br \/>\n3. Andreja Novak &#8211; \u010dlanica<br \/>\n4. Suzana Zalezina &#8211; \u010dlanica<br \/>\n5. Sonja Kitak &#8211; \u010dlanica<\/p>\n<p>&nbsp;<\/p>\n<p><b>\u00a0<\/b><b>Odbor za gospodarstvo in turizem<\/b><\/p>\n<p><b>\u00a0<\/b>Odbor obravnava vse predloge aktov in drugih odlo\u010ditev iz pristojnosti ob\u010dine na podro\u010dju gospodarstva, malega gospodarstva in obrti, gostinstva ter turizma, ki so ob\u010dinskemu svetu predlagani v sprejem, oblikuje o njih svoje mnenje in ob\u010dinskemu svetu poda stali\u0161\u010de s predlogom odlo\u010ditve.<\/p>\n<p>Odbor za gospodarstvo in turizem lahko predlaga ob\u010dinskemu svetu v sprejem odloke in druge akte iz njegove pristojnosti na svojem podro\u010dju dela.<\/p>\n<p><b>Odbor za gospodarstvo in turizem <\/b>v mandatnem obdobju 2022 \u2013 2026 sestavljajo:<\/p>\n<p>1. Brigita Vodu\u0161ek &#8211; predsednica<br \/>\n2. Leon Rehar &#8211; \u010dlan<br \/>\n3. Andrej Turk &#8211; \u010dlan<br \/>\n4. Vili Buk\u0161ek &#8211; \u010dlan<br \/>\n5. Ale\u0161 Bele &#8211; \u010dlan<\/p>\n<p>&nbsp;<\/p>\n<p><b>Odbor za komunalo, gospodarske javne slu\u017ebe in varstvo okolja<\/b><\/p>\n<p>Odbor obravnava vse predloge aktov in drugih odlo\u010ditev iz pristojnosti ob\u010dine na podro\u010dju komunale, varstva okolja in gospodarskih javnih slu\u017eb, ki so ob\u010dinskemu svetu predlagani v sprejem, oblikuje o njih svoje mnenje in ob\u010dinskemu svetu poda stali\u0161\u010de s predlogom odlo\u010ditve.<\/p>\n<p>Odbor za komunalo, gospodarske javne slu\u017ebe in varstvo okolja lahko predlaga ob\u010dinskemu svetu v sprejem odloke in druge akte iz njegove pristojnosti na svojem podro\u010dju dela.<\/p>\n<p><b>\u00a0<\/b><b>Odbor za komunalo, gospodarske javne slu\u017ebe in varstvo okolja <\/b>v mandatnem obdobju 2022 \u2013 2026 sestavljajo:<\/p>\n<p>1. Velimir Novak &#8211; predsednik<br \/>\n2. Bla\u017e Kramberger &#8211; \u010dlan<br \/>\n3. Andreja Novak &#8211; \u010dlanica<br \/>\n4. Peter \u0160turbej &#8211; \u010dlan<br \/>\n5. Valentina Drofenik &#8211; \u010dlanica<\/p>\n<p>&nbsp;<\/p>\n<p><b>Odbor za prostorsko planiranje in gospodarjenje z nepremi\u010dninami<\/b><\/p>\n<p><b>\u00a0<\/b>Odbor obravnava vse predloge aktov in drugih odlo\u010ditev iz pristojnosti ob\u010dine na podro\u010dju planiranja, urejanja in gospodarjenja s prostorom in nepremi\u010dnim premo\u017eenjem ob\u010dine, ki so ob\u010dinskemu svetu predlagani v sprejem, oblikuje o njih svoje mnenje in ob\u010dinskemu svetu poda stali\u0161\u010de s predlogom odlo\u010ditve.<\/p>\n<p>Odbor za prostorsko planiranje in gospodarjenje z nepremi\u010dninami lahko predlaga ob\u010dinskemu svetu v sprejem odloke in druge akte iz njegove pristojnosti na svojem podro\u010dju dela.<\/p>\n<p><b>Odbor za prostorsko planiranje in gospodarjenje z nepremi\u010dninami <\/b>v mandatnem obdobju 2022 \u2013 2026 sestavljajo:<\/p>\n<p>1. Robert Antoli\u010d &#8211; predsednik<br \/>\n2. Brigita Vodu\u0161ek &#8211; \u010dlanica<br \/>\n3. Toma\u017e Mikoli\u010d &#8211; \u010dlan<br \/>\n4. Jani Pavlovi\u010d &#8211; \u010dlan<br \/>\n5. Melani Peer &#8211; \u010dlanica<\/p>\n<p>&nbsp;<\/p>\n<p><b>Odbor za kmetijstvo<\/b><\/p>\n<p><b>\u00a0<\/b>Odbor obravnava vse predloge aktov in drugih odlo\u010ditev iz pristojnosti ob\u010dine na podro\u010dju kmetijstva, gozdarstva, varstva zapu\u0161\u010denih \u017eivali, veterine, ribi\u0161tva in lovstva, ki so ob\u010dinskemu svetu predlagani v sprejem, oblikuje o njih svoje mnenje in ob\u010dinskemu svetu poda stali\u0161\u010de s predlogom odlo\u010ditve.<\/p>\n<p>Odbor za kmetijstvo lahko predlaga ob\u010dinskemu svetu v sprejem odloke in druge akte iz njegove pristojnosti na svojem podro\u010dju dela.<\/p>\n<p><b>Odbor za kmetijstvo<\/b><b> <\/b>v mandatnem obdobju 2022 \u2013 2026 sestavljajo:<\/p>\n<p>1. Toma\u017e Plav\u010dak &#8211; predsednik<br \/>\n2. Jolanda Pavlovi\u010d &#8211; \u010dlanica<br \/>\n3. Brigita Vodu\u0161ek &#8211; \u010dlanica<br \/>\n4. Jernej Rajher &#8211; \u010dlan<br \/>\n5. Sandi Kitak &#8211; \u010dlan<\/p>\n<p>&nbsp;<\/p>\n<p><b>Statutarno \u2013 pravna komisija<\/b><\/p>\n<p><b>\u00a0<\/b>Komisija obravnava predlog statuta ob\u010dine in poslovnika ob\u010dinskega sveta in njunih sprememb oziroma dopolnitev, odlokov in drugih aktov, ki jih ob\u010dinski svet sprejema v obliki predpisov.<\/p>\n<p>Komisija oblikuje svoje mnenje oziroma stali\u0161\u010de glede skladnosti obravnavanih predlogov aktov z ustavo, zakoni in statutom ob\u010dine ter glede medsebojne skladnosti z drugimi veljavnimi akti ob\u010dine.<\/p>\n<p>Komisija lahko predlaga ob\u010dinskemu svetu v sprejem spremembe in dopolnitve statuta ob\u010dine in poslovnika ob\u010dinskega sveta ter obvezno razlago dolo\u010db splo\u0161nih aktov ob\u010dine.<\/p>\n<p>Med dvema sejama ob\u010dinskega sveta ali v \u010dasu seje, \u010de tako zahteva predsedujo\u010di ob\u010dinskega sveta, statutarno-pravna komisija razlaga poslovnik ob\u010dinskega sveta.<\/p>\n<p><b>Statutarno \u2013 pravno komisijo <\/b>v mandatnem obdobju 2022 \u2013 2026 sestavljajo:<\/p>\n<p>1. Brigita Vodu\u0161ek &#8211; predsednica<br \/>\n2. Slavko Pavlovi\u010d &#8211; \u010dlan<br \/>\n3. Toma\u017e Mikoli\u010d &#8211; \u010dlan<br \/>\n4. Aleksandra Jutri\u0161a &#8211; \u010dlanica<br \/>\n5. Tamara \u0160urbek &#8211; \u010dlanica<\/p>\n<p>&nbsp;<\/p>\n<p><b>Odbor za \u0161port<\/b><\/p>\n<p>Odbor obravnava vse predloge aktov in drugih odlo\u010ditev iz pristojnosti ob\u010dine na podro\u010dju \u0161porta, ki so ob\u010dinskemu svetu predlagani v sprejem, oblikuje o njih svoje mnenje in ob\u010dinskemu svetu poda stali\u0161\u010de s predlogom odlo\u010ditve.<\/p>\n<p>Odbor za \u0161port lahko predlaga ob\u010dinskemu svetu v sprejem odloke in druge akte iz njegove pristojnosti na svojem podro\u010dju dela.<\/p>\n<p><b>Odbor za \u0161port <\/b>v mandatnem obdobju 2022 \u2013 2026 sestavljajo:<\/p>\n<p>1. Bla\u017e Kramberger &#8211; predsednik<br \/>\n2. Slavko Pavlovi\u010d &#8211; \u010dlan<br \/>\n3. Toma\u017e Plav\u010dak &#8211; \u010dlan<br \/>\n4. Niko Cesarec &#8211; \u010dlan<br \/>\n5. Borut Krog &#8211; \u010dlan<\/p>\n<p>&nbsp;<\/p>\n<p><b>Odbor za mlade<br \/>\n<\/b><\/p>\n<p>Odbor obravnava in daje ob\u010dinskemu svetu mnenja in predloge, ki so v pristojnosti ob\u010dinskega sveta, zlasti pa skrbi za povezovanje mladih v ob\u010dini in sooblikuje ob\u010dinsko politiko mladih, vzpostavlja pogoje za na\u010drtovanje in izvedbo aktivne politike zaposlovanja mladih v ob\u010dini, \u0161tipendiranja, programov socialne varnosti mladih, sodeluje pri pripravi dodatnih ob\u0161olskih izobra\u017eevanj in usposabljanj, pri zagotavljanju prostorskih pogojev za delo mladih ter pri oblikovanju predloga prora\u010duna ob\u010dine pri sredstvih, namenjenih za mlade.<\/p>\n<p><b>Odbor za mlade <\/b>v mandatnem obdobju 2022 \u2013 2026 sestavljajo:<\/p>\n<p>1. Leon Rehar &#8211; predsednik<br \/>\n2. Bla\u017e Kramberger &#8211; \u010dlan<br \/>\n3. Anja Polaj\u017eer &#8211; \u010dlanica<br \/>\n4. Barbara Matej &#8211; \u010dlanica<br \/>\n5. Anamarija Tepe\u0161 &#8211; \u010dlanica<\/p>\n<p>&nbsp;<\/p>\n<p>&nbsp;<\/p>\n","protected":false},"excerpt":{"rendered":"<p>Delovna telesa ob\u010dinskega sveta Komisija za mandatna vpra\u0161anja, volitve in imenovanja Komisija predlaga kandidate za delovna telesa ob\u010dinskega sveta in druge organe, ki jih imenuje ob\u010dinski svet, pripravlja predloge za imenovanje vodstvenih delavcev v javnih zavodih in javnih podjetjih ter drugih pravnih osebah. Komisija pripravlja predloge odlo\u010ditev ob\u010dinskega sveta v zvezi s pla\u010dami in drugimi [&hellip;]<\/p>\n","protected":false},"author":1,"featured_media":0,"parent":105,"menu_order":6,"comment_status":"open","ping_status":"closed","template":"","meta":{"_uag_custom_page_level_css":"","footnotes":""},"class_list":["post-114","page","type-page","status-publish","hentry"],"yoast_head":"<!-- This site is optimized with the Yoast SEO plugin v27.2 - https:\/\/yoast.com\/product\/yoast-seo-wordpress\/ -->\n<title>Odbori, komisije, sveti - Ob\u010dina Rogatec<\/title>\n<meta name=\"robots\" content=\"index, follow, max-snippet:-1, max-image-preview:large, max-video-preview:-1\" \/>\n<link rel=\"canonical\" href=\"https:\/\/obcina.rogatec.si\/organi-obcine\/obcinski-svet\/odbori-komisije-sveti\/\" \/>\n<meta property=\"og:locale\" content=\"sl_SI\" \/>\n<meta property=\"og:type\" content=\"article\" \/>\n<meta property=\"og:title\" content=\"Odbori, komisije, sveti - Ob\u010dina Rogatec\" \/>\n<meta property=\"og:description\" content=\"Delovna telesa ob\u010dinskega sveta Komisija za mandatna vpra\u0161anja, volitve in imenovanja Komisija predlaga kandidate za delovna telesa ob\u010dinskega sveta in druge organe, ki jih imenuje ob\u010dinski svet, pripravlja predloge za imenovanje vodstvenih delavcev v javnih zavodih in javnih podjetjih ter drugih pravnih osebah. Komisija pripravlja predloge odlo\u010ditev ob\u010dinskega sveta v zvezi s pla\u010dami in drugimi [&hellip;]\" \/>\n<meta property=\"og:url\" content=\"https:\/\/obcina.rogatec.si\/organi-obcine\/obcinski-svet\/odbori-komisije-sveti\/\" \/>\n<meta property=\"og:site_name\" content=\"Ob\u010dina Rogatec\" \/>\n<meta property=\"article:publisher\" content=\"https:\/\/www.facebook.com\/VisitRogatec\/\" \/>\n<meta property=\"article:modified_time\" content=\"2023-02-09T07:39:05+00:00\" \/>\n<meta property=\"og:image\" content=\"https:\/\/obcina.rogatec.si\/wp-content\/uploads\/2013\/10\/MUZEJ-NA-PROSTEM-ROGATEC.jpg\" \/>\n\t<meta property=\"og:image:width\" content=\"1900\" \/>\n\t<meta property=\"og:image:height\" content=\"1262\" \/>\n\t<meta property=\"og:image:type\" content=\"image\/jpeg\" \/>\n<meta name=\"twitter:card\" content=\"summary_large_image\" \/>\n<meta name=\"twitter:label1\" content=\"Est. reading time\" \/>\n\t<meta name=\"twitter:data1\" content=\"6 minut\" \/>\n<script type=\"application\/ld+json\" class=\"yoast-schema-graph\">{\"@context\":\"https:\/\/schema.org\",\"@graph\":[{\"@type\":\"WebPage\",\"@id\":\"https:\/\/obcina.rogatec.si\/organi-obcine\/obcinski-svet\/odbori-komisije-sveti\/\",\"url\":\"https:\/\/obcina.rogatec.si\/organi-obcine\/obcinski-svet\/odbori-komisije-sveti\/\",\"name\":\"Odbori, komisije, sveti - Ob\u010dina Rogatec\",\"isPartOf\":{\"@id\":\"https:\/\/obcina.rogatec.si\/#website\"},\"datePublished\":\"2013-04-07T08:43:26+00:00\",\"dateModified\":\"2023-02-09T07:39:05+00:00\",\"breadcrumb\":{\"@id\":\"https:\/\/obcina.rogatec.si\/organi-obcine\/obcinski-svet\/odbori-komisije-sveti\/#breadcrumb\"},\"inLanguage\":\"sl-SI\",\"potentialAction\":[{\"@type\":\"ReadAction\",\"target\":[\"https:\/\/obcina.rogatec.si\/organi-obcine\/obcinski-svet\/odbori-komisije-sveti\/\"]}]},{\"@type\":\"BreadcrumbList\",\"@id\":\"https:\/\/obcina.rogatec.si\/organi-obcine\/obcinski-svet\/odbori-komisije-sveti\/#breadcrumb\",\"itemListElement\":[{\"@type\":\"ListItem\",\"position\":1,\"name\":\"Domov\",\"item\":\"https:\/\/obcina.rogatec.si\/\"},{\"@type\":\"ListItem\",\"position\":2,\"name\":\"Organi ob\u010dine\",\"item\":\"https:\/\/obcina.rogatec.si\/organi-obcine\/\"},{\"@type\":\"ListItem\",\"position\":3,\"name\":\"Ob\u010dinski svet\",\"item\":\"https:\/\/obcina.rogatec.si\/organi-obcine\/obcinski-svet\/\"},{\"@type\":\"ListItem\",\"position\":4,\"name\":\"Odbori, komisije, sveti\"}]},{\"@type\":\"WebSite\",\"@id\":\"https:\/\/obcina.rogatec.si\/#website\",\"url\":\"https:\/\/obcina.rogatec.si\/\",\"name\":\"Ob\u010dina Rogatec\",\"description\":\"Uradni spletni portal Ob\u010dine Rogatec\",\"publisher\":{\"@id\":\"https:\/\/obcina.rogatec.si\/#organization\"},\"potentialAction\":[{\"@type\":\"SearchAction\",\"target\":{\"@type\":\"EntryPoint\",\"urlTemplate\":\"https:\/\/obcina.rogatec.si\/?s={search_term_string}\"},\"query-input\":{\"@type\":\"PropertyValueSpecification\",\"valueRequired\":true,\"valueName\":\"search_term_string\"}}],\"inLanguage\":\"sl-SI\"},{\"@type\":\"Organization\",\"@id\":\"https:\/\/obcina.rogatec.si\/#organization\",\"name\":\"Ob\u010dina Rogatec\",\"url\":\"https:\/\/obcina.rogatec.si\/\",\"logo\":{\"@type\":\"ImageObject\",\"inLanguage\":\"sl-SI\",\"@id\":\"https:\/\/obcina.rogatec.si\/#\/schema\/logo\/image\/\",\"url\":\"https:\/\/obcina.rogatec.si\/wp-content\/uploads\/2021\/01\/ObcinaRogatec_col.png\",\"contentUrl\":\"https:\/\/obcina.rogatec.si\/wp-content\/uploads\/2021\/01\/ObcinaRogatec_col.png\",\"width\":275,\"height\":100,\"caption\":\"Ob\u010dina Rogatec\"},\"image\":{\"@id\":\"https:\/\/obcina.rogatec.si\/#\/schema\/logo\/image\/\"},\"sameAs\":[\"https:\/\/www.facebook.com\/VisitRogatec\/\",\"https:\/\/www.instagram.com\/visitrogatec\/\",\"https:\/\/www.youtube.com\/channel\/UC0j4SRaLd9oSppR8hwVd5tw\"]}]}<\/script>\n<!-- \/ Yoast SEO plugin. -->","yoast_head_json":{"title":"Odbori, komisije, sveti - Ob\u010dina Rogatec","robots":{"index":"index","follow":"follow","max-snippet":"max-snippet:-1","max-image-preview":"max-image-preview:large","max-video-preview":"max-video-preview:-1"},"canonical":"https:\/\/obcina.rogatec.si\/organi-obcine\/obcinski-svet\/odbori-komisije-sveti\/","og_locale":"sl_SI","og_type":"article","og_title":"Odbori, komisije, sveti - Ob\u010dina Rogatec","og_description":"Delovna telesa ob\u010dinskega sveta Komisija za mandatna vpra\u0161anja, volitve in imenovanja Komisija predlaga kandidate za delovna telesa ob\u010dinskega sveta in druge organe, ki jih imenuje ob\u010dinski svet, pripravlja predloge za imenovanje vodstvenih delavcev v javnih zavodih in javnih podjetjih ter drugih pravnih osebah. Komisija pripravlja predloge odlo\u010ditev ob\u010dinskega sveta v zvezi s pla\u010dami in drugimi [&hellip;]","og_url":"https:\/\/obcina.rogatec.si\/organi-obcine\/obcinski-svet\/odbori-komisije-sveti\/","og_site_name":"Ob\u010dina Rogatec","article_publisher":"https:\/\/www.facebook.com\/VisitRogatec\/","article_modified_time":"2023-02-09T07:39:05+00:00","og_image":[{"width":1900,"height":1262,"url":"https:\/\/obcina.rogatec.si\/wp-content\/uploads\/2013\/10\/MUZEJ-NA-PROSTEM-ROGATEC.jpg","type":"image\/jpeg"}],"twitter_card":"summary_large_image","twitter_misc":{"Est. reading time":"6 minut"},"schema":{"@context":"https:\/\/schema.org","@graph":[{"@type":"WebPage","@id":"https:\/\/obcina.rogatec.si\/organi-obcine\/obcinski-svet\/odbori-komisije-sveti\/","url":"https:\/\/obcina.rogatec.si\/organi-obcine\/obcinski-svet\/odbori-komisije-sveti\/","name":"Odbori, komisije, sveti - Ob\u010dina Rogatec","isPartOf":{"@id":"https:\/\/obcina.rogatec.si\/#website"},"datePublished":"2013-04-07T08:43:26+00:00","dateModified":"2023-02-09T07:39:05+00:00","breadcrumb":{"@id":"https:\/\/obcina.rogatec.si\/organi-obcine\/obcinski-svet\/odbori-komisije-sveti\/#breadcrumb"},"inLanguage":"sl-SI","potentialAction":[{"@type":"ReadAction","target":["https:\/\/obcina.rogatec.si\/organi-obcine\/obcinski-svet\/odbori-komisije-sveti\/"]}]},{"@type":"BreadcrumbList","@id":"https:\/\/obcina.rogatec.si\/organi-obcine\/obcinski-svet\/odbori-komisije-sveti\/#breadcrumb","itemListElement":[{"@type":"ListItem","position":1,"name":"Domov","item":"https:\/\/obcina.rogatec.si\/"},{"@type":"ListItem","position":2,"name":"Organi ob\u010dine","item":"https:\/\/obcina.rogatec.si\/organi-obcine\/"},{"@type":"ListItem","position":3,"name":"Ob\u010dinski svet","item":"https:\/\/obcina.rogatec.si\/organi-obcine\/obcinski-svet\/"},{"@type":"ListItem","position":4,"name":"Odbori, komisije, sveti"}]},{"@type":"WebSite","@id":"https:\/\/obcina.rogatec.si\/#website","url":"https:\/\/obcina.rogatec.si\/","name":"Ob\u010dina Rogatec","description":"Uradni spletni portal Ob\u010dine Rogatec","publisher":{"@id":"https:\/\/obcina.rogatec.si\/#organization"},"potentialAction":[{"@type":"SearchAction","target":{"@type":"EntryPoint","urlTemplate":"https:\/\/obcina.rogatec.si\/?s={search_term_string}"},"query-input":{"@type":"PropertyValueSpecification","valueRequired":true,"valueName":"search_term_string"}}],"inLanguage":"sl-SI"},{"@type":"Organization","@id":"https:\/\/obcina.rogatec.si\/#organization","name":"Ob\u010dina Rogatec","url":"https:\/\/obcina.rogatec.si\/","logo":{"@type":"ImageObject","inLanguage":"sl-SI","@id":"https:\/\/obcina.rogatec.si\/#\/schema\/logo\/image\/","url":"https:\/\/obcina.rogatec.si\/wp-content\/uploads\/2021\/01\/ObcinaRogatec_col.png","contentUrl":"https:\/\/obcina.rogatec.si\/wp-content\/uploads\/2021\/01\/ObcinaRogatec_col.png","width":275,"height":100,"caption":"Ob\u010dina Rogatec"},"image":{"@id":"https:\/\/obcina.rogatec.si\/#\/schema\/logo\/image\/"},"sameAs":["https:\/\/www.facebook.com\/VisitRogatec\/","https:\/\/www.instagram.com\/visitrogatec\/","https:\/\/www.youtube.com\/channel\/UC0j4SRaLd9oSppR8hwVd5tw"]}]}},"uagb_featured_image_src":{"full":false,"thumbnail":false,"medium":false,"medium_large":false,"large":false,"1536x1536":false,"2048x2048":false,"XXS":false,"XS":false,"S":false,"M":false,"L":false,"XL":false},"uagb_author_info":{"display_name":"Ob\u010dina Rogatec","author_link":"https:\/\/obcina.rogatec.si\/author\/vedran72\/"},"uagb_comment_info":0,"uagb_excerpt":"Delovna telesa ob\u010dinskega sveta Komisija za mandatna vpra\u0161anja, volitve in imenovanja Komisija predlaga kandidate za delovna telesa ob\u010dinskega sveta in druge organe, ki jih imenuje ob\u010dinski svet, pripravlja predloge za imenovanje vodstvenih delavcev v javnih zavodih in javnih podjetjih ter drugih pravnih osebah. Komisija pripravlja predloge odlo\u010ditev ob\u010dinskega sveta v zvezi s pla\u010dami in drugimi&hellip;","_links":{"self":[{"href":"https:\/\/obcina.rogatec.si\/wp-json\/wp\/v2\/pages\/114","targetHints":{"allow":["GET"]}}],"collection":[{"href":"https:\/\/obcina.rogatec.si\/wp-json\/wp\/v2\/pages"}],"about":[{"href":"https:\/\/obcina.rogatec.si\/wp-json\/wp\/v2\/types\/page"}],"author":[{"embeddable":true,"href":"https:\/\/obcina.rogatec.si\/wp-json\/wp\/v2\/users\/1"}],"replies":[{"embeddable":true,"href":"https:\/\/obcina.rogatec.si\/wp-json\/wp\/v2\/comments?post=114"}],"version-history":[{"count":23,"href":"https:\/\/obcina.rogatec.si\/wp-json\/wp\/v2\/pages\/114\/revisions"}],"predecessor-version":[{"id":508550,"href":"https:\/\/obcina.rogatec.si\/wp-json\/wp\/v2\/pages\/114\/revisions\/508550"}],"up":[{"embeddable":true,"href":"https:\/\/obcina.rogatec.si\/wp-json\/wp\/v2\/pages\/105"}],"wp:attachment":[{"href":"https:\/\/obcina.rogatec.si\/wp-json\/wp\/v2\/media?parent=114"}],"curies":[{"name":"wp","href":"https:\/\/api.w.org\/{rel}","templated":true}]}}