{"id":107,"date":"2013-04-07T08:37:08","date_gmt":"2013-04-07T08:37:08","guid":{"rendered":"https:\/\/obcina.rogatec.si\/?page_id=107"},"modified":"2025-11-27T09:50:16","modified_gmt":"2025-11-27T08:50:16","slug":"nadzorni-odbor","status":"publish","type":"page","link":"https:\/\/obcina.rogatec.si\/organi-obcine\/nadzorni-odbor\/","title":{"rendered":"Nadzorni odbor"},"content":{"rendered":"<p><strong>Nadzorni odbor ob\u010dine je najvi\u0161ji organ nadzora javne porabe v ob\u010dini.<\/strong><\/p>\n<p>Nadzorni odbor ima v skladu z zakonom naslednje pristojnosti:<\/p>\n<ul>\n<li>opravlja nadzor nad razpolaganjem s premo\u017eenjem ob\u010dine,<\/li>\n<li>nadzoruje namenskost in smotrnost porabe sredstev ob\u010dinskega prora\u010duna,<\/li>\n<li>nadzoruje finan\u010dno poslovanje uporabnikov prora\u010dunskih sredstev.<\/li>\n<\/ul>\n<p>Nadzorni odbor v okviru svojih pristojnosti ugotavlja zakonitost in pravilnost poslovanja ob\u010dinskih organov, ob\u010dinske uprave, svetov o\u017ejih delov ob\u010dine (krajevnih, va\u0161kih ali \u010detrtnih skupnosti), javnih zavodov, javnih podjetij in ob\u010dinskih skladov ter drugih porabnikov sredstev ob\u010dinskega prora\u010duna in poobla\u0161\u010denih oseb z ob\u010dinskimi javnimi sredstvi in ob\u010dinskim premo\u017eenjem ter ocenjuje u\u010dinkovitost in gospodarnost porabe ob\u010dinskih javnih sredstev.<\/p>\n<p><b>Nadzorni odbor ob\u010dine Rogatec <\/b><strong>v mandatnem obdobju 2022 \u2013 2026 sestavljajo naslednji \u010dlani<\/strong><strong>:<\/strong><\/p>\n<ol>\n<li>Dolores Pu\u0161aver \u2013 predsednica<\/li>\n<li>Nata\u0161a Firer-\u00a0 namestnica predsednice<\/li>\n<li>Angelca \u0160ket \u2013 \u010dlanica<\/li>\n<li>Lucija Kora\u017eija \u2013 \u010dlanica<\/li>\n<li>Sabina Colnari\u010d \u2013 \u010dlanica<\/li>\n<\/ol>\n<p>&nbsp;<\/p>\n<p><a href=\"https:\/\/www.uradni-list.si\/glasilo-uradni-list-rs\/vsebina\/2018-01-1327\/statut-obcine-rogatec\">Statut Ob\u010dine Rogatec<\/a><\/p>\n<p><a href=\"https:\/\/obcina.rogatec.si\/wp-content\/uploads\/2019\/06\/Poslovnik-nadzornega-odbora.pdf\">Poslovnik nadzornega odbora<\/a><\/p>\n<p><a href=\"https:\/\/obcina.rogatec.si\/wp-content\/uploads\/2023\/06\/Program-dela-za-leto-2023-.pdf\">Program dela za leto 2023<\/a><\/p>\n<p><strong>KON\u010cNA PORO\u010cILA O OPRAVLJENIH NADZORIH<\/strong><\/p>\n<p><a href=\"https:\/\/obcina.rogatec.si\/wp-content\/uploads\/2013\/04\/Poro\u010dilo-JN-2016.pdf\">Poro\u010dilo-JN 2016<\/a><\/p>\n<p><a href=\"https:\/\/obcina.rogatec.si\/wp-content\/uploads\/2013\/04\/Poro\u010dilo-VIZ-O\u0160.pdf\">Poro\u010dilo-VIZ O\u0160<\/a><\/p>\n<p><a href=\"https:\/\/obcina.rogatec.si\/wp-content\/uploads\/2013\/04\/Poro\u010dilo-Zaklju\u010dni-ra\u010dun-2015.pdf\">Poro\u010dilo-Zaklju\u010dni ra\u010dun 2015<\/a><\/p>\n<p><a href=\"https:\/\/obcina.rogatec.si\/wp-content\/uploads\/2013\/04\/Poro\u010dilo-Zaklju\u010dni-ra\u010dun-2016.pdf\">Poro\u010dilo-Zaklju\u010dni ra\u010dun 2016<\/a><\/p>\n<p><a href=\"https:\/\/obcina.rogatec.si\/wp-content\/uploads\/2013\/04\/Poro\u010dilo-ZKTR.pdf\">Poro\u010dilo-ZKTR<\/a><\/p>\n<p><a href=\"https:\/\/obcina.rogatec.si\/wp-content\/uploads\/2021\/12\/NO-koncno-porocilo-JR-kmetijstvo.pdf\">Poro\u010dilo nadzorni odbor 2021 &#8211; JR kmetijstvo<\/a><\/p>\n<p><a href=\"https:\/\/obcina.rogatec.si\/wp-content\/uploads\/2021\/12\/Koncno-porocilo-poslovanje-Obcine-2020.pdf\">Poro\u010dilo &#8211; poslovanje Ob\u010dine 2020<\/a><\/p>\n<p><a href=\"https:\/\/obcina.rogatec.si\/wp-content\/uploads\/2023\/06\/POROCILO-JN-Izgradnja-skoraj-nic-energijskega-vrtca-v-Rogatcu.pdf\">PORO\u010cILO-JN Izgradnja skoraj ni\u010d-energijskega vrtca v Rogatcu<\/a><\/p>\n<p><a href=\"https:\/\/obcina.rogatec.si\/wp-content\/uploads\/2023\/09\/20230912141448760.pdf\">Poro\u010dilo sofinanciranje dru\u0161tev 2022<\/a><\/p>\n<p><a href=\"https:\/\/obcina.rogatec.si\/wp-content\/uploads\/2024\/02\/Porocilo-financiranje-ZKTR-za-leto-2022.pdf\">Poro\u010dilo o opravljenem nadzoru financiranja Zavoda za kulturo, turizem in razvoj Rogatec iz prora\u010duna Ob\u010dine Rogatec v letu 2022<\/a><\/p>\n<p><a href=\"https:\/\/obcina.rogatec.si\/wp-content\/uploads\/2024\/08\/doc00988020240823135215.pdf\">Poro\u010dilo o opravljenem nadzoru finan\u010dnih transferjev in njihove porabe oz. prora\u010dunskih sredstev Ob\u010dine Rogatec, kot so pomo\u010d na domu ter ostali odhodki s tega naslova<\/a><\/p>\n<p><a href=\"https:\/\/obcina.rogatec.si\/wp-content\/uploads\/2024\/12\/Porocilo-nadzor-cestne-infrastrukture-v-letu-2023.pdf\" target=\"_blank\" rel=\"noopener\">Poro\u010dilo o opravljenem nadzoru investicijskih odhodkov za podro\u010dje cestne infrastrukture v letu 2023<\/a><\/p>\n<p><a href=\"https:\/\/obcina.rogatec.si\/wp-content\/uploads\/2025\/03\/KONCNO-POROCILO-NADZOR-17102024.pdf\">Poro\u010dilo o opravljenem nadzoru porabe sredstev prora\u010duna Ob\u010dine Rogatec za leto 2023 za izvajanje dejavnosti Knji\u017enice Roga\u0161ka Slatina in za Kulturno dru\u0161tvo Anton Stefanciosa Rogatec iz naslova javnega razpisa<\/a><\/p>\n<p><a href=\"https:\/\/obcina.rogatec.si\/wp-content\/uploads\/2025\/09\/Koncno-porocilo-investicijsko-vzdrz.-stanovanj.pdf\">PORO\u010cILO O OPRAVLJENEM NADZORU PORABE SREDSTEV ZA INVESTICIJSKO VZDR\u017dEVANJE STANOVANJ V OB\u010cINI ROGATEC V LETU 2024<\/a><\/p>\n<p><a href=\"https:\/\/obcina.rogatec.si\/wp-content\/uploads\/2025\/11\/KONCNO-POROCILO-sprejeto.pdf\">Poro\u010dilo o opravljenem nadzoru porabe sredstev prora\u010duna Ob\u010dine Rogatec za leto 2024 za Mladinsko dru\u0161tvo Rogatec iz naslova javnega razpisa in Javnega razpisa za podelitev koncesije za opravljanje javne slu\u017ebe v osnovni zdravstveni dejavnosti na podro\u010dju splo\u0161ne oziroma dru\u017einske medicine v Ob\u010dini Rogatec<\/a><\/p>\n<p>&nbsp;<\/p>\n","protected":false},"excerpt":{"rendered":"<p>Nadzorni odbor ob\u010dine je najvi\u0161ji organ nadzora javne porabe v ob\u010dini. Nadzorni odbor ima v skladu z zakonom naslednje pristojnosti: opravlja nadzor nad razpolaganjem s premo\u017eenjem ob\u010dine, nadzoruje namenskost in smotrnost porabe sredstev ob\u010dinskega prora\u010duna, nadzoruje finan\u010dno poslovanje uporabnikov prora\u010dunskih sredstev. Nadzorni odbor v okviru svojih pristojnosti ugotavlja zakonitost in pravilnost poslovanja ob\u010dinskih organov, ob\u010dinske [&hellip;]<\/p>\n","protected":false},"author":1,"featured_media":0,"parent":681,"menu_order":5,"comment_status":"open","ping_status":"closed","template":"","meta":{"_uag_custom_page_level_css":"","footnotes":""},"class_list":["post-107","page","type-page","status-publish","hentry"],"yoast_head":"<!-- This site is optimized with the Yoast SEO plugin v27.2 - https:\/\/yoast.com\/product\/yoast-seo-wordpress\/ -->\n<title>Nadzorni odbor - Ob\u010dina Rogatec<\/title>\n<meta name=\"robots\" content=\"index, follow, max-snippet:-1, max-image-preview:large, max-video-preview:-1\" \/>\n<link rel=\"canonical\" href=\"https:\/\/obcina.rogatec.si\/organi-obcine\/nadzorni-odbor\/\" \/>\n<meta property=\"og:locale\" content=\"sl_SI\" \/>\n<meta property=\"og:type\" content=\"article\" \/>\n<meta property=\"og:title\" content=\"Nadzorni odbor - Ob\u010dina Rogatec\" \/>\n<meta property=\"og:description\" content=\"Nadzorni odbor ob\u010dine je najvi\u0161ji organ nadzora javne porabe v ob\u010dini. Nadzorni odbor ima v skladu z zakonom naslednje pristojnosti: opravlja nadzor nad razpolaganjem s premo\u017eenjem ob\u010dine, nadzoruje namenskost in smotrnost porabe sredstev ob\u010dinskega prora\u010duna, nadzoruje finan\u010dno poslovanje uporabnikov prora\u010dunskih sredstev. Nadzorni odbor v okviru svojih pristojnosti ugotavlja zakonitost in pravilnost poslovanja ob\u010dinskih organov, ob\u010dinske [&hellip;]\" \/>\n<meta property=\"og:url\" content=\"https:\/\/obcina.rogatec.si\/organi-obcine\/nadzorni-odbor\/\" \/>\n<meta property=\"og:site_name\" content=\"Ob\u010dina Rogatec\" \/>\n<meta property=\"article:publisher\" content=\"https:\/\/www.facebook.com\/VisitRogatec\/\" \/>\n<meta property=\"article:modified_time\" content=\"2025-11-27T08:50:16+00:00\" \/>\n<meta property=\"og:image\" content=\"https:\/\/obcina.rogatec.si\/wp-content\/uploads\/2013\/10\/MUZEJ-NA-PROSTEM-ROGATEC.jpg\" \/>\n\t<meta property=\"og:image:width\" content=\"1900\" \/>\n\t<meta property=\"og:image:height\" content=\"1262\" \/>\n\t<meta property=\"og:image:type\" content=\"image\/jpeg\" \/>\n<meta name=\"twitter:card\" content=\"summary_large_image\" \/>\n<meta name=\"twitter:label1\" content=\"Est. reading time\" \/>\n\t<meta name=\"twitter:data1\" content=\"2 minuti\" \/>\n<script type=\"application\/ld+json\" class=\"yoast-schema-graph\">{\"@context\":\"https:\/\/schema.org\",\"@graph\":[{\"@type\":\"WebPage\",\"@id\":\"https:\/\/obcina.rogatec.si\/organi-obcine\/nadzorni-odbor\/\",\"url\":\"https:\/\/obcina.rogatec.si\/organi-obcine\/nadzorni-odbor\/\",\"name\":\"Nadzorni odbor - Ob\u010dina Rogatec\",\"isPartOf\":{\"@id\":\"https:\/\/obcina.rogatec.si\/#website\"},\"datePublished\":\"2013-04-07T08:37:08+00:00\",\"dateModified\":\"2025-11-27T08:50:16+00:00\",\"breadcrumb\":{\"@id\":\"https:\/\/obcina.rogatec.si\/organi-obcine\/nadzorni-odbor\/#breadcrumb\"},\"inLanguage\":\"sl-SI\",\"potentialAction\":[{\"@type\":\"ReadAction\",\"target\":[\"https:\/\/obcina.rogatec.si\/organi-obcine\/nadzorni-odbor\/\"]}]},{\"@type\":\"BreadcrumbList\",\"@id\":\"https:\/\/obcina.rogatec.si\/organi-obcine\/nadzorni-odbor\/#breadcrumb\",\"itemListElement\":[{\"@type\":\"ListItem\",\"position\":1,\"name\":\"Domov\",\"item\":\"https:\/\/obcina.rogatec.si\/\"},{\"@type\":\"ListItem\",\"position\":2,\"name\":\"Organi ob\u010dine\",\"item\":\"https:\/\/obcina.rogatec.si\/organi-obcine\/\"},{\"@type\":\"ListItem\",\"position\":3,\"name\":\"Nadzorni odbor\"}]},{\"@type\":\"WebSite\",\"@id\":\"https:\/\/obcina.rogatec.si\/#website\",\"url\":\"https:\/\/obcina.rogatec.si\/\",\"name\":\"Ob\u010dina Rogatec\",\"description\":\"Uradni spletni portal Ob\u010dine Rogatec\",\"publisher\":{\"@id\":\"https:\/\/obcina.rogatec.si\/#organization\"},\"potentialAction\":[{\"@type\":\"SearchAction\",\"target\":{\"@type\":\"EntryPoint\",\"urlTemplate\":\"https:\/\/obcina.rogatec.si\/?s={search_term_string}\"},\"query-input\":{\"@type\":\"PropertyValueSpecification\",\"valueRequired\":true,\"valueName\":\"search_term_string\"}}],\"inLanguage\":\"sl-SI\"},{\"@type\":\"Organization\",\"@id\":\"https:\/\/obcina.rogatec.si\/#organization\",\"name\":\"Ob\u010dina Rogatec\",\"url\":\"https:\/\/obcina.rogatec.si\/\",\"logo\":{\"@type\":\"ImageObject\",\"inLanguage\":\"sl-SI\",\"@id\":\"https:\/\/obcina.rogatec.si\/#\/schema\/logo\/image\/\",\"url\":\"https:\/\/obcina.rogatec.si\/wp-content\/uploads\/2021\/01\/ObcinaRogatec_col.png\",\"contentUrl\":\"https:\/\/obcina.rogatec.si\/wp-content\/uploads\/2021\/01\/ObcinaRogatec_col.png\",\"width\":275,\"height\":100,\"caption\":\"Ob\u010dina Rogatec\"},\"image\":{\"@id\":\"https:\/\/obcina.rogatec.si\/#\/schema\/logo\/image\/\"},\"sameAs\":[\"https:\/\/www.facebook.com\/VisitRogatec\/\",\"https:\/\/www.instagram.com\/visitrogatec\/\",\"https:\/\/www.youtube.com\/channel\/UC0j4SRaLd9oSppR8hwVd5tw\"]}]}<\/script>\n<!-- \/ Yoast SEO plugin. -->","yoast_head_json":{"title":"Nadzorni odbor - Ob\u010dina Rogatec","robots":{"index":"index","follow":"follow","max-snippet":"max-snippet:-1","max-image-preview":"max-image-preview:large","max-video-preview":"max-video-preview:-1"},"canonical":"https:\/\/obcina.rogatec.si\/organi-obcine\/nadzorni-odbor\/","og_locale":"sl_SI","og_type":"article","og_title":"Nadzorni odbor - Ob\u010dina Rogatec","og_description":"Nadzorni odbor ob\u010dine je najvi\u0161ji organ nadzora javne porabe v ob\u010dini. Nadzorni odbor ima v skladu z zakonom naslednje pristojnosti: opravlja nadzor nad razpolaganjem s premo\u017eenjem ob\u010dine, nadzoruje namenskost in smotrnost porabe sredstev ob\u010dinskega prora\u010duna, nadzoruje finan\u010dno poslovanje uporabnikov prora\u010dunskih sredstev. Nadzorni odbor v okviru svojih pristojnosti ugotavlja zakonitost in pravilnost poslovanja ob\u010dinskih organov, ob\u010dinske [&hellip;]","og_url":"https:\/\/obcina.rogatec.si\/organi-obcine\/nadzorni-odbor\/","og_site_name":"Ob\u010dina Rogatec","article_publisher":"https:\/\/www.facebook.com\/VisitRogatec\/","article_modified_time":"2025-11-27T08:50:16+00:00","og_image":[{"width":1900,"height":1262,"url":"https:\/\/obcina.rogatec.si\/wp-content\/uploads\/2013\/10\/MUZEJ-NA-PROSTEM-ROGATEC.jpg","type":"image\/jpeg"}],"twitter_card":"summary_large_image","twitter_misc":{"Est. reading time":"2 minuti"},"schema":{"@context":"https:\/\/schema.org","@graph":[{"@type":"WebPage","@id":"https:\/\/obcina.rogatec.si\/organi-obcine\/nadzorni-odbor\/","url":"https:\/\/obcina.rogatec.si\/organi-obcine\/nadzorni-odbor\/","name":"Nadzorni odbor - Ob\u010dina Rogatec","isPartOf":{"@id":"https:\/\/obcina.rogatec.si\/#website"},"datePublished":"2013-04-07T08:37:08+00:00","dateModified":"2025-11-27T08:50:16+00:00","breadcrumb":{"@id":"https:\/\/obcina.rogatec.si\/organi-obcine\/nadzorni-odbor\/#breadcrumb"},"inLanguage":"sl-SI","potentialAction":[{"@type":"ReadAction","target":["https:\/\/obcina.rogatec.si\/organi-obcine\/nadzorni-odbor\/"]}]},{"@type":"BreadcrumbList","@id":"https:\/\/obcina.rogatec.si\/organi-obcine\/nadzorni-odbor\/#breadcrumb","itemListElement":[{"@type":"ListItem","position":1,"name":"Domov","item":"https:\/\/obcina.rogatec.si\/"},{"@type":"ListItem","position":2,"name":"Organi ob\u010dine","item":"https:\/\/obcina.rogatec.si\/organi-obcine\/"},{"@type":"ListItem","position":3,"name":"Nadzorni odbor"}]},{"@type":"WebSite","@id":"https:\/\/obcina.rogatec.si\/#website","url":"https:\/\/obcina.rogatec.si\/","name":"Ob\u010dina Rogatec","description":"Uradni spletni portal Ob\u010dine Rogatec","publisher":{"@id":"https:\/\/obcina.rogatec.si\/#organization"},"potentialAction":[{"@type":"SearchAction","target":{"@type":"EntryPoint","urlTemplate":"https:\/\/obcina.rogatec.si\/?s={search_term_string}"},"query-input":{"@type":"PropertyValueSpecification","valueRequired":true,"valueName":"search_term_string"}}],"inLanguage":"sl-SI"},{"@type":"Organization","@id":"https:\/\/obcina.rogatec.si\/#organization","name":"Ob\u010dina Rogatec","url":"https:\/\/obcina.rogatec.si\/","logo":{"@type":"ImageObject","inLanguage":"sl-SI","@id":"https:\/\/obcina.rogatec.si\/#\/schema\/logo\/image\/","url":"https:\/\/obcina.rogatec.si\/wp-content\/uploads\/2021\/01\/ObcinaRogatec_col.png","contentUrl":"https:\/\/obcina.rogatec.si\/wp-content\/uploads\/2021\/01\/ObcinaRogatec_col.png","width":275,"height":100,"caption":"Ob\u010dina Rogatec"},"image":{"@id":"https:\/\/obcina.rogatec.si\/#\/schema\/logo\/image\/"},"sameAs":["https:\/\/www.facebook.com\/VisitRogatec\/","https:\/\/www.instagram.com\/visitrogatec\/","https:\/\/www.youtube.com\/channel\/UC0j4SRaLd9oSppR8hwVd5tw"]}]}},"uagb_featured_image_src":{"full":false,"thumbnail":false,"medium":false,"medium_large":false,"large":false,"1536x1536":false,"2048x2048":false,"XXS":false,"XS":false,"S":false,"M":false,"L":false,"XL":false},"uagb_author_info":{"display_name":"Ob\u010dina Rogatec","author_link":"https:\/\/obcina.rogatec.si\/author\/vedran72\/"},"uagb_comment_info":0,"uagb_excerpt":"Nadzorni odbor ob\u010dine je najvi\u0161ji organ nadzora javne porabe v ob\u010dini. Nadzorni odbor ima v skladu z zakonom naslednje pristojnosti: opravlja nadzor nad razpolaganjem s premo\u017eenjem ob\u010dine, nadzoruje namenskost in smotrnost porabe sredstev ob\u010dinskega prora\u010duna, nadzoruje finan\u010dno poslovanje uporabnikov prora\u010dunskih sredstev. Nadzorni odbor v okviru svojih pristojnosti ugotavlja zakonitost in pravilnost poslovanja ob\u010dinskih organov, ob\u010dinske&hellip;","_links":{"self":[{"href":"https:\/\/obcina.rogatec.si\/wp-json\/wp\/v2\/pages\/107","targetHints":{"allow":["GET"]}}],"collection":[{"href":"https:\/\/obcina.rogatec.si\/wp-json\/wp\/v2\/pages"}],"about":[{"href":"https:\/\/obcina.rogatec.si\/wp-json\/wp\/v2\/types\/page"}],"author":[{"embeddable":true,"href":"https:\/\/obcina.rogatec.si\/wp-json\/wp\/v2\/users\/1"}],"replies":[{"embeddable":true,"href":"https:\/\/obcina.rogatec.si\/wp-json\/wp\/v2\/comments?post=107"}],"version-history":[{"count":44,"href":"https:\/\/obcina.rogatec.si\/wp-json\/wp\/v2\/pages\/107\/revisions"}],"predecessor-version":[{"id":510433,"href":"https:\/\/obcina.rogatec.si\/wp-json\/wp\/v2\/pages\/107\/revisions\/510433"}],"up":[{"embeddable":true,"href":"https:\/\/obcina.rogatec.si\/wp-json\/wp\/v2\/pages\/681"}],"wp:attachment":[{"href":"https:\/\/obcina.rogatec.si\/wp-json\/wp\/v2\/media?parent=107"}],"curies":[{"name":"wp","href":"https:\/\/api.w.org\/{rel}","templated":true}]}}