{"id":1015,"date":"2014-01-14T09:10:45","date_gmt":"2014-01-14T09:10:45","guid":{"rendered":"https:\/\/obcina.rogatec.si\/?page_id=1015"},"modified":"2023-02-21T07:45:13","modified_gmt":"2023-02-21T06:45:13","slug":"cestna-infrastruktura","status":"publish","type":"page","link":"https:\/\/obcina.rogatec.si\/obcinska-uprava\/okolje-in-prostor\/cestna-infrastruktura\/","title":{"rendered":"Cestna infrastruktura"},"content":{"rendered":"<p><strong>Cestna infrastruktura<\/strong><\/p>\n<p>Naselja v Ob\u010dini Rogatec se prometno povezujejo med seboj in navezujejo na ob\u010dinsko sredi\u0161\u010de ter na pomembnej\u0161a sredi\u0161\u010da izven ob\u010dine s cestnim in \u017eelezni\u0161kim prometnim omre\u017ejem. Temeljna smer cestnega prometnega povezovanja, ki navezuje ob\u010dino na nacionalno sredi\u0161\u010de regionalnega pomena Celje in pomembnej\u0161a zaposlitvena sredi\u0161\u010da (Roga\u0161ka Slatina, \u0160marje pri Jel\u0161ah, \u0160entjur), je prometna os zahod &#8211; vzhod, ki jo predstavlja glavna cesta GII-107 \u0160entjur \u2013 Dobovec. V smeri jug \u2013 sever prometno os predstavljata regionalni cesti RII-432 Rogatec &#8211; Maj\u0161perk in RIII-689 Rogatec \u2013 \u017detale, ki naselja v ob\u010dini navezujeta na nacionalno sredi\u0161\u010de regionalnega pomena Ptuj.<\/p>\n<p>Ostale ceste na obmo\u010dju ob\u010dine so ob\u010dinske javne ceste, ki jih delimo na lokalne ceste (LC) in javne poti (JP).<\/p>\n<p><b>Pravna podlaga:<\/b>\u00a0 Zakon o cestah (Uradni list RS, \u0161t.\u00a0<a title=\"Zakon o cestah (ZCes-2)\" href=\"http:\/\/www.uradni-list.si\/1\/objava.jsp?sop=2022-01-3113\" target=\"_blank\" rel=\"noopener\">132\/22<\/a>\u00a0in\u00a0<a title=\"Zakon o spremembah in dopolnitvah Zakona o Slovenskem dr\u017eavnem holdingu\" href=\"http:\/\/www.uradni-list.si\/1\/objava.jsp?sop=2022-01-3442\" target=\"_blank\" rel=\"noopener\">140\/22<\/a>\u00a0\u2013 ZSDH-1A)<\/p>\n<p><b>Ob\u010dinski predpisi:<\/b><\/p>\n<p>Odlok o kategorizaciji ob\u010dinskih javnih cest v Ob\u010dini Rogatec\u00a0 (Ur.list RS, \u0161t. <a href=\"https:\/\/www.uradni-list.si\/glasilo-uradni-list-rs\/vsebina\/2020-01-0859\/odlok-o-kategorizaciji-obcinskih-javnih-cest-v-obcini-rogatec\">58\/2020<\/a>, <a href=\"https:\/\/www.uradni-list.si\/glasilo-uradni-list-rs\/vsebina?urlurid=20221323\">58\/2022<\/a>)<\/p>\n<p>&nbsp;<\/p>\n<table border=\"0\" width=\"519\" cellspacing=\"0\" cellpadding=\"0\">\n<colgroup>\n<col span=\"3\" width=\"64\" \/>\n<col width=\"125\" \/>\n<col width=\"202\" \/> <\/colgroup>\n<tbody>\n<tr>\n<td colspan=\"3\" width=\"192\" height=\"28\">Kategorija<\/td>\n<td style=\"text-align: left;\" width=\"125\">\u00a0 \u0160tevilo odsekov<\/td>\n<td width=\"202\">Dol\u017eina km<\/td>\n<\/tr>\n<tr>\n<td colspan=\"3\" width=\"192\" height=\"20\">Lokalne ceste<\/td>\n<td width=\"125\">12<\/td>\n<td width=\"202\">39,200<\/td>\n<\/tr>\n<tr>\n<td colspan=\"3\" width=\"192\" height=\"28\">Lokalne zbirne mestne ali zbirne krajevne ceste<\/td>\n<td width=\"125\">4<\/td>\n<td width=\"202\">1,257<\/td>\n<\/tr>\n<tr>\n<td colspan=\"3\" width=\"192\" height=\"28\">Lokalne mestne ali krajevne krajevne ceste<\/td>\n<td width=\"125\">7<\/td>\n<td width=\"202\">0,973<\/td>\n<\/tr>\n<tr>\n<td colspan=\"3\" width=\"192\" height=\"20\">Javne poti<\/td>\n<td width=\"125\">147<\/td>\n<td width=\"202\">51,925<\/td>\n<\/tr>\n<tr>\n<td colspan=\"3\" width=\"192\" height=\"20\">Javne poti za kolesarje<\/td>\n<td width=\"125\">5<\/td>\n<td width=\"202\">1,919<\/td>\n<\/tr>\n<tr>\n<td colspan=\"3\" width=\"192\" height=\"20\"><strong>Skupaj<\/strong><\/td>\n<td width=\"125\"><strong>175<\/strong><\/td>\n<td width=\"202\"><strong>95,274<\/strong><\/td>\n<\/tr>\n<\/tbody>\n<\/table>\n<table border=\"0\" cellspacing=\"0\" cellpadding=\"0\">\n<tbody>\n<tr>\n<td valign=\"top\"><\/td>\n<td valign=\"top\"><\/td>\n<td valign=\"top\"><\/td>\n<\/tr>\n<\/tbody>\n<\/table>\n<h2><\/h2>\n<p><a href=\"https:\/\/obcina.rogatec.si\/wp-content\/uploads\/2014\/01\/20150826-Kon\u010dna-Karta-A0-Rogatec.pdf\">Karta Rogatec<\/a><\/p>\n<p>&nbsp;<\/p>\n<p>&nbsp;<\/p>\n<p>&nbsp;<\/p>\n","protected":false},"excerpt":{"rendered":"<p>Cestna infrastruktura Naselja v Ob\u010dini Rogatec se prometno povezujejo med seboj in navezujejo na ob\u010dinsko sredi\u0161\u010de ter na pomembnej\u0161a sredi\u0161\u010da izven ob\u010dine s cestnim in \u017eelezni\u0161kim prometnim omre\u017ejem. Temeljna smer cestnega prometnega povezovanja, ki navezuje ob\u010dino na nacionalno sredi\u0161\u010de regionalnega pomena Celje in pomembnej\u0161a zaposlitvena sredi\u0161\u010da (Roga\u0161ka Slatina, \u0160marje pri Jel\u0161ah, \u0160entjur), je prometna os [&hellip;]<\/p>\n","protected":false},"author":1,"featured_media":0,"parent":700,"menu_order":1,"comment_status":"closed","ping_status":"closed","template":"","meta":{"_uag_custom_page_level_css":"","footnotes":""},"class_list":["post-1015","page","type-page","status-publish","hentry"],"yoast_head":"<!-- This site is optimized with the Yoast SEO plugin v27.2 - https:\/\/yoast.com\/product\/yoast-seo-wordpress\/ -->\n<title>Cestna infrastruktura - Ob\u010dina Rogatec<\/title>\n<meta name=\"robots\" content=\"index, follow, max-snippet:-1, max-image-preview:large, max-video-preview:-1\" \/>\n<link rel=\"canonical\" href=\"https:\/\/obcina.rogatec.si\/obcinska-uprava\/okolje-in-prostor\/cestna-infrastruktura\/\" \/>\n<meta property=\"og:locale\" content=\"sl_SI\" \/>\n<meta property=\"og:type\" content=\"article\" \/>\n<meta property=\"og:title\" content=\"Cestna infrastruktura - Ob\u010dina Rogatec\" \/>\n<meta property=\"og:description\" content=\"Cestna infrastruktura Naselja v Ob\u010dini Rogatec se prometno povezujejo med seboj in navezujejo na ob\u010dinsko sredi\u0161\u010de ter na pomembnej\u0161a sredi\u0161\u010da izven ob\u010dine s cestnim in \u017eelezni\u0161kim prometnim omre\u017ejem. Temeljna smer cestnega prometnega povezovanja, ki navezuje ob\u010dino na nacionalno sredi\u0161\u010de regionalnega pomena Celje in pomembnej\u0161a zaposlitvena sredi\u0161\u010da (Roga\u0161ka Slatina, \u0160marje pri Jel\u0161ah, \u0160entjur), je prometna os [&hellip;]\" \/>\n<meta property=\"og:url\" content=\"https:\/\/obcina.rogatec.si\/obcinska-uprava\/okolje-in-prostor\/cestna-infrastruktura\/\" \/>\n<meta property=\"og:site_name\" content=\"Ob\u010dina Rogatec\" \/>\n<meta property=\"article:publisher\" content=\"https:\/\/www.facebook.com\/VisitRogatec\/\" \/>\n<meta property=\"article:modified_time\" content=\"2023-02-21T06:45:13+00:00\" \/>\n<meta property=\"og:image\" content=\"https:\/\/obcina.rogatec.si\/wp-content\/uploads\/2013\/10\/MUZEJ-NA-PROSTEM-ROGATEC.jpg\" \/>\n\t<meta property=\"og:image:width\" content=\"1900\" \/>\n\t<meta property=\"og:image:height\" content=\"1262\" \/>\n\t<meta property=\"og:image:type\" content=\"image\/jpeg\" \/>\n<meta name=\"twitter:card\" content=\"summary_large_image\" \/>\n<meta name=\"twitter:label1\" content=\"Est. reading time\" \/>\n\t<meta name=\"twitter:data1\" content=\"2 minuti\" \/>\n<script type=\"application\/ld+json\" class=\"yoast-schema-graph\">{\"@context\":\"https:\/\/schema.org\",\"@graph\":[{\"@type\":\"WebPage\",\"@id\":\"https:\/\/obcina.rogatec.si\/obcinska-uprava\/okolje-in-prostor\/cestna-infrastruktura\/\",\"url\":\"https:\/\/obcina.rogatec.si\/obcinska-uprava\/okolje-in-prostor\/cestna-infrastruktura\/\",\"name\":\"Cestna infrastruktura - Ob\u010dina Rogatec\",\"isPartOf\":{\"@id\":\"https:\/\/obcina.rogatec.si\/#website\"},\"datePublished\":\"2014-01-14T09:10:45+00:00\",\"dateModified\":\"2023-02-21T06:45:13+00:00\",\"breadcrumb\":{\"@id\":\"https:\/\/obcina.rogatec.si\/obcinska-uprava\/okolje-in-prostor\/cestna-infrastruktura\/#breadcrumb\"},\"inLanguage\":\"sl-SI\",\"potentialAction\":[{\"@type\":\"ReadAction\",\"target\":[\"https:\/\/obcina.rogatec.si\/obcinska-uprava\/okolje-in-prostor\/cestna-infrastruktura\/\"]}]},{\"@type\":\"BreadcrumbList\",\"@id\":\"https:\/\/obcina.rogatec.si\/obcinska-uprava\/okolje-in-prostor\/cestna-infrastruktura\/#breadcrumb\",\"itemListElement\":[{\"@type\":\"ListItem\",\"position\":1,\"name\":\"Domov\",\"item\":\"https:\/\/obcina.rogatec.si\/\"},{\"@type\":\"ListItem\",\"position\":2,\"name\":\"Ob\u010dinska uprava\",\"item\":\"https:\/\/obcina.rogatec.si\/obcinska-uprava\/\"},{\"@type\":\"ListItem\",\"position\":3,\"name\":\"Okolje in prostor\",\"item\":\"https:\/\/obcina.rogatec.si\/obcinska-uprava\/okolje-in-prostor\/\"},{\"@type\":\"ListItem\",\"position\":4,\"name\":\"Cestna infrastruktura\"}]},{\"@type\":\"WebSite\",\"@id\":\"https:\/\/obcina.rogatec.si\/#website\",\"url\":\"https:\/\/obcina.rogatec.si\/\",\"name\":\"Ob\u010dina Rogatec\",\"description\":\"Uradni spletni portal Ob\u010dine Rogatec\",\"publisher\":{\"@id\":\"https:\/\/obcina.rogatec.si\/#organization\"},\"potentialAction\":[{\"@type\":\"SearchAction\",\"target\":{\"@type\":\"EntryPoint\",\"urlTemplate\":\"https:\/\/obcina.rogatec.si\/?s={search_term_string}\"},\"query-input\":{\"@type\":\"PropertyValueSpecification\",\"valueRequired\":true,\"valueName\":\"search_term_string\"}}],\"inLanguage\":\"sl-SI\"},{\"@type\":\"Organization\",\"@id\":\"https:\/\/obcina.rogatec.si\/#organization\",\"name\":\"Ob\u010dina Rogatec\",\"url\":\"https:\/\/obcina.rogatec.si\/\",\"logo\":{\"@type\":\"ImageObject\",\"inLanguage\":\"sl-SI\",\"@id\":\"https:\/\/obcina.rogatec.si\/#\/schema\/logo\/image\/\",\"url\":\"https:\/\/obcina.rogatec.si\/wp-content\/uploads\/2021\/01\/ObcinaRogatec_col.png\",\"contentUrl\":\"https:\/\/obcina.rogatec.si\/wp-content\/uploads\/2021\/01\/ObcinaRogatec_col.png\",\"width\":275,\"height\":100,\"caption\":\"Ob\u010dina Rogatec\"},\"image\":{\"@id\":\"https:\/\/obcina.rogatec.si\/#\/schema\/logo\/image\/\"},\"sameAs\":[\"https:\/\/www.facebook.com\/VisitRogatec\/\",\"https:\/\/www.instagram.com\/visitrogatec\/\",\"https:\/\/www.youtube.com\/channel\/UC0j4SRaLd9oSppR8hwVd5tw\"]}]}<\/script>\n<!-- \/ Yoast SEO plugin. -->","yoast_head_json":{"title":"Cestna infrastruktura - Ob\u010dina Rogatec","robots":{"index":"index","follow":"follow","max-snippet":"max-snippet:-1","max-image-preview":"max-image-preview:large","max-video-preview":"max-video-preview:-1"},"canonical":"https:\/\/obcina.rogatec.si\/obcinska-uprava\/okolje-in-prostor\/cestna-infrastruktura\/","og_locale":"sl_SI","og_type":"article","og_title":"Cestna infrastruktura - Ob\u010dina Rogatec","og_description":"Cestna infrastruktura Naselja v Ob\u010dini Rogatec se prometno povezujejo med seboj in navezujejo na ob\u010dinsko sredi\u0161\u010de ter na pomembnej\u0161a sredi\u0161\u010da izven ob\u010dine s cestnim in \u017eelezni\u0161kim prometnim omre\u017ejem. Temeljna smer cestnega prometnega povezovanja, ki navezuje ob\u010dino na nacionalno sredi\u0161\u010de regionalnega pomena Celje in pomembnej\u0161a zaposlitvena sredi\u0161\u010da (Roga\u0161ka Slatina, \u0160marje pri Jel\u0161ah, \u0160entjur), je prometna os [&hellip;]","og_url":"https:\/\/obcina.rogatec.si\/obcinska-uprava\/okolje-in-prostor\/cestna-infrastruktura\/","og_site_name":"Ob\u010dina Rogatec","article_publisher":"https:\/\/www.facebook.com\/VisitRogatec\/","article_modified_time":"2023-02-21T06:45:13+00:00","og_image":[{"width":1900,"height":1262,"url":"https:\/\/obcina.rogatec.si\/wp-content\/uploads\/2013\/10\/MUZEJ-NA-PROSTEM-ROGATEC.jpg","type":"image\/jpeg"}],"twitter_card":"summary_large_image","twitter_misc":{"Est. reading time":"2 minuti"},"schema":{"@context":"https:\/\/schema.org","@graph":[{"@type":"WebPage","@id":"https:\/\/obcina.rogatec.si\/obcinska-uprava\/okolje-in-prostor\/cestna-infrastruktura\/","url":"https:\/\/obcina.rogatec.si\/obcinska-uprava\/okolje-in-prostor\/cestna-infrastruktura\/","name":"Cestna infrastruktura - Ob\u010dina Rogatec","isPartOf":{"@id":"https:\/\/obcina.rogatec.si\/#website"},"datePublished":"2014-01-14T09:10:45+00:00","dateModified":"2023-02-21T06:45:13+00:00","breadcrumb":{"@id":"https:\/\/obcina.rogatec.si\/obcinska-uprava\/okolje-in-prostor\/cestna-infrastruktura\/#breadcrumb"},"inLanguage":"sl-SI","potentialAction":[{"@type":"ReadAction","target":["https:\/\/obcina.rogatec.si\/obcinska-uprava\/okolje-in-prostor\/cestna-infrastruktura\/"]}]},{"@type":"BreadcrumbList","@id":"https:\/\/obcina.rogatec.si\/obcinska-uprava\/okolje-in-prostor\/cestna-infrastruktura\/#breadcrumb","itemListElement":[{"@type":"ListItem","position":1,"name":"Domov","item":"https:\/\/obcina.rogatec.si\/"},{"@type":"ListItem","position":2,"name":"Ob\u010dinska uprava","item":"https:\/\/obcina.rogatec.si\/obcinska-uprava\/"},{"@type":"ListItem","position":3,"name":"Okolje in prostor","item":"https:\/\/obcina.rogatec.si\/obcinska-uprava\/okolje-in-prostor\/"},{"@type":"ListItem","position":4,"name":"Cestna infrastruktura"}]},{"@type":"WebSite","@id":"https:\/\/obcina.rogatec.si\/#website","url":"https:\/\/obcina.rogatec.si\/","name":"Ob\u010dina Rogatec","description":"Uradni spletni portal Ob\u010dine Rogatec","publisher":{"@id":"https:\/\/obcina.rogatec.si\/#organization"},"potentialAction":[{"@type":"SearchAction","target":{"@type":"EntryPoint","urlTemplate":"https:\/\/obcina.rogatec.si\/?s={search_term_string}"},"query-input":{"@type":"PropertyValueSpecification","valueRequired":true,"valueName":"search_term_string"}}],"inLanguage":"sl-SI"},{"@type":"Organization","@id":"https:\/\/obcina.rogatec.si\/#organization","name":"Ob\u010dina Rogatec","url":"https:\/\/obcina.rogatec.si\/","logo":{"@type":"ImageObject","inLanguage":"sl-SI","@id":"https:\/\/obcina.rogatec.si\/#\/schema\/logo\/image\/","url":"https:\/\/obcina.rogatec.si\/wp-content\/uploads\/2021\/01\/ObcinaRogatec_col.png","contentUrl":"https:\/\/obcina.rogatec.si\/wp-content\/uploads\/2021\/01\/ObcinaRogatec_col.png","width":275,"height":100,"caption":"Ob\u010dina Rogatec"},"image":{"@id":"https:\/\/obcina.rogatec.si\/#\/schema\/logo\/image\/"},"sameAs":["https:\/\/www.facebook.com\/VisitRogatec\/","https:\/\/www.instagram.com\/visitrogatec\/","https:\/\/www.youtube.com\/channel\/UC0j4SRaLd9oSppR8hwVd5tw"]}]}},"uagb_featured_image_src":{"full":false,"thumbnail":false,"medium":false,"medium_large":false,"large":false,"1536x1536":false,"2048x2048":false,"XXS":false,"XS":false,"S":false,"M":false,"L":false,"XL":false},"uagb_author_info":{"display_name":"Ob\u010dina Rogatec","author_link":"https:\/\/obcina.rogatec.si\/author\/vedran72\/"},"uagb_comment_info":0,"uagb_excerpt":"Cestna infrastruktura Naselja v Ob\u010dini Rogatec se prometno povezujejo med seboj in navezujejo na ob\u010dinsko sredi\u0161\u010de ter na pomembnej\u0161a sredi\u0161\u010da izven ob\u010dine s cestnim in \u017eelezni\u0161kim prometnim omre\u017ejem. Temeljna smer cestnega prometnega povezovanja, ki navezuje ob\u010dino na nacionalno sredi\u0161\u010de regionalnega pomena Celje in pomembnej\u0161a zaposlitvena sredi\u0161\u010da (Roga\u0161ka Slatina, \u0160marje pri Jel\u0161ah, \u0160entjur), je prometna os&hellip;","_links":{"self":[{"href":"https:\/\/obcina.rogatec.si\/wp-json\/wp\/v2\/pages\/1015","targetHints":{"allow":["GET"]}}],"collection":[{"href":"https:\/\/obcina.rogatec.si\/wp-json\/wp\/v2\/pages"}],"about":[{"href":"https:\/\/obcina.rogatec.si\/wp-json\/wp\/v2\/types\/page"}],"author":[{"embeddable":true,"href":"https:\/\/obcina.rogatec.si\/wp-json\/wp\/v2\/users\/1"}],"replies":[{"embeddable":true,"href":"https:\/\/obcina.rogatec.si\/wp-json\/wp\/v2\/comments?post=1015"}],"version-history":[{"count":21,"href":"https:\/\/obcina.rogatec.si\/wp-json\/wp\/v2\/pages\/1015\/revisions"}],"predecessor-version":[{"id":508557,"href":"https:\/\/obcina.rogatec.si\/wp-json\/wp\/v2\/pages\/1015\/revisions\/508557"}],"up":[{"embeddable":true,"href":"https:\/\/obcina.rogatec.si\/wp-json\/wp\/v2\/pages\/700"}],"wp:attachment":[{"href":"https:\/\/obcina.rogatec.si\/wp-json\/wp\/v2\/media?parent=1015"}],"curies":[{"name":"wp","href":"https:\/\/api.w.org\/{rel}","templated":true}]}}